{"id":218867,"date":"2026-04-27T16:19:15","date_gmt":"2026-04-27T14:19:15","guid":{"rendered":"https:\/\/www.foment.com\/?post_type=ajde_events&#038;p=218867"},"modified":"2026-04-27T16:19:15","modified_gmt":"2026-04-27T14:19:15","slug":"la-flexibilidad-como-un-nuevo-vector-del-sector-electrico","status":"publish","type":"ajde_events","link":"https:\/\/www.foment.com\/es\/events\/la-flexibilidad-como-un-nuevo-vector-del-sector-electrico\/","title":{"rendered":"La flexibilidad como un nuevo vector del sector el\u00e9ctrico"},"content":{"rendered":"<p>Fomento del Trabajo en colaboraci\u00f3n con Endesa te invita a asistir a la jornada sobre La Flexibilidad como un nuevo vector del sector el\u00e9ctrico, que se celebrar\u00e1 el pr\u00f3ximo 12 de mayo a las 10:00h en la sede de Fomento del Trabajo.<\/p>\n<p>El sector el\u00e9ctrico altamente descarbonizado y los nuevos usos de la electricidad hacen necesario desarrollar nuevos servicios de flexibilidad para que los agentes conectados a la red adapten sus perfiles de consumo y generaci\u00f3n a las condiciones del sistema en cada momento. Esta flexibilidad se alcanza mediante herramientas como el almacenamiento de energ\u00eda, las redes inteligentes y la participaci\u00f3n activa de los consumidores.<\/p>\n<p>En esta sesi\u00f3n profundizaremos sobre los mecanismos actuales y futuros que deben beneficiar al sector empresarial. Para ello, contaremos con la ponencia de Daniel Dav\u00ed, del Departamento de Desarrollo de Nuevas Oportunidades de Negocio de Red de e-Distribuci\u00f3n Redes Digitales del Grupo Endesa, que aportar\u00e1 una visi\u00f3n clave sobre los retos y oportunidades que marcar\u00e1n el futuro del sector.<\/p>\n<p>La jornada finalizar\u00e1 con un caf\u00e9 networking, un espacio para compartir impresiones y generar nuevas oportunidades de colaboraci\u00f3n.<\/p>\n<p>Para asistir al evento es indispensable la inscripci\u00f3n previa a trav\u00e9s del siguiente enlace:<\/p>\n<p style=\"text-align: center;\">Inscripci\u00f3n al evento, <a href=\"https:\/\/www.foment.com\/inscripcions-events\/?idevento=8411B5A4-CF38-F111-88B4-7CED8D3FACC9#_msdynmkt_donottrack=0,_msdynmkt_linkid=2a656a5c-ccf7-4e8e-bbb2-498920cc339c\">aqu\u00ed<\/a><\/p>\n<p>&nbsp;<\/p>\n","protected":false},"author":9,"featured_media":218296,"menu_order":0,"comment_status":"closed","ping_status":"closed","template":"","meta":{"_links_to":"","_links_to_target":""},"tags":[],"event_type":[199],"event_type_2":[],"acf":[],"_links":{"self":[{"href":"https:\/\/www.foment.com\/es\/wp-json\/wp\/v2\/ajde_events\/218867"}],"collection":[{"href":"https:\/\/www.foment.com\/es\/wp-json\/wp\/v2\/ajde_events"}],"about":[{"href":"https:\/\/www.foment.com\/es\/wp-json\/wp\/v2\/types\/ajde_events"}],"author":[{"embeddable":true,"href":"https:\/\/www.foment.com\/es\/wp-json\/wp\/v2\/users\/9"}],"replies":[{"embeddable":true,"href":"https:\/\/www.foment.com\/es\/wp-json\/wp\/v2\/comments?post=218867"}],"wp:featuredmedia":[{"embeddable":true,"href":"https:\/\/www.foment.com\/es\/wp-json\/wp\/v2\/media\/218296"}],"wp:attachment":[{"href":"https:\/\/www.foment.com\/es\/wp-json\/wp\/v2\/media?parent=218867"}],"wp:term":[{"taxonomy":"post_tag","embeddable":true,"href":"https:\/\/www.foment.com\/es\/wp-json\/wp\/v2\/tags?post=218867"},{"taxonomy":"event_type","embeddable":true,"href":"https:\/\/www.foment.com\/es\/wp-json\/wp\/v2\/event_type?post=218867"},{"taxonomy":"event_type_2","embeddable":true,"href":"https:\/\/www.foment.com\/es\/wp-json\/wp\/v2\/event_type_2?post=218867"}],"curies":[{"name":"wp","href":"https:\/\/api.w.org\/{rel}","templated":true}]}}

La flexibilidad como un nuevo vector del sector eléctrico

<p>Fomento del Trabajo en colaboración con Endesa te invita a asistir a la jornada sobre La Flexibilidad como un nuevo vector del sector eléctrico, que se celebrará el próximo 12 de mayo a las 10:00h en la sede de Fomento del Trabajo.</p>
<p>El sector eléctrico altamente descarbonizado y los nuevos usos de la electricidad hacen necesario desarrollar nuevos servicios de flexibilidad para que los agentes conectados a la red adapten sus perfiles de consumo y generación a las condiciones del sistema en cada momento. Esta flexibilidad se alcanza mediante herramientas como el almacenamiento de energía, las redes inteligentes y la participación activa de los consumidores.</p>
<p>En esta sesión profundizaremos sobre los mecanismos actuales y futuros que deben beneficiar al sector empresarial. Para ello, contaremos con la ponencia de Daniel Daví, del Departamento de Desarrollo de Nuevas Oportunidades de Negocio de Red de e-Distribución Redes Digitales del Grupo Endesa, que aportará una visión clave sobre los retos y oportunidades que marcarán el futuro del sector.</p>
<p>La jornada finalizará con un café networking, un espacio para compartir impresiones y generar nuevas oportunidades de colaboración.</p>
<p>Para asistir al evento es indispensable la inscripción previa a través del siguiente enlace:</p>
<p style="text-align: center;">Inscripción al evento, <a href="https://www.foment.com/inscripcions-events/?idevento=8411B5A4-CF38-F111-88B4-7CED8D3FACC9#_msdynmkt_donottrack=0,_msdynmkt_linkid=2a656a5c-ccf7-4e8e-bbb2-498920cc339c">aquí</a></p>
<p>&nbsp;</p>
