{"id":219214,"date":"2026-04-30T17:40:02","date_gmt":"2026-04-30T15:40:02","guid":{"rendered":"https:\/\/www.foment.com\/events\/creixement-empresarial-i-bons-llocs-de-treball-davant-loportunitat-de-la-transicio-energetica-sessio-ii\/"},"modified":"2026-04-30T18:18:32","modified_gmt":"2026-04-30T16:18:32","slug":"creixement-empresarial-i-bons-llocs-de-treball-davant-loportunitat-de-la-transicio-energetica-sessio-ii","status":"publish","type":"ajde_events","link":"https:\/\/www.foment.com\/es\/events\/creixement-empresarial-i-bons-llocs-de-treball-davant-loportunitat-de-la-transicio-energetica-sessio-ii\/","title":{"rendered":"Crecimiento Empresarial y Buenos Empleos: Ante la oportunidad de la transici\u00f3n energ\u00e9tica \u2013 Sesi\u00f3n II"},"content":{"rendered":"<section class=\"wpb-content-wrapper\"><p>[vc_row][vc_column width=\u00bb1\/1&#8243;]<div class=\"spacer\" style=\"height: 15px;\"><\/div>[vc_btn title=\u00bbInscripci\u00f3n\u00bb shape=\u00bbsquare\u00bb color=\u00bbdanger\u00bb align=\u00bbcenter\u00bb button_block=\u00bbtrue\u00bb link=\u00bburl:https%3A%2F%2Fwww.foment.com%2Fes%2Finscripciones-eventos%2F%3Fidevento%3DDB630FB9-E542-F111-88B4-000D3ADCC77A\u00bb][vc_column_text]<span style=\"font-family: verdana, geneva, sans-serif; font-size: 13px;\">Desde el <strong>Instituto de Estudios Estrat\u00e9gicos<\/strong>, el <em>think tank<\/em> de Foment del Treball, pretendemos constituirnos como un espacio de encuentro, debate y elaboraci\u00f3n de propuestas para una mayor generaci\u00f3n de buenos empleos.<\/span><\/p>\n<p><span style=\"font-family: verdana, geneva, sans-serif; font-size: 13px;\">El trabajo digno al alcance de todos es el primer elemento legitimador del buen capitalismo y el sustento indispensable de la democracia parlamentaria. Acercar a todos los ciudadanos la posibilidad de un buen empleo, entendido como aquel que es sin\u00f3nimo de suficiencia y dignidad, que ofrece la posibilidad de vislumbrar y confiar en un futuro estable de trabajo y decencia. A\u00fan estamos lejos de ello, pues para mejorar la calidad del empleo son necesarios cambios estructurales y estrat\u00e9gicos.<\/span><\/p>\n<p><span style=\"font-family: verdana, geneva, sans-serif; font-size: 13px;\">Por este motivo, hemos creado el marco de trabajo <strong>\u201cCrecimiento Empresarial y Buenos Empleos\u201d<\/strong> y, dentro de \u00e9l, un ciclo de sesiones de debate bajo el t\u00edtulo <strong>\u201cAnte la oportunidad de la transici\u00f3n energ\u00e9tica\u201d<\/strong>, con el objetivo de analizar c\u00f3mo el cambio hacia un nuevo modelo energ\u00e9tico puede convertirse en una palanca para generar ocupaci\u00f3n de calidad y reforzar la cohesi\u00f3n social.<\/span><\/p>\n<p><span style=\"font-family: verdana, geneva, sans-serif; font-size: 13px;\">Tras una primera sesi\u00f3n de debate titulada <em>\u201cUn nuevo modelo energ\u00e9tico como fuente de buenos empleos: del carb\u00f3n a la energ\u00eda verde\u201d<\/em>, en la que se reflexion\u00f3 sobre el impacto de la transici\u00f3n energ\u00e9tica en el mercado laboral y las oportunidades asociadas al desarrollo de las energ\u00edas renovables, esta segunda sesi\u00f3n abordar\u00e1 la <strong>\u201cAlianzas para la transici\u00f3n energ\u00e9tica: administraci\u00f3n, empresa y formaci\u00f3n\u201d<\/strong>. Contaremos con la participaci\u00f3n de <strong>Cristina Monge<\/strong> y <strong>Mar\u00eda Jos\u00e9 S\u00e1nchez<\/strong>. La jornada ser\u00e1 moderada por <strong>Virgina Guinda<\/strong>.<\/span><\/p>\n<p><span style=\"font-family: verdana, geneva, sans-serif; font-size: 13px;\">Se analizar\u00e1 c\u00f3mo las administraciones p\u00fablicas, las empresas del sector energ\u00e9tico y el sistema educativo pueden trabajar de manera coordinada para garantizar que la transici\u00f3n energ\u00e9tica se desarrolle de forma inclusiva y equilibrada. Se pondr\u00e1 el foco en la generaci\u00f3n de empleo accesible para todos los colectivos, especialmente los m\u00e1s vulnerables, as\u00ed como en la necesidad de adaptar las competencias profesionales a las nuevas demandas del mercado de trabajo, asegurando una transici\u00f3n que combine competitividad econ\u00f3mica y equidad social.<\/span><\/p>\n<p>&nbsp;<\/p>\n<p style=\"text-align: center;\"><span style=\"font-size: 12pt;\"><strong><span style=\"font-family: verdana, geneva, sans-serif;\">PROGRAMA<\/span><\/strong><\/span><\/p>\n<p><span style=\"font-family: verdana, geneva, sans-serif; font-size: 10pt;\">18.30\u202fh Bienvenida a cargo del <strong>Sr. Jordi Alberich<\/strong>, vicepresidente coordinador del Instituto de Estudios Estrat\u00e9gicos. <\/span><\/p>\n<p><span style=\"font-family: verdana, geneva, sans-serif; font-size: 10pt;\">18.45\u202fh Sesi\u00f3n de debate <strong>\u00abAlianzas para la transici\u00f3n energ\u00e9tica: administraci\u00f3n, empresa y formaci\u00f3n\u00bb<\/strong> moderada por la <strong>Sra. Virgina Guinda<\/strong>, vicepresidenta y presidenta de la Comisi\u00f3n de Energ\u00eda de Foment del Treball, con:<\/span><\/p>\n<ul>\n<li><span style=\"font-family: verdana, geneva, sans-serif; font-size: 10pt;\"><strong>Sra. <span style=\"font-family: verdana, geneva, sans-serif; font-size: 13px;\">Cristina Monge<\/span><\/strong>, analista y profesora de ciencia pol\u00edtica y sociolog\u00eda. Presidenta de M\u00e1s Democracia.<\/span><\/li>\n<li><span style=\"font-family: verdana, geneva, sans-serif; font-size: 10pt;\"> <strong>Sra. <span style=\"font-family: verdana, geneva, sans-serif; font-size: 13px;\">Mar\u00eda Jos\u00e9 S\u00e1nchez<\/span><\/strong>, directora de Diversidad, Cultura y Liderazgo de Naturgy.<\/span><\/li>\n<\/ul>\n<p><span style=\"font-family: verdana, geneva, sans-serif; font-size: 10pt;\">20:00 h Aperitivo.<\/span>[\/vc_column_text][\/vc_column][\/vc_row][vc_row][vc_column width=\u00bb1\/1&#8243;][vc_column_text]<span style=\"font-size: 12pt;\"><strong><span style=\"font-family: verdana, geneva, sans-serif;\">Organitza:<\/span><\/strong><\/span>[\/vc_column_text][vc_column_text]<a href=\"https:\/\/www.foment.com\/wp-content\/uploads\/2023\/05\/LOGO_FOMENT-01-1.png\"><img loading=\"lazy\" class=\"alignnone wp-image-164611\" src=\"https:\/\/www.foment.com\/wp-content\/uploads\/2023\/05\/LOGO_FOMENT-01-1-300x150.png\" alt=\"\" width=\"262\" height=\"131\" \/><\/a><a href=\"https:\/\/www.foment.com\/wp-content\/uploads\/2024\/10\/Naturgy.png\"><img loading=\"lazy\" class=\"alignnone wp-image-191450\" src=\"https:\/\/www.foment.com\/wp-content\/uploads\/2024\/10\/Naturgy-300x73.png\" alt=\"\" width=\"239\" height=\"58\" srcset=\"https:\/\/www.foment.com\/wp-content\/uploads\/2024\/10\/Naturgy-300x73.png 300w, https:\/\/www.foment.com\/wp-content\/uploads\/2024\/10\/Naturgy.png 768w\" sizes=\"(max-width: 239px) 100vw, 239px\" \/><\/a>[\/vc_column_text][\/vc_column][\/vc_row][vc_column width=\u00bb1\/4&#8243;][\/vc_column][vc_column width=\u00bb1\/4&#8243;][\/vc_column][vc_column width=\u00bb1\/4&#8243;][\/vc_column][vc_column width=\u00bb1\/4&#8243;][\/vc_column]<\/p>\n<\/section>","protected":false},"author":25,"featured_media":219216,"menu_order":0,"comment_status":"closed","ping_status":"closed","template":"","meta":{"_links_to":"","_links_to_target":""},"tags":[8226,8228],"event_type":[590],"event_type_2":[],"acf":[],"_links":{"self":[{"href":"https:\/\/www.foment.com\/es\/wp-json\/wp\/v2\/ajde_events\/219214"}],"collection":[{"href":"https:\/\/www.foment.com\/es\/wp-json\/wp\/v2\/ajde_events"}],"about":[{"href":"https:\/\/www.foment.com\/es\/wp-json\/wp\/v2\/types\/ajde_events"}],"author":[{"embeddable":true,"href":"https:\/\/www.foment.com\/es\/wp-json\/wp\/v2\/users\/25"}],"replies":[{"embeddable":true,"href":"https:\/\/www.foment.com\/es\/wp-json\/wp\/v2\/comments?post=219214"}],"wp:featuredmedia":[{"embeddable":true,"href":"https:\/\/www.foment.com\/es\/wp-json\/wp\/v2\/media\/219216"}],"wp:attachment":[{"href":"https:\/\/www.foment.com\/es\/wp-json\/wp\/v2\/media?parent=219214"}],"wp:term":[{"taxonomy":"post_tag","embeddable":true,"href":"https:\/\/www.foment.com\/es\/wp-json\/wp\/v2\/tags?post=219214"},{"taxonomy":"event_type","embeddable":true,"href":"https:\/\/www.foment.com\/es\/wp-json\/wp\/v2\/event_type?post=219214"},{"taxonomy":"event_type_2","embeddable":true,"href":"https:\/\/www.foment.com\/es\/wp-json\/wp\/v2\/event_type_2?post=219214"}],"curies":[{"name":"wp","href":"https:\/\/api.w.org\/{rel}","templated":true}]}}

Crecimiento Empresarial y Buenos Empleos: Ante la oportunidad de la transición energética – Sesión II

<section class="wpb-content-wrapper"><p>[vc_row][vc_column width=»1/1&#8243;]<div class="spacer" style="height: 15px;"></div>[vc_btn title=»Inscripción» shape=»square» color=»danger» align=»center» button_block=»true» link=»url:https%3A%2F%2Fwww.foment.com%2Fes%2Finscripciones-eventos%2F%3Fidevento%3DDB630FB9-E542-F111-88B4-000D3ADCC77A»][vc_column_text]<span style="font-family: verdana, geneva, sans-serif; font-size: 13px;">Desde el <strong>Instituto de Estudios Estratégicos</strong>, el <em>think tank</em> de Foment del Treball, pretendemos constituirnos como un espacio de encuentro, debate y elaboración de propuestas para una mayor generación de buenos empleos.</span></p>
<p><span style="font-family: verdana, geneva, sans-serif; font-size: 13px;">El trabajo digno al alcance de todos es el primer elemento legitimador del buen capitalismo y el sustento indispensable de la democracia parlamentaria. Acercar a todos los ciudadanos la posibilidad de un buen empleo, entendido como aquel que es sinónimo de suficiencia y dignidad, que ofrece la posibilidad de vislumbrar y confiar en un futuro estable de trabajo y decencia. Aún estamos lejos de ello, pues para mejorar la calidad del empleo son necesarios cambios estructurales y estratégicos.</span></p>
<p><span style="font-family: verdana, geneva, sans-serif; font-size: 13px;">Por este motivo, hemos creado el marco de trabajo <strong>“Crecimiento Empresarial y Buenos Empleos”</strong> y, dentro de él, un ciclo de sesiones de debate bajo el título <strong>“Ante la oportunidad de la transición energética”</strong>, con el objetivo de analizar cómo el cambio hacia un nuevo modelo energético puede convertirse en una palanca para generar ocupación de calidad y reforzar la cohesión social.</span></p>
<p><span style="font-family: verdana, geneva, sans-serif; font-size: 13px;">Tras una primera sesión de debate titulada <em>“Un nuevo modelo energético como fuente de buenos empleos: del carbón a la energía verde”</em>, en la que se reflexionó sobre el impacto de la transición energética en el mercado laboral y las oportunidades asociadas al desarrollo de las energías renovables, esta segunda sesión abordará la <strong>“Alianzas para la transición energética: administración, empresa y formación”</strong>. Contaremos con la participación de <strong>Cristina Monge</strong> y <strong>María José Sánchez</strong>. La jornada será moderada por <strong>Virgina Guinda</strong>.</span></p>
<p><span style="font-family: verdana, geneva, sans-serif; font-size: 13px;">Se analizará cómo las administraciones públicas, las empresas del sector energético y el sistema educativo pueden trabajar de manera coordinada para garantizar que la transición energética se desarrolle de forma inclusiva y equilibrada. Se pondrá el foco en la generación de empleo accesible para todos los colectivos, especialmente los más vulnerables, así como en la necesidad de adaptar las competencias profesionales a las nuevas demandas del mercado de trabajo, asegurando una transición que combine competitividad económica y equidad social.</span></p>
<p>&nbsp;</p>
<p style="text-align: center;"><span style="font-size: 12pt;"><strong><span style="font-family: verdana, geneva, sans-serif;">PROGRAMA</span></strong></span></p>
<p><span style="font-family: verdana, geneva, sans-serif; font-size: 10pt;">18.30 h Bienvenida a cargo del <strong>Sr. Jordi Alberich</strong>, vicepresidente coordinador del Instituto de Estudios Estratégicos. </span></p>
<p><span style="font-family: verdana, geneva, sans-serif; font-size: 10pt;">18.45 h Sesión de debate <strong>«Alianzas para la transición energética: administración, empresa y formación»</strong> moderada por la <strong>Sra. Virgina Guinda</strong>, vicepresidenta y presidenta de la Comisión de Energía de Foment del Treball, con:</span></p>
<ul>
<li><span style="font-family: verdana, geneva, sans-serif; font-size: 10pt;"><strong>Sra. <span style="font-family: verdana, geneva, sans-serif; font-size: 13px;">Cristina Monge</span></strong>, analista y profesora de ciencia política y sociología. Presidenta de Más Democracia.</span></li>
<li><span style="font-family: verdana, geneva, sans-serif; font-size: 10pt;"> <strong>Sra. <span style="font-family: verdana, geneva, sans-serif; font-size: 13px;">María José Sánchez</span></strong>, directora de Diversidad, Cultura y Liderazgo de Naturgy.</span></li>
</ul>
<p><span style="font-family: verdana, geneva, sans-serif; font-size: 10pt;">20:00 h Aperitivo.</span>[/vc_column_text][/vc_column][/vc_row][vc_row][vc_column width=»1/1&#8243;][vc_column_text]<span style="font-size: 12pt;"><strong><span style="font-family: verdana, geneva, sans-serif;">Organitza:</span></strong></span>[/vc_column_text][vc_column_text]<a href="https://www.foment.com/wp-content/uploads/2023/05/LOGO_FOMENT-01-1.png"><img loading="lazy" class="alignnone wp-image-164611" src="https://www.foment.com/wp-content/uploads/2023/05/LOGO_FOMENT-01-1-300x150.png" alt="" width="262" height="131" /></a><a href="https://www.foment.com/wp-content/uploads/2024/10/Naturgy.png"><img loading="lazy" class="alignnone wp-image-191450" src="https://www.foment.com/wp-content/uploads/2024/10/Naturgy-300x73.png" alt="" width="239" height="58" srcset="https://www.foment.com/wp-content/uploads/2024/10/Naturgy-300x73.png 300w, https://www.foment.com/wp-content/uploads/2024/10/Naturgy.png 768w" sizes="(max-width: 239px) 100vw, 239px" /></a>[/vc_column_text][/vc_column][/vc_row][vc_column width=»1/4&#8243;][/vc_column][vc_column width=»1/4&#8243;][/vc_column][vc_column width=»1/4&#8243;][/vc_column][vc_column width=»1/4&#8243;][/vc_column]</p>
</section>
