{"id":31562,"date":"2017-03-13T16:22:20","date_gmt":"2017-03-13T15:22:20","guid":{"rendered":"http:\/\/www.foment.com\/es\/?post_type=ajde_events&#038;p=31562"},"modified":"2017-04-24T16:01:43","modified_gmt":"2017-04-24T14:01:43","slug":"save-the-date-fiesta-primavera-foro-rrhh","status":"publish","type":"ajde_events","link":"https:\/\/www.foment.com\/es\/events\/save-the-date-fiesta-primavera-foro-rrhh\/","title":{"rendered":"Fiesta de la Primavera del Foro RRHH"},"content":{"rendered":"<section class=\"wpb-content-wrapper\"><p>[vc_row][vc_column][vc_column_text]<\/p>\n<p style=\"text-align: center;\">[\/vc_column_text][\/vc_column][\/vc_row][vc_row][vc_column][vc_column_text]<\/p>\n<h3 style=\"text-align: center;\"><span style=\"color: #ff0000;\"><strong>La humanizaci\u00f3n de las empresas\u00a0<\/strong><strong>a trav\u00e9s del arte<\/strong><\/span><\/h3>\n<p>&nbsp;<\/p>\n<p style=\"text-align: center;\">\u00bfPueden el arte y la cultura influir en nuestra manera de trabajar\u00a0y en los resultados de las empresas?<\/p>\n<p style=\"text-align: center;\">Dec\u00eda Picasso que \u201c<em>en el arte<\/em> <em>quien aprende las reglas como un profesional puede romperlas como un artista<\/em>\u201d. \u00a1Y nosotros vamos a romper unas cuantas!<\/p>\n<p style=\"text-align: center;\">El arte y la cultura inspiran, vinculan y movilizan. Son una poderosa herramienta transformadora para cualquier organizaci\u00f3n. En la Fiesta de la Primavera 2017 descubriremos como todo ello es posible de la mano de los artistas y sus talleres.<\/p>\n<p style=\"text-align: center;\"><strong>\u00a1Te esperamos!<\/strong><\/p>\n<p style=\"text-align: left;\"><strong><span style=\"color: #ff0000;\">PROGRAMA<\/span><\/strong><\/p>\n<p><strong>18.00 h. \u00a0 \u00a0 \u00a0Inauguraci\u00f3n <\/strong><\/p>\n<p><strong>Juan Pujol, <\/strong>Secretario General de Foment del Treball<\/p>\n<p><strong>Beatriz Vila, <\/strong>Presidenta del Foro RRHH<\/p>\n<p><strong>18.15 h. \u00a0 \u00a0 \u00a0Entrega de premios del Foro RRHH a cargo de: <\/strong><\/p>\n<p><strong>M\u00aa \u00c1ngeles Tejada, <\/strong>Directora General Public Affairs de Randstad<\/p>\n<p><strong>18.45 h. \u00a0 \u00a0 \u00a0CultHunting, cultura para transformar <\/strong><\/p>\n<p><strong>Cristina Salvador<\/strong>, fundadora de aPortada y CultHunting<\/p>\n<p><strong>19.00 h. \u00a0 \u00a0 \u00a0Presentaci\u00f3n de los artistas <\/strong><\/p>\n<p><strong>19.20 h. \u00a0 \u00a0 \u00a0Talleres <\/strong><\/p>\n<p><strong>20.30 h. \u00a0 \u00a0 \u00a0Clausura y C\u00f3ctel <\/strong>[\/vc_column_text][vc_column_text]<\/p>\n<p style=\"text-align: left;\"><strong>\u00a0 \u00a0 \u00a0 \u00a0 \u00a0 \u00a0 \u00a0 \u00a0 \u00a0 \u00a0 \u00a0 \u00a0 \u00a0 \u00a0 \u00a0 \u00a0 \u00a0 \u00a0 \u00a0 \u00a0 \u00a0 \u00a0 \u00a0Con el patrocinio de: \u00a0 \u00a0 \u00a0 \u00a0 \u00a0 \u00a0 \u00a0 \u00a0 \u00a0 \u00a0 \u00a0 \u00a0 \u00a0 \u00a0 \u00a0 \u00a0 \u00a0 \u00a0 \u00a0 \u00a0 \u00a0 \u00a0 \u00a0 \u00a0 \u00a0 \u00a0 \u00a0 \u00a0 \u00a0 \u00a0 \u00a0 \u00a0 \u00a0 \u00a0 \u00a0 \u00a0 \u00a0 \u00a0 \u00a0 Con la colaboraci\u00f3n de:\u00a0<\/strong><\/p>\n<p>[\/vc_column_text][\/vc_column][\/vc_row][vc_row][vc_column width=\u00bb1\/6&#8243;][\/vc_column][vc_column width=\u00bb1\/6&#8243;]<div class=\"single_image wpb_content_element align-center   image_tilt \" data-animation=\"none\" data-delay=\"0\"><a href=\"https:\/\/www.randstad.es\/\" target=\"_self\"><img width=\"150\" height=\"150\" src=\"https:\/\/www.foment.com\/wp-content\/uploads\/2016\/09\/randstad-150x150.jpeg\" class=\"attachment-thumbnail\" alt=\"\" loading=\"lazy\" title=\"randstad\" srcset=\"https:\/\/www.foment.com\/wp-content\/uploads\/2016\/09\/randstad-150x150.jpeg 150w, https:\/\/www.foment.com\/wp-content\/uploads\/2016\/09\/randstad-300x300.jpeg 300w, https:\/\/www.foment.com\/wp-content\/uploads\/2016\/09\/randstad-80x80.jpeg 80w, https:\/\/www.foment.com\/wp-content\/uploads\/2016\/09\/randstad.jpeg 400w\" sizes=\"(max-width: 150px) 100vw, 150px\" \/><\/a><\/div>[\/vc_column][vc_column width=\u00bb1\/6&#8243;][\/vc_column][vc_column width=\u00bb1\/6&#8243;]<div class=\"spacer\" style=\"height: 20px;\"><\/div><div class=\"single_image wpb_content_element align-center   image_tilt \" data-animation=\"none\" data-delay=\"0\"><a href=\"http:\/\/www.estrelladamm.com\/cat\/\" target=\"_blank\"><img width=\"150\" height=\"113\" src=\"https:\/\/www.foment.com\/wp-content\/uploads\/2017\/03\/ED-BM-ComSobreRojo3T_.jpg\" class=\"attachment-thumbnail\" alt=\"\" loading=\"lazy\" title=\"ED BM ComSobreRojo3T_\" \/><\/a><\/div>[\/vc_column][vc_column width=\u00bb1\/6&#8243;]<div class=\"spacer\" style=\"height: 20px;\"><\/div><div class=\"spacer\" style=\"height: 15px;\"><\/div><div class=\"single_image wpb_content_element align-center   image_tilt \" data-animation=\"none\" data-delay=\"0\"><a href=\"http:\/\/www.culthunting.com\/\" target=\"_blank\"><img width=\"150\" height=\"94\" src=\"https:\/\/www.foment.com\/wp-content\/uploads\/2017\/03\/culthunting_banner.png\" class=\"attachment-thumbnail\" alt=\"\" loading=\"lazy\" title=\"culthunting_banner\" \/><\/a><\/div>[\/vc_column][vc_column width=\u00bb1\/6&#8243;][\/vc_column][\/vc_row][vc_row][vc_column width=\u00bb1\/1&#8243;]<div class=\"spacer\" style=\"height: 65px;\"><\/div>[vc_column_text]<\/p>\n<h3 style=\"text-align: center;\">ARTISTAS Y TALLERES<\/h3>\n<p>[\/vc_column_text][\/vc_column][\/vc_row][vc_row][vc_column width=\u00bb1\/3&#8243;]<div class=\"single_image wpb_content_element align-center   image_tilt \" data-animation=\"none\" data-delay=\"0\"><img width=\"180\" height=\"134\" src=\"https:\/\/www.foment.com\/wp-content\/uploads\/2017\/03\/maria-c.png\" class=\"attachment-full\" alt=\"\" loading=\"lazy\" title=\"maria c\" \/><\/div>[vc_column_text]<\/p>\n<p style=\"text-align: center;\"><strong>Maria Calvet<\/strong><\/p>\n<p style=\"text-align: center;\"><strong><em>Graphic Recorder<\/em><\/strong> que ha trabajado para numerosas empresas de \u00e1mbito nacional e internacional. Maria se form\u00f3 en esta disciplina en Londres y, en paralelo, se diplom\u00f3 en educaci\u00f3n social en Barcelona. \u00bfSu especializaci\u00f3n? Las artes aplicadas a din\u00e1micas de grupo.<\/p>\n<p style=\"text-align: center;\">Aprenderemos a realizar un <em>graphic recording <\/em>conociendo sus herramientas y pautas as\u00ed como aspectos clave <strong>para pensar en im\u00e1genes con el f\u00edn de incrementar la retentiva<\/strong> en un mundo cada vez m\u00e1s enfocado al <em>visual thinking.<\/em> Una forma de comunicar f\u00e1cil, elegante e intu\u00eftiva.<\/p>\n<p>[\/vc_column_text][\/vc_column][vc_column width=\u00bb1\/3&#8243;]<div class=\"single_image wpb_content_element align-center    \" data-animation=\"none\" data-delay=\"0\"><img width=\"176\" height=\"136\" src=\"https:\/\/www.foment.com\/wp-content\/uploads\/2017\/03\/MAR.png\" class=\"attachment-full\" alt=\"\" loading=\"lazy\" title=\"MAR\" \/><\/div>[vc_column_text]<\/p>\n<p style=\"text-align: center;\"><strong>Marta de Los P\u00e1jaros<\/strong><\/p>\n<p style=\"text-align: center;\">Las bellas artes, la educaci\u00f3n y el dise\u00f1o son sus parcelas vitales. Marta presenta el <strong><em>collage<\/em> como medio de comunicaci\u00f3n disruptivo dentro del marco empresarial,<\/strong> siendo capaz de mejorar las relaciones de la entidad tanto a nivel de comunicaci\u00f3n interna como entre su equipo humano.<\/p>\n<p style=\"text-align: center;\">En el taller trabajaremos en la elaboraci\u00f3n de un relato que refleje los valores de los recursos humanos en el \u00e1mbito empresarial mediante la t\u00e9cnica del <em>collage.<\/em> La actividad requiere del intercambio de ideas y participaci\u00f3n activa de todos los asistentes que partir\u00e1n de la selecci\u00f3n individual de im\u00e1genes hasta la puesta en com\u00fan y creaci\u00f3n colectiva de la obra<\/p>\n<p>[\/vc_column_text][\/vc_column][vc_column width=\u00bb1\/3&#8243;]<div class=\"single_image wpb_content_element align-center    \" data-animation=\"none\" data-delay=\"0\"><img width=\"174\" height=\"131\" src=\"https:\/\/www.foment.com\/wp-content\/uploads\/2017\/03\/JL-2.png\" class=\"attachment-full\" alt=\"\" loading=\"lazy\" title=\"JL\" \/><\/div>[vc_column_text]<\/p>\n<p style=\"text-align: center;\"><strong>Jos\u00e9 Luis Adserias<\/strong><\/p>\n<p style=\"text-align: center;\">Actor especializado en la <strong>improvisaci\u00f3n<\/strong>, campo donde cuenta con m\u00e1s de 19 a\u00f1os de trayectoria. Desde 2001 dirige y entrena a la compa\u00f1\u00eda Planeta Impro. Adem\u00e1s imparte talleres a nivel internacional y nacional y es fundador de ITC Barcelona, centro de entrenamiento continuado en improvisaci\u00f3n.<\/p>\n<p style=\"text-align: center;\">Trabajaremos la <strong>cooperaci\u00f3n interpersonal<\/strong> a trav\u00e9s de la improvisaci\u00f3n teatral y las ideas. En este taller se desarrollar\u00e1n herramientas de comunicaci\u00f3n y escucha encaminadas a fomentar el trabajo en equipo desde din\u00e1micas que fomentar\u00e1n el factor sorpresa, la diversi\u00f3n y las emociones<\/p>\n<p>[\/vc_column_text][\/vc_column][\/vc_row][vc_row][vc_column width=\u00bb1\/3&#8243;]<div class=\"single_image wpb_content_element align-center    \" data-animation=\"none\" data-delay=\"0\"><img width=\"176\" height=\"129\" src=\"https:\/\/www.foment.com\/wp-content\/uploads\/2017\/03\/IN.png\" class=\"attachment-full\" alt=\"\" loading=\"lazy\" title=\"IN\" \/><\/div>[vc_column_text]<\/p>\n<p style=\"text-align: center;\"><strong>In\u00e9s Bebea<\/strong><\/p>\n<p style=\"text-align: center;\">Ingeniera en telecomunicaciones, educadora y actriz social formada por el Teatro de la Escucha. A\u00fana <strong>tecnolog\u00eda y digitalizaci\u00f3n<\/strong> con <strong>arte y humanizaci\u00f3n<\/strong>, una idea que culmina en su proyecto Ondula y la convivencia de las nuevas tecnolog\u00edas desde la persona como elemento central.<\/p>\n<p style=\"text-align: center;\">Haremos una <strong>mirada interior<\/strong> prescindiendo de la vista, uno de nuestros principales sentidos. Gracias a esto conoceremos nuevas formas de relacionarnos con nuestro entorno. En un contexto caracterizado por la rapidez y los cambios constantes, la din\u00e1mica nos ense\u00f1ar\u00e1 a gestionar nuestras emociones y mejorar nuestras capacidades a la hora de gestionar situaciones de estr\u00e9s.<\/p>\n<p>[\/vc_column_text][\/vc_column][vc_column width=\u00bb1\/3&#8243;]<div class=\"single_image wpb_content_element align-center    \" data-animation=\"none\" data-delay=\"0\"><img width=\"140\" height=\"150\" src=\"https:\/\/www.foment.com\/wp-content\/uploads\/2017\/03\/ferran-1.png\" class=\"attachment-thumbnail\" alt=\"\" loading=\"lazy\" title=\"ferran\" \/><\/div>[vc_column_text]<\/p>\n<p style=\"text-align: center;\"><strong>Ferran Aud\u00ed<\/strong><\/p>\n<p style=\"text-align: center;\">Ferran Aud\u00ed se form\u00f3 como actor en el Institut del Teatre de Barcelona, profesi\u00f3n de la que ha ejercido, y en paralelo ha sido reconocido por su labor como director de cortometrajes, obras teatrales y pel\u00edculas. Debut\u00f3 como director de teatro en el a\u00f1o 1987, cuando gan\u00f3 el Premio Adri\u00e0 Gual de la Generalitat de Catalunya al Mejor Proyecto de Direcci\u00f3n del A\u00f1o. Adem\u00e1s, ha trabajado tambi\u00e9n como productor en teatro, cine y televisi\u00f3n.<\/p>\n<p style=\"text-align: center;\">Con la din\u00e1mica que plantea, descubriremos el<strong> poder y el arte del storytelling. Pondr<\/strong>emos en pr\u00e1ctica n<strong>uestra capacidad para crear y contar historias<\/strong> y comprobaremos c\u00f3mo el componente emocional potencia nuestra comunicaci\u00f3n y nos ayuda a conectar con las personas.<\/p>\n<p>[\/vc_column_text][\/vc_column][vc_column width=\u00bb1\/3&#8243;]<div class=\"single_image wpb_content_element align-center    \" data-animation=\"none\" data-delay=\"0\"><img width=\"184\" height=\"136\" src=\"https:\/\/www.foment.com\/wp-content\/uploads\/2017\/03\/BERRO.png\" class=\"attachment-full\" alt=\"\" loading=\"lazy\" title=\"BERRO\" \/><\/div>[vc_column_text]<\/p>\n<p style=\"text-align: center;\"><strong>Marta Berrocal<\/strong><\/p>\n<p style=\"text-align: center;\">Cree en una educaci\u00f3n viva y en constante cambio. Ha participado en diferentes proyectos\u00a0educoart\u00edsticos en colaboraci\u00f3n con museos y entidades que van desde el MACBA hasta la Obra Social La Caixa. Tambi\u00e9n ha publicado libros y materiales did\u00e1cticos que han recibido reconocimientos. \u00bfLa constante en su trabajo? El arte y la educaci\u00f3n como binomio inseparable.<\/p>\n<p style=\"text-align: center;\">Trabajaremos en el uso del <strong>lenguaje art\u00edstico <\/strong>como recurso para la <strong>mejora de la comunicaci\u00f3n dentro de la empresa<\/strong>, con repercusi\u00f3n directa en el incremento de eficacia y rendimiento. Crearemos dibujos, c\u00f3digos y s\u00edmbolos para visualizar las ideas y sentimientos que contribuyan a la mejora del clima laboral.<\/p>\n<p>[\/vc_column_text][\/vc_column][\/vc_row]<\/p>\n<\/section>","protected":false},"author":7,"featured_media":32692,"menu_order":0,"comment_status":"closed","ping_status":"closed","template":"","meta":{"_links_to":"","_links_to_target":""},"tags":[],"event_type":[200],"event_type_2":[],"acf":[],"_links":{"self":[{"href":"https:\/\/www.foment.com\/es\/wp-json\/wp\/v2\/ajde_events\/31562"}],"collection":[{"href":"https:\/\/www.foment.com\/es\/wp-json\/wp\/v2\/ajde_events"}],"about":[{"href":"https:\/\/www.foment.com\/es\/wp-json\/wp\/v2\/types\/ajde_events"}],"author":[{"embeddable":true,"href":"https:\/\/www.foment.com\/es\/wp-json\/wp\/v2\/users\/7"}],"replies":[{"embeddable":true,"href":"https:\/\/www.foment.com\/es\/wp-json\/wp\/v2\/comments?post=31562"}],"wp:featuredmedia":[{"embeddable":true,"href":"https:\/\/www.foment.com\/es\/wp-json\/wp\/v2\/media\/32692"}],"wp:attachment":[{"href":"https:\/\/www.foment.com\/es\/wp-json\/wp\/v2\/media?parent=31562"}],"wp:term":[{"taxonomy":"post_tag","embeddable":true,"href":"https:\/\/www.foment.com\/es\/wp-json\/wp\/v2\/tags?post=31562"},{"taxonomy":"event_type","embeddable":true,"href":"https:\/\/www.foment.com\/es\/wp-json\/wp\/v2\/event_type?post=31562"},{"taxonomy":"event_type_2","embeddable":true,"href":"https:\/\/www.foment.com\/es\/wp-json\/wp\/v2\/event_type_2?post=31562"}],"curies":[{"name":"wp","href":"https:\/\/api.w.org\/{rel}","templated":true}]}}

<section class="wpb-content-wrapper"><p>[vc_row][vc_column][vc_column_text]</p>
<p style="text-align: center;">[/vc_column_text][/vc_column][/vc_row][vc_row][vc_column][vc_column_text]</p>
<h3 style="text-align: center;"><span style="color: #ff0000;"><strong>La humanización de las empresas </strong><strong>a través del arte</strong></span></h3>
<p>&nbsp;</p>
<p style="text-align: center;">¿Pueden el arte y la cultura influir en nuestra manera de trabajar y en los resultados de las empresas?</p>
<p style="text-align: center;">Decía Picasso que “<em>en el arte</em> <em>quien aprende las reglas como un profesional puede romperlas como un artista</em>”. ¡Y nosotros vamos a romper unas cuantas!</p>
<p style="text-align: center;">El arte y la cultura inspiran, vinculan y movilizan. Son una poderosa herramienta transformadora para cualquier organización. En la Fiesta de la Primavera 2017 descubriremos como todo ello es posible de la mano de los artistas y sus talleres.</p>
<p style="text-align: center;"><strong>¡Te esperamos!</strong></p>
<p style="text-align: left;"><strong><span style="color: #ff0000;">PROGRAMA</span></strong></p>
<p><strong>18.00 h.      Inauguración </strong></p>
<p><strong>Juan Pujol, </strong>Secretario General de Foment del Treball</p>
<p><strong>Beatriz Vila, </strong>Presidenta del Foro RRHH</p>
<p><strong>18.15 h.      Entrega de premios del Foro RRHH a cargo de: </strong></p>
<p><strong>Mª Ángeles Tejada, </strong>Directora General Public Affairs de Randstad</p>
<p><strong>18.45 h.      CultHunting, cultura para transformar </strong></p>
<p><strong>Cristina Salvador</strong>, fundadora de aPortada y CultHunting</p>
<p><strong>19.00 h.      Presentación de los artistas </strong></p>
<p><strong>19.20 h.      Talleres </strong></p>
<p><strong>20.30 h.      Clausura y Cóctel </strong>[/vc_column_text][vc_column_text]</p>
<p style="text-align: left;"><strong>                                             Con el patrocinio de:                                                                               Con la colaboración de: </strong></p>
<p>[/vc_column_text][/vc_column][/vc_row][vc_row][vc_column width=»1/6&#8243;][/vc_column][vc_column width=»1/6&#8243;]<div class="single_image wpb_content_element align-center   image_tilt " data-animation="none" data-delay="0"><a href="https://www.randstad.es/" target="_self"><img width="150" height="150" src="https://www.foment.com/wp-content/uploads/2016/09/randstad-150x150.jpeg" class="attachment-thumbnail" alt="" loading="lazy" title="randstad" srcset="https://www.foment.com/wp-content/uploads/2016/09/randstad-150x150.jpeg 150w, https://www.foment.com/wp-content/uploads/2016/09/randstad-300x300.jpeg 300w, https://www.foment.com/wp-content/uploads/2016/09/randstad-80x80.jpeg 80w, https://www.foment.com/wp-content/uploads/2016/09/randstad.jpeg 400w" sizes="(max-width: 150px) 100vw, 150px" /></a></div>[/vc_column][vc_column width=»1/6&#8243;][/vc_column][vc_column width=»1/6&#8243;]<div class="spacer" style="height: 20px;"></div><div class="single_image wpb_content_element align-center   image_tilt " data-animation="none" data-delay="0"><a href="http://www.estrelladamm.com/cat/" target="_blank"><img width="150" height="113" src="https://www.foment.com/wp-content/uploads/2017/03/ED-BM-ComSobreRojo3T_.jpg" class="attachment-thumbnail" alt="" loading="lazy" title="ED BM ComSobreRojo3T_" /></a></div>[/vc_column][vc_column width=»1/6&#8243;]<div class="spacer" style="height: 20px;"></div><div class="spacer" style="height: 15px;"></div><div class="single_image wpb_content_element align-center   image_tilt " data-animation="none" data-delay="0"><a href="http://www.culthunting.com/" target="_blank"><img width="150" height="94" src="https://www.foment.com/wp-content/uploads/2017/03/culthunting_banner.png" class="attachment-thumbnail" alt="" loading="lazy" title="culthunting_banner" /></a></div>[/vc_column][vc_column width=»1/6&#8243;][/vc_column][/vc_row][vc_row][vc_column width=»1/1&#8243;]<div class="spacer" style="height: 65px;"></div>[vc_column_text]</p>
<h3 style="text-align: center;">ARTISTAS Y TALLERES</h3>
<p>[/vc_column_text][/vc_column][/vc_row][vc_row][vc_column width=»1/3&#8243;]<div class="single_image wpb_content_element align-center   image_tilt " data-animation="none" data-delay="0"><img width="180" height="134" src="https://www.foment.com/wp-content/uploads/2017/03/maria-c.png" class="attachment-full" alt="" loading="lazy" title="maria c" /></div>[vc_column_text]</p>
<p style="text-align: center;"><strong>Maria Calvet</strong></p>
<p style="text-align: center;"><strong><em>Graphic Recorder</em></strong> que ha trabajado para numerosas empresas de ámbito nacional e internacional. Maria se formó en esta disciplina en Londres y, en paralelo, se diplomó en educación social en Barcelona. ¿Su especialización? Las artes aplicadas a dinámicas de grupo.</p>
<p style="text-align: center;">Aprenderemos a realizar un <em>graphic recording </em>conociendo sus herramientas y pautas así como aspectos clave <strong>para pensar en imágenes con el fín de incrementar la retentiva</strong> en un mundo cada vez más enfocado al <em>visual thinking.</em> Una forma de comunicar fácil, elegante e intuïtiva.</p>
<p>[/vc_column_text][/vc_column][vc_column width=»1/3&#8243;]<div class="single_image wpb_content_element align-center    " data-animation="none" data-delay="0"><img width="176" height="136" src="https://www.foment.com/wp-content/uploads/2017/03/MAR.png" class="attachment-full" alt="" loading="lazy" title="MAR" /></div>[vc_column_text]</p>
<p style="text-align: center;"><strong>Marta de Los Pájaros</strong></p>
<p style="text-align: center;">Las bellas artes, la educación y el diseño son sus parcelas vitales. Marta presenta el <strong><em>collage</em> como medio de comunicación disruptivo dentro del marco empresarial,</strong> siendo capaz de mejorar las relaciones de la entidad tanto a nivel de comunicación interna como entre su equipo humano.</p>
<p style="text-align: center;">En el taller trabajaremos en la elaboración de un relato que refleje los valores de los recursos humanos en el ámbito empresarial mediante la técnica del <em>collage.</em> La actividad requiere del intercambio de ideas y participación activa de todos los asistentes que partirán de la selección individual de imágenes hasta la puesta en común y creación colectiva de la obra</p>
<p>[/vc_column_text][/vc_column][vc_column width=»1/3&#8243;]<div class="single_image wpb_content_element align-center    " data-animation="none" data-delay="0"><img width="174" height="131" src="https://www.foment.com/wp-content/uploads/2017/03/JL-2.png" class="attachment-full" alt="" loading="lazy" title="JL" /></div>[vc_column_text]</p>
<p style="text-align: center;"><strong>José Luis Adserias</strong></p>
<p style="text-align: center;">Actor especializado en la <strong>improvisación</strong>, campo donde cuenta con más de 19 años de trayectoria. Desde 2001 dirige y entrena a la compañía Planeta Impro. Además imparte talleres a nivel internacional y nacional y es fundador de ITC Barcelona, centro de entrenamiento continuado en improvisación.</p>
<p style="text-align: center;">Trabajaremos la <strong>cooperación interpersonal</strong> a través de la improvisación teatral y las ideas. En este taller se desarrollarán herramientas de comunicación y escucha encaminadas a fomentar el trabajo en equipo desde dinámicas que fomentarán el factor sorpresa, la diversión y las emociones</p>
<p>[/vc_column_text][/vc_column][/vc_row][vc_row][vc_column width=»1/3&#8243;]<div class="single_image wpb_content_element align-center    " data-animation="none" data-delay="0"><img width="176" height="129" src="https://www.foment.com/wp-content/uploads/2017/03/IN.png" class="attachment-full" alt="" loading="lazy" title="IN" /></div>[vc_column_text]</p>
<p style="text-align: center;"><strong>Inés Bebea</strong></p>
<p style="text-align: center;">Ingeniera en telecomunicaciones, educadora y actriz social formada por el Teatro de la Escucha. Aúna <strong>tecnología y digitalización</strong> con <strong>arte y humanización</strong>, una idea que culmina en su proyecto Ondula y la convivencia de las nuevas tecnologías desde la persona como elemento central.</p>
<p style="text-align: center;">Haremos una <strong>mirada interior</strong> prescindiendo de la vista, uno de nuestros principales sentidos. Gracias a esto conoceremos nuevas formas de relacionarnos con nuestro entorno. En un contexto caracterizado por la rapidez y los cambios constantes, la dinámica nos enseñará a gestionar nuestras emociones y mejorar nuestras capacidades a la hora de gestionar situaciones de estrés.</p>
<p>[/vc_column_text][/vc_column][vc_column width=»1/3&#8243;]<div class="single_image wpb_content_element align-center    " data-animation="none" data-delay="0"><img width="140" height="150" src="https://www.foment.com/wp-content/uploads/2017/03/ferran-1.png" class="attachment-thumbnail" alt="" loading="lazy" title="ferran" /></div>[vc_column_text]</p>
<p style="text-align: center;"><strong>Ferran Audí</strong></p>
<p style="text-align: center;">Ferran Audí se formó como actor en el Institut del Teatre de Barcelona, profesión de la que ha ejercido, y en paralelo ha sido reconocido por su labor como director de cortometrajes, obras teatrales y películas. Debutó como director de teatro en el año 1987, cuando ganó el Premio Adrià Gual de la Generalitat de Catalunya al Mejor Proyecto de Dirección del Año. Además, ha trabajado también como productor en teatro, cine y televisión.</p>
<p style="text-align: center;">Con la dinámica que plantea, descubriremos el<strong> poder y el arte del storytelling. Pondr</strong>emos en práctica n<strong>uestra capacidad para crear y contar historias</strong> y comprobaremos cómo el componente emocional potencia nuestra comunicación y nos ayuda a conectar con las personas.</p>
<p>[/vc_column_text][/vc_column][vc_column width=»1/3&#8243;]<div class="single_image wpb_content_element align-center    " data-animation="none" data-delay="0"><img width="184" height="136" src="https://www.foment.com/wp-content/uploads/2017/03/BERRO.png" class="attachment-full" alt="" loading="lazy" title="BERRO" /></div>[vc_column_text]</p>
<p style="text-align: center;"><strong>Marta Berrocal</strong></p>
<p style="text-align: center;">Cree en una educación viva y en constante cambio. Ha participado en diferentes proyectos educoartísticos en colaboración con museos y entidades que van desde el MACBA hasta la Obra Social La Caixa. También ha publicado libros y materiales didácticos que han recibido reconocimientos. ¿La constante en su trabajo? El arte y la educación como binomio inseparable.</p>
<p style="text-align: center;">Trabajaremos en el uso del <strong>lenguaje artístico </strong>como recurso para la <strong>mejora de la comunicación dentro de la empresa</strong>, con repercusión directa en el incremento de eficacia y rendimiento. Crearemos dibujos, códigos y símbolos para visualizar las ideas y sentimientos que contribuyan a la mejora del clima laboral.</p>
<p>[/vc_column_text][/vc_column][/vc_row]</p>
</section>
