{"id":33063,"date":"2017-04-04T17:19:05","date_gmt":"2017-04-04T15:19:05","guid":{"rendered":"http:\/\/www.foment.com\/es\/events\/gestio-innovacio-nova-llei-patents-efectes-brexit-normativa-europea-proteccio-innovacio-empresarial%e2%80%8b\/"},"modified":"2017-04-04T17:58:57","modified_gmt":"2017-04-04T15:58:57","slug":"gestion-innovacion-nueva-ley-patentes-efectos-brexit-normativa-europea-proteccion-innovacion-empresarial%e2%80%8b","status":"publish","type":"ajde_events","link":"https:\/\/www.foment.com\/es\/events\/gestion-innovacion-nueva-ley-patentes-efectos-brexit-normativa-europea-proteccion-innovacion-empresarial%e2%80%8b\/","title":{"rendered":"Gesti\u00f3n de la innovaci\u00f3n, nueva Ley de Patentes y efectos del Brexit en la normativa europea de protecci\u00f3n de la innovaci\u00f3n empresarial\u200b"},"content":{"rendered":"<section class=\"wpb-content-wrapper\"><p>[vc_row][vc_column][vc_column_text]La entrada en vigor de una nueva Ley de patentes espa\u00f1ola introduce importantes cambios para las empresas. Por otro lado, el resultado del Refer\u00e9ndum en el Reino Unido y la anunciada intenci\u00f3n del Gobierno brit\u00e1nico de abandonar la Uni\u00f3n Europea, tendr\u00e1n consecuencias sobre los sistemas de protecci\u00f3n de las patentes en Europa.<\/p>\n<p>Ninguna empresa, sin excepci\u00f3n, puede ignorar el sistema de patentes, ya sea porque tiene que proteger sus innovaciones a trav\u00e9s de patentes propias, o porque las actividades que desarrolla pueden ser objeto de infracci\u00f3n de patentes de terceros, y en la mayor\u00eda de los casos por ambas razones.<\/p>\n<p>En la Jornada, se abordar\u00e1n qu\u00e9 aspectos de la nueva normativa conviene tener en cuenta, qu\u00e9 medidas y estrategias tienen que adoptar las empresas y las implicaciones del Brexit en los sistemas de protecci\u00f3n industrial.<\/p>\n<p style=\"text-align: center;\"><strong><span style=\"color: #b22222;\">PROGRAMA<br \/>\n\u200b<\/span><\/strong><\/p>\n<p><strong>10:00 h. Presentaci\u00f3\u200bn<\/strong><br \/>\n<strong>Joan Pujol,<\/strong> Secretario General de Foment<\/p>\n<p><strong>Moderador: Luis-Alfonso Dur\u00e1n,<\/strong> Presidente del Comit\u00e9 de Propiedad Industrial e Intelectual de CEOE\u200b<\/p>\n<p><strong>10:15 h. C\u00f3mo gestionar la innovaci\u00f3n<\/strong><br \/>\n<strong>\u200bManel R\u00edos del R\u00edo<\/strong>, Invitia Consultors, SL.1<\/p>\n<p><strong>11:05 h. Novedades m\u00e1s destacadas para la empresa de la nueva Ley: patentes con examen obligatorio, modelos de utilidad y su impacto en las empresas\u200b\u200b<\/strong><br \/>\n<strong>Raquel Sampedro,<\/strong>\u00a0Directora de l \u00c1rea Jur\u00eddica y Patente Europea y \u00a0PCT de la Oficina Espa\u00f1ola de Patentes y Marcas (OEPM)<\/p>\n<p><strong>12:00 h. Estrategia empresarial de protecci\u00f3n y defensa ante la nueva Ley de Patentes espa\u00f1ola y los sistemas europeos e internacionales de protecci\u00f3n<\/strong><br \/>\n<strong>\u200bD. Jos\u00e9 Terencio,<\/strong> Grifols SA.<\/p>\n<p><strong>12:45 h. Implicaciones del Brexit en los sistemas de protecci\u00f3n de la Propiedad Industrial en\u00a0Europa\u200b<\/strong><br \/>\n<strong>Luis-Alfonso Dur\u00e1n,<\/strong> Dur\u00e1n-Corretjer, SLP<\/p>\n<p><strong>13:15 h. Coloquio<\/strong><\/p>\n<p>&nbsp;<\/p>\n<p>[\/vc_column_text][\/vc_column][\/vc_row][vc_row][vc_column width=\u00bb1\/1&#8243;][vc_column_text]<\/p>\n<p style=\"text-align: center;\"><strong>Con la colaboraci\u00f3n de:\u00a0<\/strong><\/p>\n<p>[\/vc_column_text]<div class=\"single_image wpb_content_element align-center   image_tilt \" data-animation=\"none\" data-delay=\"0\"><a href=\"http:\/\/www.duran.es\/patent\/\" target=\"_blank\"><img width=\"300\" height=\"69\" src=\"https:\/\/www.foment.com\/wp-content\/uploads\/2017\/04\/duram.jpg\" class=\"attachment-medium\" alt=\"\" loading=\"lazy\" title=\"duram\" \/><\/a><\/div>[\/vc_column][\/vc_row]<\/p>\n<\/section>","protected":false},"author":7,"featured_media":33044,"menu_order":0,"comment_status":"closed","ping_status":"closed","template":"","meta":{"_links_to":"","_links_to_target":""},"tags":[],"event_type":[203],"event_type_2":[],"acf":[],"_links":{"self":[{"href":"https:\/\/www.foment.com\/es\/wp-json\/wp\/v2\/ajde_events\/33063"}],"collection":[{"href":"https:\/\/www.foment.com\/es\/wp-json\/wp\/v2\/ajde_events"}],"about":[{"href":"https:\/\/www.foment.com\/es\/wp-json\/wp\/v2\/types\/ajde_events"}],"author":[{"embeddable":true,"href":"https:\/\/www.foment.com\/es\/wp-json\/wp\/v2\/users\/7"}],"replies":[{"embeddable":true,"href":"https:\/\/www.foment.com\/es\/wp-json\/wp\/v2\/comments?post=33063"}],"wp:featuredmedia":[{"embeddable":true,"href":"https:\/\/www.foment.com\/es\/wp-json\/wp\/v2\/media\/33044"}],"wp:attachment":[{"href":"https:\/\/www.foment.com\/es\/wp-json\/wp\/v2\/media?parent=33063"}],"wp:term":[{"taxonomy":"post_tag","embeddable":true,"href":"https:\/\/www.foment.com\/es\/wp-json\/wp\/v2\/tags?post=33063"},{"taxonomy":"event_type","embeddable":true,"href":"https:\/\/www.foment.com\/es\/wp-json\/wp\/v2\/event_type?post=33063"},{"taxonomy":"event_type_2","embeddable":true,"href":"https:\/\/www.foment.com\/es\/wp-json\/wp\/v2\/event_type_2?post=33063"}],"curies":[{"name":"wp","href":"https:\/\/api.w.org\/{rel}","templated":true}]}}

Gestión de la innovación, nueva Ley de Patentes y efectos del Brexit en la normativa europea de protección de la innovación empresarial​

<section class="wpb-content-wrapper"><p>[vc_row][vc_column][vc_column_text]La entrada en vigor de una nueva Ley de patentes española introduce importantes cambios para las empresas. Por otro lado, el resultado del Referéndum en el Reino Unido y la anunciada intención del Gobierno británico de abandonar la Unión Europea, tendrán consecuencias sobre los sistemas de protección de las patentes en Europa.</p>
<p>Ninguna empresa, sin excepción, puede ignorar el sistema de patentes, ya sea porque tiene que proteger sus innovaciones a través de patentes propias, o porque las actividades que desarrolla pueden ser objeto de infracción de patentes de terceros, y en la mayoría de los casos por ambas razones.</p>
<p>En la Jornada, se abordarán qué aspectos de la nueva normativa conviene tener en cuenta, qué medidas y estrategias tienen que adoptar las empresas y las implicaciones del Brexit en los sistemas de protección industrial.</p>
<p style="text-align: center;"><strong><span style="color: #b22222;">PROGRAMA<br />
​</span></strong></p>
<p><strong>10:00 h. Presentació​n</strong><br />
<strong>Joan Pujol,</strong> Secretario General de Foment</p>
<p><strong>Moderador: Luis-Alfonso Durán,</strong> Presidente del Comité de Propiedad Industrial e Intelectual de CEOE​</p>
<p><strong>10:15 h. Cómo gestionar la innovación</strong><br />
<strong>​Manel Ríos del Río</strong>, Invitia Consultors, SL.1</p>
<p><strong>11:05 h. Novedades más destacadas para la empresa de la nueva Ley: patentes con examen obligatorio, modelos de utilidad y su impacto en las empresas​​</strong><br />
<strong>Raquel Sampedro,</strong> Directora de l Área Jurídica y Patente Europea y  PCT de la Oficina Española de Patentes y Marcas (OEPM)</p>
<p><strong>12:00 h. Estrategia empresarial de protección y defensa ante la nueva Ley de Patentes española y los sistemas europeos e internacionales de protección</strong><br />
<strong>​D. José Terencio,</strong> Grifols SA.</p>
<p><strong>12:45 h. Implicaciones del Brexit en los sistemas de protección de la Propiedad Industrial en Europa​</strong><br />
<strong>Luis-Alfonso Durán,</strong> Durán-Corretjer, SLP</p>
<p><strong>13:15 h. Coloquio</strong></p>
<p>&nbsp;</p>
<p>[/vc_column_text][/vc_column][/vc_row][vc_row][vc_column width=»1/1&#8243;][vc_column_text]</p>
<p style="text-align: center;"><strong>Con la colaboración de: </strong></p>
<p>[/vc_column_text]<div class="single_image wpb_content_element align-center   image_tilt " data-animation="none" data-delay="0"><a href="http://www.duran.es/patent/" target="_blank"><img width="300" height="69" src="https://www.foment.com/wp-content/uploads/2017/04/duram.jpg" class="attachment-medium" alt="" loading="lazy" title="duram" /></a></div>[/vc_column][/vc_row]</p>
</section>
