{"id":33437,"date":"2017-04-18T11:37:17","date_gmt":"2017-04-18T09:37:17","guid":{"rendered":"http:\/\/www.foment.com\/es\/?post_type=ajde_events&#038;p=33437"},"modified":"2017-04-18T12:04:12","modified_gmt":"2017-04-18T10:04:12","slug":"enfermedades-profesionales-y-diferencias-con-los-accidentes-trabajo","status":"publish","type":"ajde_events","link":"https:\/\/www.foment.com\/es\/events\/enfermedades-profesionales-y-diferencias-con-los-accidentes-trabajo\/","title":{"rendered":"Riesgos y responsabilidades derivadas de las Enfermedades Profesionales y diferencias con los Accidentes de Trabajo. Buenas pr\u00e1cticas para minimizarlos"},"content":{"rendered":"<section class=\"wpb-content-wrapper\"><p>[vc_row][vc_column][vc_column_text]<\/p>\n<h2 style=\"text-align: center;\"><span style=\"color: #ab192d;\"><strong>Grupo de Debate de PRL<\/strong><\/span><\/h2>\n<h3 style=\"text-align: center;\"><span style=\"color: #656565;\"><strong>Riesgos y responsabilidades derivadas de las Enfermedades Profesionales y diferencias con los Accidentes de Trabajo. Buenas pr\u00e1cticas para minimizarlos<\/strong><\/span><\/h3>\n<p>&nbsp;<\/p>\n<h3><span style=\"color: #ab192d;\"><strong>Objetivo<\/strong><\/span><\/h3>\n<p>&nbsp;<\/p>\n<p style=\"text-align: justify;\">Durante la jornada se ofrecer\u00e1 una aproximaci\u00f3n pr\u00e1ctica a las diferencias legales que existen entre una enfermedad profesional y accidente de trabajo. Asimismo, se analizar\u00e1n las consecuencias y responsabilidades empresariales que se pueden derivar de una enfermedad profesional, as\u00ed como el impacto que tienen en la gesti\u00f3n de la prevenci\u00f3n de riesgos laborales en la empresa. Por \u00faltimo, se ofrecer\u00e1 un cat\u00e1logo de buenas pr\u00e1cticas para minimizar este impacto.<\/p>\n<p>&nbsp;<\/p>\n<h3><span style=\"color: #ab192d;\"><strong>Ponente<\/strong><\/span><\/h3>\n<p>&nbsp;<\/p>\n<ul>\n<li style=\"text-align: justify;\"><strong> Sra. Ana Al\u00f2s Ramos,<\/strong><br \/>\nAbogada. Socia del departamento de derecho laboral de Ur\u00eda-Men\u00e9ndez. Profesora de Derecho del Trabajo y de la Seguridad Social de ESADE y del ICAB.<\/li>\n<\/ul>\n<p>[\/vc_column_text][\/vc_column][\/vc_row][vc_row][vc_column width=\u00bb1\/2&#8243;]<div class=\"single_image wpb_content_element align-left   image_tilt \" data-animation=\"none\" data-delay=\"0\"><a href=\"http:\/\/prl.foment.com\/\" target=\"_self\"><img width=\"660\" height=\"130\" src=\"https:\/\/www.foment.com\/wp-content\/uploads\/2017\/02\/logo-ftn-1.png\" class=\"attachment-full\" alt=\"\" loading=\"lazy\" title=\"PRL_logo ftn\" \/><\/a><\/div>[\/vc_column][vc_column width=\u00bb1\/2&#8243;]<div class=\"single_image wpb_content_element align-right   image_tilt \" data-animation=\"none\" data-delay=\"0\"><a href=\"http:\/\/www.sgs.es\/\" target=\"_self\"><img width=\"150\" height=\"87\" src=\"https:\/\/www.foment.com\/wp-content\/uploads\/2017\/02\/logo-sgs.png\" class=\"attachment-thumbnail\" alt=\"logo SGS\" loading=\"lazy\" title=\"PRL_logo sgs\" \/><\/a><\/div>[\/vc_column][\/vc_row]<\/p>\n<\/section>","protected":false},"author":15,"featured_media":30562,"menu_order":0,"comment_status":"closed","ping_status":"closed","template":"","meta":{"_links_to":"","_links_to_target":""},"tags":[474,473,435],"event_type":[202],"event_type_2":[],"acf":[],"_links":{"self":[{"href":"https:\/\/www.foment.com\/es\/wp-json\/wp\/v2\/ajde_events\/33437"}],"collection":[{"href":"https:\/\/www.foment.com\/es\/wp-json\/wp\/v2\/ajde_events"}],"about":[{"href":"https:\/\/www.foment.com\/es\/wp-json\/wp\/v2\/types\/ajde_events"}],"author":[{"embeddable":true,"href":"https:\/\/www.foment.com\/es\/wp-json\/wp\/v2\/users\/15"}],"replies":[{"embeddable":true,"href":"https:\/\/www.foment.com\/es\/wp-json\/wp\/v2\/comments?post=33437"}],"wp:featuredmedia":[{"embeddable":true,"href":"https:\/\/www.foment.com\/es\/wp-json\/wp\/v2\/media\/30562"}],"wp:attachment":[{"href":"https:\/\/www.foment.com\/es\/wp-json\/wp\/v2\/media?parent=33437"}],"wp:term":[{"taxonomy":"post_tag","embeddable":true,"href":"https:\/\/www.foment.com\/es\/wp-json\/wp\/v2\/tags?post=33437"},{"taxonomy":"event_type","embeddable":true,"href":"https:\/\/www.foment.com\/es\/wp-json\/wp\/v2\/event_type?post=33437"},{"taxonomy":"event_type_2","embeddable":true,"href":"https:\/\/www.foment.com\/es\/wp-json\/wp\/v2\/event_type_2?post=33437"}],"curies":[{"name":"wp","href":"https:\/\/api.w.org\/{rel}","templated":true}]}}

Riesgos y responsabilidades derivadas de las Enfermedades Profesionales y diferencias con los Accidentes de Trabajo. Buenas prácticas para minimizarlos

<section class="wpb-content-wrapper"><p>[vc_row][vc_column][vc_column_text]</p>
<h2 style="text-align: center;"><span style="color: #ab192d;"><strong>Grupo de Debate de PRL</strong></span></h2>
<h3 style="text-align: center;"><span style="color: #656565;"><strong>Riesgos y responsabilidades derivadas de las Enfermedades Profesionales y diferencias con los Accidentes de Trabajo. Buenas prácticas para minimizarlos</strong></span></h3>
<p>&nbsp;</p>
<h3><span style="color: #ab192d;"><strong>Objetivo</strong></span></h3>
<p>&nbsp;</p>
<p style="text-align: justify;">Durante la jornada se ofrecerá una aproximación práctica a las diferencias legales que existen entre una enfermedad profesional y accidente de trabajo. Asimismo, se analizarán las consecuencias y responsabilidades empresariales que se pueden derivar de una enfermedad profesional, así como el impacto que tienen en la gestión de la prevención de riesgos laborales en la empresa. Por último, se ofrecerá un catálogo de buenas prácticas para minimizar este impacto.</p>
<p>&nbsp;</p>
<h3><span style="color: #ab192d;"><strong>Ponente</strong></span></h3>
<p>&nbsp;</p>
<ul>
<li style="text-align: justify;"><strong> Sra. Ana Alòs Ramos,</strong><br />
Abogada. Socia del departamento de derecho laboral de Uría-Menéndez. Profesora de Derecho del Trabajo y de la Seguridad Social de ESADE y del ICAB.</li>
</ul>
<p>[/vc_column_text][/vc_column][/vc_row][vc_row][vc_column width=»1/2&#8243;]<div class="single_image wpb_content_element align-left   image_tilt " data-animation="none" data-delay="0"><a href="http://prl.foment.com/" target="_self"><img width="660" height="130" src="https://www.foment.com/wp-content/uploads/2017/02/logo-ftn-1.png" class="attachment-full" alt="" loading="lazy" title="PRL_logo ftn" /></a></div>[/vc_column][vc_column width=»1/2&#8243;]<div class="single_image wpb_content_element align-right   image_tilt " data-animation="none" data-delay="0"><a href="http://www.sgs.es/" target="_self"><img width="150" height="87" src="https://www.foment.com/wp-content/uploads/2017/02/logo-sgs.png" class="attachment-thumbnail" alt="logo SGS" loading="lazy" title="PRL_logo sgs" /></a></div>[/vc_column][/vc_row]</p>
</section>
