{"id":34116,"date":"2017-05-02T16:55:12","date_gmt":"2017-05-02T14:55:12","guid":{"rendered":"http:\/\/www.foment.com\/es\/events\/oportunitats-negoci-costa-divori-camerun\/"},"modified":"2017-05-11T11:55:12","modified_gmt":"2017-05-11T09:55:12","slug":"oportunitats-negoci-costa-divori-camerun","status":"publish","type":"ajde_events","link":"https:\/\/www.foment.com\/es\/events\/oportunitats-negoci-costa-divori-camerun\/","title":{"rendered":"Oportunidades de negocio en Costa de Marfil y Camer\u00fan"},"content":{"rendered":"<section class=\"wpb-content-wrapper\"><p>[vc_row][vc_column][vc_column_text]Con motivo de la Misi\u00f3n Comercial Multisectorial a COSTA DE MARFIL Y CAMERUN que tendr\u00e1 lugar del 18 al 22 de Septiembre de 2017, Fomento del Trabajo conjuntamente con la UPM organizamos una:<\/p>\n<p style=\"text-align: center;\"><span style=\"color: #800000;\"><strong>MESA REDONDA sobre\u00a0<\/strong><strong>Oportunidades de negocio en\u00a0\u00a0<\/strong><strong>Costa de Marfil y Camer\u00fan<\/strong><\/span><\/p>\n<p><strong><span title=\"Per qu\u00e8 Costa d'Ivori?\"><span style=\"color: #800000;\">\u00bfPor qu\u00e9 Costa de Marfil?<\/span> <\/span><\/strong><span title=\"el creixement econ\u00f2mic de Costa d\u2019Ivori en els \u00faltims anys es situa al voltant del 10% i el consum per c\u00e0pita ha crescut de forma significativa.\">el crecimiento econ\u00f3mico de Costa de Marfil en los \u00faltimos a\u00f1os se sit\u00faa alrededor del 10% y el consumo per c\u00e1pita ha crecido de forma significativa. <\/span><span title=\"Hi ha una classe mitjana amb cert poder adquisitiu que est\u00e0 en desenvolupament, fet que explicaria l\u2019actual boom en els sectors de la construcci\u00f3 i de gran consum.\">Hay una clase media con cierto poder adquisitivo que est\u00e1 en desarrollo, lo que explicar\u00eda la actual boom en los sectores de la construcci\u00f3n y de gran consumo. <\/span><span title=\"Com a conseq\u00fc\u00e8ncia del seu creixement, hi ha una saturaci\u00f3 relativament baixa del mercat en tots els sectors. \">Como consecuencia de su crecimiento, hay una saturaci\u00f3n relativamente baja del mercado en todos los sectores.<\/span>Su estabilidad pol\u00edtica y econ\u00f3mica, hacen de este pa\u00eds el referente, el motor y la puerta de entrada a toda la zona de \u00c1frica Occidentales, que cuenta con 340 millones de habitantes.<\/p>\n<p><strong><span title=\"Per qu\u00e8 Camerun?\"><span style=\"color: #800000;\">\u00bfPor qu\u00e9 Camer\u00fan?<\/span> <\/span><\/strong><span title=\"\u00e9s l'economia m\u00e9s gran dels pa\u00efsos que conformen la Comunitat Econ\u00f2mica i Monet\u00e0ria d'\u00c0frica Central (CEMAC) amb una poblaci\u00f3 propera als 24 milions d'habitants i un PIB estimat de 33.000 milions de d\u00f2lars (al voltant del 2,5% del\">es la mayor econom\u00eda de los pa\u00edses que conforman la Comunidad Econ\u00f3mica y Monetaria de \u00c1frica Central (CEMAC) con una poblaci\u00f3n cercana a los 24 millones de habitantes y un PIB estimado de 33.000 millones de d\u00f3lares (alrededor del 2,5% del <\/span><span title=\"PIB d'Espanya).\">PIB de Espa\u00f1a). <\/span><span title=\"Segons les estimacions de l'FMI, el creixement real del PIB per als exercicis 2014, 2015 i 2016 va ascendir a 5,9%, 5,9%, i 4,8% respectivament.\">Seg\u00fan las estimaciones del FMI, el crecimiento real del PIB para los ejercicios 2014, 2015 y 2016 ascendi\u00f3 a 5,9%, 5,9%, y 4,8% respectivamente. <\/span><span title=\"Per als propers exercicis, s'espera que l'economia se segueixi expandint a un ritme entre el 4 i 5% del PIB, xifra que coincideix amb el potencial de creixement estimat de Camerun.\">Para los pr\u00f3ximos ejercicios, se espera que la econom\u00eda se siga expandiendo a un ritmo entre el 4 y 5% del PIB, cifra que coincide con el potencial de crecimiento estimado de Camer\u00fan.\u00a0<\/span>El pa\u00eds ofrece m\u00faltiples oportunidades.<\/p>\n<p>La gran tama\u00f1o del sector agrario da pie a oportunidades relacionadas con la optimizaci\u00f3n de recursos y la mecanizaci\u00f3n del cultivo. Sus caracter\u00edsticas como pa\u00eds hacen que tenga una gran demanda de productos y servicios asociados al servicio energ\u00e9tico como de materiales relacionados con la construcci\u00f3n civil. Se destacas los siguientes sectores: Maquinaria agr\u00edcola, procesamiento de alimentos e industria alimentaria, tecnolog\u00eda y equipamientos para la miner\u00eda, construcci\u00f3n relacionada con el sector petrol\u00edfero, equipamiento y servicios de prospecci\u00f3n, construcci\u00f3n civil, materiales y equipamiento de construcci\u00f3n infraestructuras (telecomunicaciones, carreteras y transportes), productos manufacturados, equipamiento industrial, tecnolog\u00edas relacionadas con la energ\u00eda renovable, servicios a empresas.<\/p>\n<div id=\"gt-c\" class=\"g-section\">\n<div id=\"gt-form-c\">\n<form id=\"gt-form\" action=\"\/\" enctype=\"application\/x-www-form-urlencoded\" method=\"post\" name=\"text_form\">\n<div id=\"gt-text-all\"><\/div>\n<\/form>\n<\/div>\n<\/div>\n<div id=\"gt-c\" class=\"g-section\">\n<div id=\"gt-form-c\">\n<form id=\"gt-form\" action=\"\/\" enctype=\"application\/x-www-form-urlencoded\" method=\"post\" name=\"text_form\">\n<div id=\"gt-text-all\">\n<div id=\"gt-main\">\n<div id=\"gt-text-c\">\n<div id=\"gt-text-top\">\n<div id=\"gt-res-c\" class=\"g-unit\">\n<div id=\"gt-res-p\">\n<div id=\"gt-res-data\">\n<div class=\"trans-verified-button-small\" dir=\"ltr\">\n<div id=\"gt-form-c\">\n<div id=\"gt-text-all\">\n<div id=\"gt-main\">\n<div id=\"gt-text-c\">\n<div id=\"gt-text-top\">\n<div id=\"gt-res-c\" class=\"g-unit\">\n<div id=\"gt-res-p\">\n<div id=\"gt-res-data\">\n<div id=\"gt-res-wrap\">\n<div id=\"gt-res-content\">\n<div class=\"trans-verified-button-small\" dir=\"ltr\"><\/div>\n<div id=\"gt-res-dir-ctr\" class=\"trans-verified-button-small\" dir=\"ltr\">\n<p><span id=\"result_box\" lang=\"es\"><strong><span style=\"color: #800000;\">PROGRAMA<\/span><\/strong><\/span><\/p>\n<p>10:00 h. Bienvenida<br \/>\nSr. Josep M. Campanera, Director Departamento Promoci\u00f3n Internacional de Plametall.<\/p>\n<p>10:10 h. Oportunidades de negocio en Costa de Marfil y\u00a0Camer\u00fan.<br \/>\n. Sr. Dani Vives Santacana, Delegado Plametall en Costa de Marfil<\/p>\n<p>. Sr. Denis Wung, Manager A54 Marketing Group<\/p>\n<p>11:10 h.\u00a0Presentaci\u00f3n caso pr\u00e1ctico empresa catalana<\/p>\n<\/div>\n<div class=\"trans-verified-button-small\" dir=\"ltr\">\n<p>Sra. Nuria Juan Costa, Gestora de Proyectos Internacionales de ACCI\u00d3<\/p>\n<p>11:30 h. Presentaci\u00f3n de la Misi\u00f3n en Costa de Marfil y Camer\u00fan<\/p>\n<p>11:45 h. Ruegos y preguntas<\/p>\n<p>12:00 h. conclusi\u00f3n<\/p>\n<\/div>\n<\/div>\n<\/div>\n<\/div>\n<\/div>\n<\/div>\n<\/div>\n<\/div>\n<\/div>\n<\/div>\n<\/div>\n<\/div>\n<\/div>\n<\/div>\n<\/div>\n<\/div>\n<\/div>\n<\/div>\n<\/div>\n<\/form>\n<\/div>\n<\/div>\n<div id=\"gt-c\" class=\"g-section\">\n<div id=\"gt-form-c\">\n<form id=\"gt-form\" action=\"\/\" enctype=\"application\/x-www-form-urlencoded\" method=\"post\" name=\"text_form\">\n<div id=\"gt-text-all\"><\/div>\n<\/form>\n<\/div>\n<\/div>\n<p>[\/vc_column_text][\/vc_column][\/vc_row]<\/p>\n<\/section>","protected":false},"author":13,"featured_media":34203,"menu_order":0,"comment_status":"closed","ping_status":"closed","template":"","meta":{"_links_to":"","_links_to_target":""},"tags":[],"event_type":[201,386],"event_type_2":[],"acf":[],"_links":{"self":[{"href":"https:\/\/www.foment.com\/es\/wp-json\/wp\/v2\/ajde_events\/34116"}],"collection":[{"href":"https:\/\/www.foment.com\/es\/wp-json\/wp\/v2\/ajde_events"}],"about":[{"href":"https:\/\/www.foment.com\/es\/wp-json\/wp\/v2\/types\/ajde_events"}],"author":[{"embeddable":true,"href":"https:\/\/www.foment.com\/es\/wp-json\/wp\/v2\/users\/13"}],"replies":[{"embeddable":true,"href":"https:\/\/www.foment.com\/es\/wp-json\/wp\/v2\/comments?post=34116"}],"wp:featuredmedia":[{"embeddable":true,"href":"https:\/\/www.foment.com\/es\/wp-json\/wp\/v2\/media\/34203"}],"wp:attachment":[{"href":"https:\/\/www.foment.com\/es\/wp-json\/wp\/v2\/media?parent=34116"}],"wp:term":[{"taxonomy":"post_tag","embeddable":true,"href":"https:\/\/www.foment.com\/es\/wp-json\/wp\/v2\/tags?post=34116"},{"taxonomy":"event_type","embeddable":true,"href":"https:\/\/www.foment.com\/es\/wp-json\/wp\/v2\/event_type?post=34116"},{"taxonomy":"event_type_2","embeddable":true,"href":"https:\/\/www.foment.com\/es\/wp-json\/wp\/v2\/event_type_2?post=34116"}],"curies":[{"name":"wp","href":"https:\/\/api.w.org\/{rel}","templated":true}]}}

Oportunidades de negocio en Costa de Marfil y Camerún

<section class="wpb-content-wrapper"><p>[vc_row][vc_column][vc_column_text]Con motivo de la Misión Comercial Multisectorial a COSTA DE MARFIL Y CAMERUN que tendrá lugar del 18 al 22 de Septiembre de 2017, Fomento del Trabajo conjuntamente con la UPM organizamos una:</p>
<p style="text-align: center;"><span style="color: #800000;"><strong>MESA REDONDA sobre </strong><strong>Oportunidades de negocio en  </strong><strong>Costa de Marfil y Camerún</strong></span></p>
<p><strong><span title="Per què Costa d'Ivori?"><span style="color: #800000;">¿Por qué Costa de Marfil?</span> </span></strong><span title="el creixement econòmic de Costa d’Ivori en els últims anys es situa al voltant del 10% i el consum per càpita ha crescut de forma significativa.">el crecimiento económico de Costa de Marfil en los últimos años se sitúa alrededor del 10% y el consumo per cápita ha crecido de forma significativa. </span><span title="Hi ha una classe mitjana amb cert poder adquisitiu que està en desenvolupament, fet que explicaria l’actual boom en els sectors de la construcció i de gran consum.">Hay una clase media con cierto poder adquisitivo que está en desarrollo, lo que explicaría la actual boom en los sectores de la construcción y de gran consumo. </span><span title="Com a conseqüència del seu creixement, hi ha una saturació relativament baixa del mercat en tots els sectors. ">Como consecuencia de su crecimiento, hay una saturación relativamente baja del mercado en todos los sectores.</span>Su estabilidad política y económica, hacen de este país el referente, el motor y la puerta de entrada a toda la zona de África Occidentales, que cuenta con 340 millones de habitantes.</p>
<p><strong><span title="Per què Camerun?"><span style="color: #800000;">¿Por qué Camerún?</span> </span></strong><span title="és l'economia més gran dels països que conformen la Comunitat Econòmica i Monetària d'Àfrica Central (CEMAC) amb una població propera als 24 milions d'habitants i un PIB estimat de 33.000 milions de dòlars (al voltant del 2,5% del">es la mayor economía de los países que conforman la Comunidad Económica y Monetaria de África Central (CEMAC) con una población cercana a los 24 millones de habitantes y un PIB estimado de 33.000 millones de dólares (alrededor del 2,5% del </span><span title="PIB d'Espanya).">PIB de España). </span><span title="Segons les estimacions de l'FMI, el creixement real del PIB per als exercicis 2014, 2015 i 2016 va ascendir a 5,9%, 5,9%, i 4,8% respectivament.">Según las estimaciones del FMI, el crecimiento real del PIB para los ejercicios 2014, 2015 y 2016 ascendió a 5,9%, 5,9%, y 4,8% respectivamente. </span><span title="Per als propers exercicis, s'espera que l'economia se segueixi expandint a un ritme entre el 4 i 5% del PIB, xifra que coincideix amb el potencial de creixement estimat de Camerun.">Para los próximos ejercicios, se espera que la economía se siga expandiendo a un ritmo entre el 4 y 5% del PIB, cifra que coincide con el potencial de crecimiento estimado de Camerún. </span>El país ofrece múltiples oportunidades.</p>
<p>La gran tamaño del sector agrario da pie a oportunidades relacionadas con la optimización de recursos y la mecanización del cultivo. Sus características como país hacen que tenga una gran demanda de productos y servicios asociados al servicio energético como de materiales relacionados con la construcción civil. Se destacas los siguientes sectores: Maquinaria agrícola, procesamiento de alimentos e industria alimentaria, tecnología y equipamientos para la minería, construcción relacionada con el sector petrolífero, equipamiento y servicios de prospección, construcción civil, materiales y equipamiento de construcción infraestructuras (telecomunicaciones, carreteras y transportes), productos manufacturados, equipamiento industrial, tecnologías relacionadas con la energía renovable, servicios a empresas.</p>
<div id="gt-c" class="g-section">
<div id="gt-form-c">
<form id="gt-form" action="/" enctype="application/x-www-form-urlencoded" method="post" name="text_form">
<div id="gt-text-all"></div>
</form>
</div>
</div>
<div id="gt-c" class="g-section">
<div id="gt-form-c">
<form id="gt-form" action="/" enctype="application/x-www-form-urlencoded" method="post" name="text_form">
<div id="gt-text-all">
<div id="gt-main">
<div id="gt-text-c">
<div id="gt-text-top">
<div id="gt-res-c" class="g-unit">
<div id="gt-res-p">
<div id="gt-res-data">
<div class="trans-verified-button-small" dir="ltr">
<div id="gt-form-c">
<div id="gt-text-all">
<div id="gt-main">
<div id="gt-text-c">
<div id="gt-text-top">
<div id="gt-res-c" class="g-unit">
<div id="gt-res-p">
<div id="gt-res-data">
<div id="gt-res-wrap">
<div id="gt-res-content">
<div class="trans-verified-button-small" dir="ltr"></div>
<div id="gt-res-dir-ctr" class="trans-verified-button-small" dir="ltr">
<p><span id="result_box" lang="es"><strong><span style="color: #800000;">PROGRAMA</span></strong></span></p>
<p>10:00 h. Bienvenida<br />
Sr. Josep M. Campanera, Director Departamento Promoción Internacional de Plametall.</p>
<p>10:10 h. Oportunidades de negocio en Costa de Marfil y Camerún.<br />
. Sr. Dani Vives Santacana, Delegado Plametall en Costa de Marfil</p>
<p>. Sr. Denis Wung, Manager A54 Marketing Group</p>
<p>11:10 h. Presentación caso práctico empresa catalana</p>
</div>
<div class="trans-verified-button-small" dir="ltr">
<p>Sra. Nuria Juan Costa, Gestora de Proyectos Internacionales de ACCIÓ</p>
<p>11:30 h. Presentación de la Misión en Costa de Marfil y Camerún</p>
<p>11:45 h. Ruegos y preguntas</p>
<p>12:00 h. conclusión</p>
</div>
</div>
</div>
</div>
</div>
</div>
</div>
</div>
</div>
</div>
</div>
</div>
</div>
</div>
</div>
</div>
</div>
</div>
</div>
</form>
</div>
</div>
<div id="gt-c" class="g-section">
<div id="gt-form-c">
<form id="gt-form" action="/" enctype="application/x-www-form-urlencoded" method="post" name="text_form">
<div id="gt-text-all"></div>
</form>
</div>
</div>
<p>[/vc_column_text][/vc_column][/vc_row]</p>
</section>
