{"id":37505,"date":"2017-07-13T12:39:38","date_gmt":"2017-07-13T10:39:38","guid":{"rendered":"http:\/\/www.foment.com\/es\/events\/programa-h2020-programa-de-treball-2018-2020\/"},"modified":"2017-07-19T12:57:37","modified_gmt":"2017-07-19T10:57:37","slug":"programa-h2020-programa-de-treball-2018-2020","status":"publish","type":"ajde_events","link":"https:\/\/www.foment.com\/es\/events\/programa-h2020-programa-de-treball-2018-2020\/","title":{"rendered":"Programa H2020 \u00b7 Programa de trabajo 2018-2020 &#8211; Curso de Proyectos Europeos"},"content":{"rendered":"<p><span style=\"color: #ff0000;\"><strong>OBJECTIVO DEL CURSO<\/strong><\/span><\/p>\n<ul>\n<li>Entender mejor los objetivos y directrices de la Comisi\u00f3n Europea en H2020 para el per\u00edodo 2018-2020.<\/li>\n<li>Profundizar en las posibilidades que ofrecen cada una de las \u00e1reas focales de H2020 para la convocatoria inminente de 2018 de retos sociales y liderazgo Industrial.<\/li>\n<li>Ayudar a las empresas a establecer una estrategia de participaci\u00f3n. Identificaci\u00f3n de eventos relevantes, foros, grupos de trabajo y plataformas europeas en las que es conveniente tener presencia as\u00ed como aquellos actores clave a nivel europeo que deben ser tomados en cuenta.<\/li>\n<li>Concretar el an\u00e1lisis pr\u00e1ctico de los \u201ct\u00f3picos\u201d de inter\u00e9s para los diferentes grupos de trabajo.<\/li>\n<li>Apoyar la preparaci\u00f3n de posibles ideas de proyectos para los \u201ct\u00f3picos\u201d identificados y, en el caso de que hubieran peticiones espec\u00edficas, se realizar\u00e1n reuniones individuales para orientaci\u00f3n de propuestas.<\/li>\n<li>Detalle de oportunidades espec\u00edficas para 2018 en herramientas transversales y \u201cBottom up\u201d como el \u201cFast track to Innovation\u201d (FTI), as\u00ed como las modificaciones en el \u201cInstrumento PYME\u201d. Adem\u00e1s, se har\u00e1 un resumen de las acciones espec\u00edficas que el Consejo Europeo de la innovaci\u00f3n (EIC) llevar\u00e1 a t\u00e9rmino el a\u00f1o pr\u00f3ximo.<\/li>\n<\/ul>\n<p><span style=\"color: #ff0000;\"><strong>DATOS,\u00a0DESARROLLO\u00a0DEL CURSO Y\u00a0METODOLOG\u00cdA<\/strong><\/span><strong>\u00a0<\/strong><\/p>\n<p>Los jueves 7, 14, 21 y 28 de septiembre de 2017. el curso ser\u00e1 de 16:00 a 20:30, con un descanso de media hora entre 18:00 y 18:30, aproximadamente.<\/p>\n<p>Como metodolog\u00eda, todas las explicaciones, actualizaciones de los programas y oportunidades de participaci\u00f3n se acompa\u00f1ar\u00e1n de ejercicios y ejemplos pr\u00e1cticos elegidos con antelaci\u00f3n por los ponentes y participantes.<\/p>\n<p>Los participantes en el curso recibir\u00e1n, por adelantado, material (en digital) para la preparaci\u00f3n de las sesiones tem\u00e1ticas.<\/p>\n<p>Existe la posibilidad de organizar reuniones con los ponentes para resolver cuestiones individuales y para hacer preguntas de proyectos espec\u00edficos (ver agenda).<\/p>\n<p><span style=\"color: #ff0000;\"><strong>FORMADORES \/ ASESORES<\/strong><\/span><\/p>\n<p><strong>Marina Mart\u00ednez <\/strong>es personal destacado del CDTI en Bruselas y Coordinadora del programa de especializaci\u00f3n de gestores de la oficina SOST-CDTI desde 2009. Es responsable de hacer seguimiento del programa de Retos Sociales y Liderazgo Industrial de Horizonte 2020, as\u00ed como de la acci\u00f3n preparatoria sobre investigaci\u00f3n en defensa de la Uni\u00f3n Europea.<\/p>\n<p><strong>Emilio Mulet <\/strong>\u2013 Director de la oficina de proyectos europeos del grupo GTi en Bruselas y experto en gesti\u00f3n de proyectos TIC y eficiencia energ\u00e9tica.<\/p>\n<p><strong>Dirk Saseta <\/strong>\u2013 Es Director de proyectos del Centro Tecnol\u00f3gico LEITAT.<\/p>\n<p><strong>Iwona Maciejewska <\/strong>\u2013 Jefa de desarrollo de negocios en la empresa Suiza DFRC AG y promotora tecnol\u00f3gica del instituto de investigaci\u00f3n InLAB-FIB de la UPC. Ha sido evaluadora de proyectos colaborativos H2020 para el programa de seguridad, TIC y energ\u00eda; as\u00ed como el instrumento PYME (fase 1, fase 2).<\/p>\n<p><span style=\"color: #ff0000;\"><strong>DESTINATARIOS DEL CURSO<\/strong><\/span><\/p>\n<p>El curso est\u00e1 dirigido a empresas y organizaciones que quieran participar en las convocatorias de los programas europeos para ayudas de I+D, con especial atenci\u00f3n al programa Horizonte2020, Eureka, CEF y otras iniciativas paralelas.<\/p>\n<p><span style=\"color: #ff0000;\"><strong>PRECIO<\/strong><\/span><\/p>\n<p><strong>Socios de Foment: 340 \u20ac<\/strong>\u00a0\u00a0\/\/ No Socios: 400 \u20ac<\/p>\n<p>El importe de la inscripci\u00f3n debe hacerse por transferencia bancaria indicando en el concepto <strong>\u00abH2020 + nombre del asistente\u00bb<\/strong> en la siguiente cuenta: <strong>Bankinter N\u00ba IBAN ES38-0128-7613-79-0100000716 &#8211; Swift: BKBKESMM<\/strong> (enviar comprobante de transferencia a innovacio@foment.com).<\/p>\n<p><span style=\"color: #ff0000;\"><strong><u>AGENDA<\/u><\/strong><\/span><\/p>\n<p><span style=\"color: #ff0000;\"><strong>Jueves 07 de <span class=\"scayt-misspell-word\" data-scayt-lang=\"en_US\" data-scayt-word=\"setembre\">septiembre<\/span><\/strong><\/span><\/p>\n<p><strong>16.00 \u2013 16.20 h: Presentaci\u00f3n del curso.<\/strong><\/p>\n<p><strong>16.20 h \u2013 18.20: <\/strong><strong>FOCUS GROUP \u2013 I : eficiencia energ\u00e9tica y econom\u00eda Zero emisiones de carbono<\/strong><\/p>\n<ul>\n<li>Revisi\u00f3n de los programas de trabajo en H2020 (detalle de los temas)<\/li>\n<li>Iniciativas, foros y actores relevantes<\/li>\n<li>Lectura y an\u00e1lisis de \u201ct\u00f3picos\u201d espec\u00edficos<\/li>\n<li>Calendario de acci\u00f3n y estrategia del nuevo programa de trabajo 2018-2020<\/li>\n<\/ul>\n<p><strong>Ponente: <\/strong><strong>Marina Mart\u00ednez Garcia<\/strong><\/p>\n<p><strong>18:20 \u2013 18.45 h Pausa &#8211; caf\u00e9<\/strong> (posibilidad de trabajo en red y posibilidad de hacer encuentros individuales para preparaci\u00f3n de propuestas)<\/p>\n<p><strong>18:45 \u2013 20:30: <\/strong><strong>FOCUS GROUP \u2013 II: transformaci\u00f3n Digital<\/strong><\/p>\n<ul>\n<li>Revisi\u00f3n de los programas de trabajo en H2020 (detalle de los t\u00f3picos)<\/li>\n<li>Iniciativas, foros y actores relevantes<\/li>\n<li>Lectura y an\u00e1lisis de \u201ctopics\u201d espec\u00edficos<\/li>\n<li>Calendario y estrategia del nuevo programa de trabajo 2018-2020<\/li>\n<\/ul>\n<p><strong>Ponente: <\/strong><strong>Marina Martinez Garc\u00eda<\/strong><\/p>\n<div class=\"ListParagraph\">\n<p><span style=\"color: #ff0000;\"><strong>Jueves\u00a014\u00a0de <span class=\"scayt-misspell-word\" data-scayt-lang=\"en_US\" data-scayt-word=\"setembre\">septiembre<\/span><\/strong><\/span><\/p>\n<\/div>\n<p><strong>16.00 \u2013 16.30 h<\/strong><strong>:<\/strong> <strong>Visi\u00f3n del Consejo Europeo para la innovaci\u00f3n (EIC) y sus instrumentos durante la segunda parte de H2020: modificaciones del Instrumento PYME y la nueva versi\u00f3n del Fast Track to Innovation<\/strong>.<\/p>\n<p><strong>Ponente:<\/strong> <strong>Marina Martinez Garc\u00eda <\/strong><\/p>\n<p><strong>16.30-18.00 h<\/strong>: <strong>FOCUS GROUP \u2013 III: Seguridad (incluyendo infraestructuras cr\u00edticas, Resistencias y Cyberseguridad)<\/strong><\/p>\n<ul>\n<li>Revisi\u00f3n de los programas de trabajo en H2020 (detalle de los \u201ctopics\u201d)<\/li>\n<li>Iniciativas, foros y actores relevantes<\/li>\n<li>Lectura y an\u00e1lisis de \u201ct\u00f3picos\u201d espec\u00edficos<\/li>\n<li>Calendario de actuaci\u00f3n y estrategia del nuevo programa de trabajo 2018-2020.<\/li>\n<\/ul>\n<p><strong>Ponente:<\/strong> <strong>Marina Mart\u00ednez Garc\u00eda<\/strong><\/p>\n<p><strong>18.00 \u2013 18.30 h<\/strong><strong>: Pausa-caf\u00e9<\/strong> (posibilidad de Networking con los asistentes y hacer encuentros individuales para preparaci\u00f3n de propuestas)<\/p>\n<p><strong>18.30 \u2013 20.30 h.:<\/strong> \u201c<strong>FOCUS GROUP\u201d \u2013 IV: econom\u00eda Circular y el ciclo del agua en H2020 e iniciativas paralelas (incluye PRIMA Art. 185 de la investigaci\u00f3n en el Mediterr\u00e1neo)<\/strong><\/p>\n<ul>\n<li>Revisi\u00f3n de los programas de trabajo en H2020 (detalle de los temas)<\/li>\n<li>Iniciativas, foros y actores relevantes<\/li>\n<li>Lectura y an\u00e1lisis de \u201ct\u00f3picos\u201d espec\u00edficos<\/li>\n<li>Calendario de actuaci\u00f3n y estrategia con respecto a la convocatoria del 2018<\/li>\n<\/ul>\n<p><strong>Ponente<\/strong><strong>: Marina Mart\u00ednez Garc\u00eda<\/strong><\/p>\n<p><em><span style=\"color: #ff0000;\">Adem\u00e1s, el 14 de septiembre, por la ma\u00f1ana de 12 h &#8211; 13 h. y 14 h &#8211; 16 h., los participantes de los diferentes \u201cFOCUS GROUP\u201d pueden solicitar reuniones individuales para preguntas de proyectos espec\u00edficos con los ponentes.<\/span><\/em><\/p>\n<div class=\"ListParagraph\">\n<p><span style=\"color: #ff0000;\"><strong>Jueves,\u00a021\u00a0de <span class=\"scayt-misspell-word\" data-scayt-lang=\"en_US\" data-scayt-word=\"setembre\">septiembre<\/span><\/strong><\/span><\/p>\n<\/div>\n<p><strong>16.00h \u2013 18.00h:\u00a0<\/strong><strong><em>Networking<\/em><\/strong><strong>\u00a0institucional y <em>lobby<\/em><\/strong><\/p>\n<ul>\n<li>Plataformas Tecnol\u00f3gicas Europeas<\/li>\n<li>Partenariado\u00a0P\u00fablico\u00a0Privado \u00abPPP\u00bb<\/li>\n<li>Ayudas y subvenciones &#8211; Acuerdos Contractuales<\/li>\n<\/ul>\n<p><strong>Ponente:<\/strong><strong>\u00a0<\/strong><strong>Emili\u00a0Mulet<\/strong><\/p>\n<p><strong>18.00h \u2013 18.30h:\u00a0Pausa-Caf\u00e9\u00a0<\/strong>(posibilidad de Networking con los asistentes y hacer encuentros individuales para preparaci\u00f3n de propuestas)<\/p>\n<p><strong>18.30h \u2013 20.30h:\u00a0<\/strong><strong>Como establecer\u00a0una estrategia de participaci\u00f3n<\/strong><\/p>\n<ul>\n<li>Generaci\u00f3n de una idea de proyecto:\u00a0<em>Concept\u00a0note<\/em><\/li>\n<\/ul>\n<ul>\n<li>Estrategia de participaci\u00f3n:\u00a0<em>Offer push \u00a0&amp; pull<\/em>. Liderazgo de una propuesta, b\u00fasqueda de socios yi tracci\u00f3n de\u00a0<em>partners<\/em>\u00a0de inter\u00e9s.<\/li>\n<\/ul>\n<p><strong>Ponente:\u00a0Dirk\u00a0Sasaeta<\/strong><\/p>\n<p><span style=\"color: #ff0000;\"><strong>Jueves,\u00a028\u00a0de <span class=\"scayt-misspell-word\" data-scayt-lang=\"en_US\" data-scayt-word=\"setembre\">septiembre<\/span><\/strong><\/span><\/p>\n<p><strong>16.00h \u2013 18.00h:\u00a0<\/strong><\/p>\n<p><strong>\u00a0&#8211; <\/strong><strong>Programa \u201cCEF\u201d Connecting Europe Facilities.<\/strong><\/p>\n<p><strong>&#8211; Ayudas en cascada<\/strong><\/p>\n<p><strong>&#8211; Programa \u201cEUREKA\u201d, ayudas para la cooperaci\u00f3n tecnol\u00f3gica internacional.<\/strong><\/p>\n<ul>\n<li><b><strong>\u201cEURIPIDES\u201d \u2013 <\/strong><\/b>Sistemas electr\u00f3nicos inteligentes<\/li>\n<\/ul>\n<ul>\n<li><strong>\u201cCELTIC PLUS\u201d &#8211; <\/strong>Telecomunicaciones<\/li>\n<\/ul>\n<ul>\n<li><strong>\u201cITEA\u201d &#8211; <\/strong>Software<\/li>\n<li><strong>\u201cPENTA\u201d \u2013 <\/strong>Nano electr\u00f3nica<\/li>\n<li><strong>\u201cEUROGIA\u201d \u2013 <\/strong>Tecnolog\u00edas para a la reducci\u00f3n de emisiones de carbono<\/li>\n<\/ul>\n<p><strong>18.00h \u2013 18.30h:\u00a0<\/strong><strong>Pausa-Caf\u00e9\u00a0<\/strong>(posibilidad de Networking con los asistentes y hacer encuentros individuales para preparaci\u00f3n de propuestas)<\/p>\n<p><strong>18.30h \u2013 20.00h:\u00a0<\/strong><strong>\u00a0El proceso de evaluaci\u00f3n de H2020 i experiencias del evaluador. Actualizaci\u00f3n de los cambios en las pr\u00f3ximas convocatorias.<\/strong><\/p>\n<p><strong>Ponente:<\/strong> <strong>Emili\u00a0Mulet<\/strong><\/p>\n<ul>\n<li>Revisi\u00f3n de c\u00f3mo se realiza la evaluaci\u00f3n de proyectos colaborativos en H2020.<\/li>\n<li>Aspectos a tener en cuenta por el evaluador<\/li>\n<li>Novedades de cara a la segunda mitad de H2020<\/li>\n<li>Evaluaci\u00f3n otros instrumentos:\u00a0<em>SMEs\u00a0instrument<\/em>\u00a0i FTI<\/li>\n<\/ul>\n<p><strong>Ponente:<\/strong>\u00a0<strong>Iwona Maciejewska<\/strong><\/p>\n<p><strong>20.00h \u2013 20.30h:\u00a0Conclusiones y cierre del curso<\/strong><\/p>\n<p>&nbsp;<\/p>\n<div class=\"ListParagraph\">\n<p><b><span lang=\"ES-TRAD\">\u00a0<\/span><\/b><\/p>\n<\/div>\n","protected":false},"author":9,"featured_media":37477,"menu_order":0,"comment_status":"closed","ping_status":"closed","template":"","meta":{"_links_to":"","_links_to_target":""},"tags":[],"event_type":[590],"event_type_2":[],"acf":[],"_links":{"self":[{"href":"https:\/\/www.foment.com\/es\/wp-json\/wp\/v2\/ajde_events\/37505"}],"collection":[{"href":"https:\/\/www.foment.com\/es\/wp-json\/wp\/v2\/ajde_events"}],"about":[{"href":"https:\/\/www.foment.com\/es\/wp-json\/wp\/v2\/types\/ajde_events"}],"author":[{"embeddable":true,"href":"https:\/\/www.foment.com\/es\/wp-json\/wp\/v2\/users\/9"}],"replies":[{"embeddable":true,"href":"https:\/\/www.foment.com\/es\/wp-json\/wp\/v2\/comments?post=37505"}],"wp:featuredmedia":[{"embeddable":true,"href":"https:\/\/www.foment.com\/es\/wp-json\/wp\/v2\/media\/37477"}],"wp:attachment":[{"href":"https:\/\/www.foment.com\/es\/wp-json\/wp\/v2\/media?parent=37505"}],"wp:term":[{"taxonomy":"post_tag","embeddable":true,"href":"https:\/\/www.foment.com\/es\/wp-json\/wp\/v2\/tags?post=37505"},{"taxonomy":"event_type","embeddable":true,"href":"https:\/\/www.foment.com\/es\/wp-json\/wp\/v2\/event_type?post=37505"},{"taxonomy":"event_type_2","embeddable":true,"href":"https:\/\/www.foment.com\/es\/wp-json\/wp\/v2\/event_type_2?post=37505"}],"curies":[{"name":"wp","href":"https:\/\/api.w.org\/{rel}","templated":true}]}}

<p><span style="color: #ff0000;"><strong>OBJECTIVO DEL CURSO</strong></span></p>
<ul>
<li>Entender mejor los objetivos y directrices de la Comisión Europea en H2020 para el período 2018-2020.</li>
<li>Profundizar en las posibilidades que ofrecen cada una de las áreas focales de H2020 para la convocatoria inminente de 2018 de retos sociales y liderazgo Industrial.</li>
<li>Ayudar a las empresas a establecer una estrategia de participación. Identificación de eventos relevantes, foros, grupos de trabajo y plataformas europeas en las que es conveniente tener presencia así como aquellos actores clave a nivel europeo que deben ser tomados en cuenta.</li>
<li>Concretar el análisis práctico de los “tópicos” de interés para los diferentes grupos de trabajo.</li>
<li>Apoyar la preparación de posibles ideas de proyectos para los “tópicos” identificados y, en el caso de que hubieran peticiones específicas, se realizarán reuniones individuales para orientación de propuestas.</li>
<li>Detalle de oportunidades específicas para 2018 en herramientas transversales y “Bottom up” como el “Fast track to Innovation” (FTI), así como las modificaciones en el “Instrumento PYME”. Además, se hará un resumen de las acciones específicas que el Consejo Europeo de la innovación (EIC) llevará a término el año próximo.</li>
</ul>
<p><span style="color: #ff0000;"><strong>DATOS, DESARROLLO DEL CURSO Y METODOLOGÍA</strong></span><strong> </strong></p>
<p>Los jueves 7, 14, 21 y 28 de septiembre de 2017. el curso será de 16:00 a 20:30, con un descanso de media hora entre 18:00 y 18:30, aproximadamente.</p>
<p>Como metodología, todas las explicaciones, actualizaciones de los programas y oportunidades de participación se acompañarán de ejercicios y ejemplos prácticos elegidos con antelación por los ponentes y participantes.</p>
<p>Los participantes en el curso recibirán, por adelantado, material (en digital) para la preparación de las sesiones temáticas.</p>
<p>Existe la posibilidad de organizar reuniones con los ponentes para resolver cuestiones individuales y para hacer preguntas de proyectos específicos (ver agenda).</p>
<p><span style="color: #ff0000;"><strong>FORMADORES / ASESORES</strong></span></p>
<p><strong>Marina Martínez </strong>es personal destacado del CDTI en Bruselas y Coordinadora del programa de especialización de gestores de la oficina SOST-CDTI desde 2009. Es responsable de hacer seguimiento del programa de Retos Sociales y Liderazgo Industrial de Horizonte 2020, así como de la acción preparatoria sobre investigación en defensa de la Unión Europea.</p>
<p><strong>Emilio Mulet </strong>– Director de la oficina de proyectos europeos del grupo GTi en Bruselas y experto en gestión de proyectos TIC y eficiencia energética.</p>
<p><strong>Dirk Saseta </strong>– Es Director de proyectos del Centro Tecnológico LEITAT.</p>
<p><strong>Iwona Maciejewska </strong>– Jefa de desarrollo de negocios en la empresa Suiza DFRC AG y promotora tecnológica del instituto de investigación InLAB-FIB de la UPC. Ha sido evaluadora de proyectos colaborativos H2020 para el programa de seguridad, TIC y energía; así como el instrumento PYME (fase 1, fase 2).</p>
<p><span style="color: #ff0000;"><strong>DESTINATARIOS DEL CURSO</strong></span></p>
<p>El curso está dirigido a empresas y organizaciones que quieran participar en las convocatorias de los programas europeos para ayudas de I+D, con especial atención al programa Horizonte2020, Eureka, CEF y otras iniciativas paralelas.</p>
<p><span style="color: #ff0000;"><strong>PRECIO</strong></span></p>
<p><strong>Socios de Foment: 340 €</strong>  // No Socios: 400 €</p>
<p>El importe de la inscripción debe hacerse por transferencia bancaria indicando en el concepto <strong>«H2020 + nombre del asistente»</strong> en la siguiente cuenta: <strong>Bankinter Nº IBAN ES38-0128-7613-79-0100000716 &#8211; Swift: BKBKESMM</strong> (enviar comprobante de transferencia a innovacio@foment.com).</p>
<p><span style="color: #ff0000;"><strong><u>AGENDA</u></strong></span></p>
<p><span style="color: #ff0000;"><strong>Jueves 07 de <span class="scayt-misspell-word" data-scayt-lang="en_US" data-scayt-word="setembre">septiembre</span></strong></span></p>
<p><strong>16.00 – 16.20 h: Presentación del curso.</strong></p>
<p><strong>16.20 h – 18.20: </strong><strong>FOCUS GROUP – I : eficiencia energética y economía Zero emisiones de carbono</strong></p>
<ul>
<li>Revisión de los programas de trabajo en H2020 (detalle de los temas)</li>
<li>Iniciativas, foros y actores relevantes</li>
<li>Lectura y análisis de “tópicos” específicos</li>
<li>Calendario de acción y estrategia del nuevo programa de trabajo 2018-2020</li>
</ul>
<p><strong>Ponente: </strong><strong>Marina Martínez Garcia</strong></p>
<p><strong>18:20 – 18.45 h Pausa &#8211; café</strong> (posibilidad de trabajo en red y posibilidad de hacer encuentros individuales para preparación de propuestas)</p>
<p><strong>18:45 – 20:30: </strong><strong>FOCUS GROUP – II: transformación Digital</strong></p>
<ul>
<li>Revisión de los programas de trabajo en H2020 (detalle de los tópicos)</li>
<li>Iniciativas, foros y actores relevantes</li>
<li>Lectura y análisis de “topics” específicos</li>
<li>Calendario y estrategia del nuevo programa de trabajo 2018-2020</li>
</ul>
<p><strong>Ponente: </strong><strong>Marina Martinez García</strong></p>
<div class="ListParagraph">
<p><span style="color: #ff0000;"><strong>Jueves 14 de <span class="scayt-misspell-word" data-scayt-lang="en_US" data-scayt-word="setembre">septiembre</span></strong></span></p>
</div>
<p><strong>16.00 – 16.30 h</strong><strong>:</strong> <strong>Visión del Consejo Europeo para la innovación (EIC) y sus instrumentos durante la segunda parte de H2020: modificaciones del Instrumento PYME y la nueva versión del Fast Track to Innovation</strong>.</p>
<p><strong>Ponente:</strong> <strong>Marina Martinez García </strong></p>
<p><strong>16.30-18.00 h</strong>: <strong>FOCUS GROUP – III: Seguridad (incluyendo infraestructuras críticas, Resistencias y Cyberseguridad)</strong></p>
<ul>
<li>Revisión de los programas de trabajo en H2020 (detalle de los “topics”)</li>
<li>Iniciativas, foros y actores relevantes</li>
<li>Lectura y análisis de “tópicos” específicos</li>
<li>Calendario de actuación y estrategia del nuevo programa de trabajo 2018-2020.</li>
</ul>
<p><strong>Ponente:</strong> <strong>Marina Martínez García</strong></p>
<p><strong>18.00 – 18.30 h</strong><strong>: Pausa-café</strong> (posibilidad de Networking con los asistentes y hacer encuentros individuales para preparación de propuestas)</p>
<p><strong>18.30 – 20.30 h.:</strong> “<strong>FOCUS GROUP” – IV: economía Circular y el ciclo del agua en H2020 e iniciativas paralelas (incluye PRIMA Art. 185 de la investigación en el Mediterráneo)</strong></p>
<ul>
<li>Revisión de los programas de trabajo en H2020 (detalle de los temas)</li>
<li>Iniciativas, foros y actores relevantes</li>
<li>Lectura y análisis de “tópicos” específicos</li>
<li>Calendario de actuación y estrategia con respecto a la convocatoria del 2018</li>
</ul>
<p><strong>Ponente</strong><strong>: Marina Martínez García</strong></p>
<p><em><span style="color: #ff0000;">Además, el 14 de septiembre, por la mañana de 12 h &#8211; 13 h. y 14 h &#8211; 16 h., los participantes de los diferentes “FOCUS GROUP” pueden solicitar reuniones individuales para preguntas de proyectos específicos con los ponentes.</span></em></p>
<div class="ListParagraph">
<p><span style="color: #ff0000;"><strong>Jueves, 21 de <span class="scayt-misspell-word" data-scayt-lang="en_US" data-scayt-word="setembre">septiembre</span></strong></span></p>
</div>
<p><strong>16.00h – 18.00h: </strong><strong><em>Networking</em></strong><strong> institucional y <em>lobby</em></strong></p>
<ul>
<li>Plataformas Tecnológicas Europeas</li>
<li>Partenariado Público Privado «PPP»</li>
<li>Ayudas y subvenciones &#8211; Acuerdos Contractuales</li>
</ul>
<p><strong>Ponente:</strong><strong> </strong><strong>Emili Mulet</strong></p>
<p><strong>18.00h – 18.30h: Pausa-Café </strong>(posibilidad de Networking con los asistentes y hacer encuentros individuales para preparación de propuestas)</p>
<p><strong>18.30h – 20.30h: </strong><strong>Como establecer una estrategia de participación</strong></p>
<ul>
<li>Generación de una idea de proyecto: <em>Concept note</em></li>
</ul>
<ul>
<li>Estrategia de participación: <em>Offer push  &amp; pull</em>. Liderazgo de una propuesta, búsqueda de socios yi tracción de <em>partners</em> de interés.</li>
</ul>
<p><strong>Ponente: Dirk Sasaeta</strong></p>
<p><span style="color: #ff0000;"><strong>Jueves, 28 de <span class="scayt-misspell-word" data-scayt-lang="en_US" data-scayt-word="setembre">septiembre</span></strong></span></p>
<p><strong>16.00h – 18.00h: </strong></p>
<p><strong> &#8211; </strong><strong>Programa “CEF” Connecting Europe Facilities.</strong></p>
<p><strong>&#8211; Ayudas en cascada</strong></p>
<p><strong>&#8211; Programa “EUREKA”, ayudas para la cooperación tecnológica internacional.</strong></p>
<ul>
<li><b><strong>“EURIPIDES” – </strong></b>Sistemas electrónicos inteligentes</li>
</ul>
<ul>
<li><strong>“CELTIC PLUS” &#8211; </strong>Telecomunicaciones</li>
</ul>
<ul>
<li><strong>“ITEA” &#8211; </strong>Software</li>
<li><strong>“PENTA” – </strong>Nano electrónica</li>
<li><strong>“EUROGIA” – </strong>Tecnologías para a la reducción de emisiones de carbono</li>
</ul>
<p><strong>18.00h – 18.30h: </strong><strong>Pausa-Café </strong>(posibilidad de Networking con los asistentes y hacer encuentros individuales para preparación de propuestas)</p>
<p><strong>18.30h – 20.00h: </strong><strong> El proceso de evaluación de H2020 i experiencias del evaluador. Actualización de los cambios en las próximas convocatorias.</strong></p>
<p><strong>Ponente:</strong> <strong>Emili Mulet</strong></p>
<ul>
<li>Revisión de cómo se realiza la evaluación de proyectos colaborativos en H2020.</li>
<li>Aspectos a tener en cuenta por el evaluador</li>
<li>Novedades de cara a la segunda mitad de H2020</li>
<li>Evaluación otros instrumentos: <em>SMEs instrument</em> i FTI</li>
</ul>
<p><strong>Ponente:</strong> <strong>Iwona Maciejewska</strong></p>
<p><strong>20.00h – 20.30h: Conclusiones y cierre del curso</strong></p>
<p>&nbsp;</p>
<div class="ListParagraph">
<p><b><span lang="ES-TRAD"> </span></b></p>
</div>
