{"id":38189,"date":"2017-09-19T12:35:33","date_gmt":"2017-09-19T10:35:33","guid":{"rendered":"http:\/\/www.foment.com\/es\/?post_type=ajde_events&#038;p=38189"},"modified":"2019-12-11T19:18:04","modified_gmt":"2019-12-11T18:18:04","slug":"presentacion-libro-blanco-sobre-el-sistema-de-formacion-en-el-trabajo","status":"publish","type":"ajde_events","link":"https:\/\/www.foment.com\/es\/events\/presentacion-libro-blanco-sobre-el-sistema-de-formacion-en-el-trabajo\/","title":{"rendered":"Presentaci\u00f3n del \u00abLibro Blanco sobre el Sistema de Formaci\u00f3n en el Trabajo\u00bb"},"content":{"rendered":"<section class=\"wpb-content-wrapper\"><p>[vc_row][vc_column][vc_column_text]Tras lo resultados negativos arrojados por el nuevo modelo de Formaci\u00f3n profesional para el Empleo, aprobado en 2015, sin el acuerdo de los agentes sociales, desde el mundo empresarial nos planteamos la necesidad de un cambio profundo de modelo.<\/p>\n<p>EL \u00abLibro Blanco sobre el Sistema de Formaci\u00f3n de Trabajo\u00bb, propone un modelo que vincule la formaci\u00f3n profesional con la competitividad de las empresas y busque incrementarla, se base en sus necesidades reales de formaci\u00f3n y tenga car\u00e1cter negociado en el \u00e1mbito interno de las mismas o entre agentes empresariales y sindicales en el \u00e1mbito de la negociaci\u00f3n colectiva.<\/p>\n<p>Se entregar\u00e1 un ejemplar del Libro Blanco a cada asistente.<\/p>\n<p style=\"text-align: center;\"><strong><span style=\"color: #c1002b;\">PROGRAMA<\/span><\/strong><\/p>\n<p><strong><span style=\"color: #c1002b;\">11.30 h Presentaci\u00f3n<\/span><\/strong><\/p>\n<p><span style=\"color: #5f6062;\"><strong>Sr. Juan Pujol<\/strong>, Secretario General de Foment del Treball.<\/span><\/p>\n<p><strong><span style=\"color: #c1002b;\">11.45 h \u00abLibro Blanco Sobre el Sistema de Formaci\u00f3n en el Trabajo\u00bb: c\u00f3mo se elabor\u00f3 y las reflexiones m\u00e1s importantes que contiene.<\/span><\/strong><\/p>\n<p><span style=\"color: #5f6062;\"><strong>Sr. Jos\u00e9 Antonio Sarr\u00eda Terr\u00f3n<\/strong>, Presidente de la Comisi\u00f3n de Formaci\u00f3n de la CEOE y de la Confederaci\u00f3n de Empresarios de Navarra<\/span><\/p>\n<p><strong><span style=\"color: #c1002b;\">13.00 Coloquio<\/span><\/strong><\/p>\n<p><span style=\"color: #5f6062;\">Moderado por el<strong> Sr. Manuel Rosillo<\/strong>, Presidente de la Comisi\u00f3n de Formaci\u00f3n de Foment del Treball<\/span>[\/vc_column_text][\/vc_column][\/vc_row]<\/p>\n<\/section>","protected":false},"author":24,"featured_media":38205,"menu_order":0,"comment_status":"closed","ping_status":"closed","template":"","meta":{"_links_to":"","_links_to_target":""},"tags":[721],"event_type":[597],"event_type_2":[],"acf":[],"_links":{"self":[{"href":"https:\/\/www.foment.com\/es\/wp-json\/wp\/v2\/ajde_events\/38189"}],"collection":[{"href":"https:\/\/www.foment.com\/es\/wp-json\/wp\/v2\/ajde_events"}],"about":[{"href":"https:\/\/www.foment.com\/es\/wp-json\/wp\/v2\/types\/ajde_events"}],"author":[{"embeddable":true,"href":"https:\/\/www.foment.com\/es\/wp-json\/wp\/v2\/users\/24"}],"replies":[{"embeddable":true,"href":"https:\/\/www.foment.com\/es\/wp-json\/wp\/v2\/comments?post=38189"}],"wp:featuredmedia":[{"embeddable":true,"href":"https:\/\/www.foment.com\/es\/wp-json\/wp\/v2\/media\/38205"}],"wp:attachment":[{"href":"https:\/\/www.foment.com\/es\/wp-json\/wp\/v2\/media?parent=38189"}],"wp:term":[{"taxonomy":"post_tag","embeddable":true,"href":"https:\/\/www.foment.com\/es\/wp-json\/wp\/v2\/tags?post=38189"},{"taxonomy":"event_type","embeddable":true,"href":"https:\/\/www.foment.com\/es\/wp-json\/wp\/v2\/event_type?post=38189"},{"taxonomy":"event_type_2","embeddable":true,"href":"https:\/\/www.foment.com\/es\/wp-json\/wp\/v2\/event_type_2?post=38189"}],"curies":[{"name":"wp","href":"https:\/\/api.w.org\/{rel}","templated":true}]}}

Presentación del «Libro Blanco sobre el Sistema de Formación en el Trabajo»

<section class="wpb-content-wrapper"><p>[vc_row][vc_column][vc_column_text]Tras lo resultados negativos arrojados por el nuevo modelo de Formación profesional para el Empleo, aprobado en 2015, sin el acuerdo de los agentes sociales, desde el mundo empresarial nos planteamos la necesidad de un cambio profundo de modelo.</p>
<p>EL «Libro Blanco sobre el Sistema de Formación de Trabajo», propone un modelo que vincule la formación profesional con la competitividad de las empresas y busque incrementarla, se base en sus necesidades reales de formación y tenga carácter negociado en el ámbito interno de las mismas o entre agentes empresariales y sindicales en el ámbito de la negociación colectiva.</p>
<p>Se entregará un ejemplar del Libro Blanco a cada asistente.</p>
<p style="text-align: center;"><strong><span style="color: #c1002b;">PROGRAMA</span></strong></p>
<p><strong><span style="color: #c1002b;">11.30 h Presentación</span></strong></p>
<p><span style="color: #5f6062;"><strong>Sr. Juan Pujol</strong>, Secretario General de Foment del Treball.</span></p>
<p><strong><span style="color: #c1002b;">11.45 h «Libro Blanco Sobre el Sistema de Formación en el Trabajo»: cómo se elaboró y las reflexiones más importantes que contiene.</span></strong></p>
<p><span style="color: #5f6062;"><strong>Sr. José Antonio Sarría Terrón</strong>, Presidente de la Comisión de Formación de la CEOE y de la Confederación de Empresarios de Navarra</span></p>
<p><strong><span style="color: #c1002b;">13.00 Coloquio</span></strong></p>
<p><span style="color: #5f6062;">Moderado por el<strong> Sr. Manuel Rosillo</strong>, Presidente de la Comisión de Formación de Foment del Treball</span>[/vc_column_text][/vc_column][/vc_row]</p>
</section>
