{"id":39102,"date":"2017-10-24T12:26:35","date_gmt":"2017-10-24T10:26:35","guid":{"rendered":"http:\/\/www.foment.com\/es\/?post_type=ajde_events&#038;p=39102"},"modified":"2019-10-29T15:47:06","modified_gmt":"2019-10-29T14:47:06","slug":"impacto-big-data-negocio","status":"publish","type":"ajde_events","link":"https:\/\/www.foment.com\/es\/events\/impacto-big-data-negocio\/","title":{"rendered":"Impacto del Big Data en el negocio"},"content":{"rendered":"<section class=\"wpb-content-wrapper\"><p>[vc_row][vc_column width=\u00bb1\/4&#8243;]<div class=\"single_image wpb_content_element align-left    \" data-animation=\"none\" data-delay=\"0\"><img width=\"150\" height=\"175\" src=\"https:\/\/www.foment.com\/wp-content\/uploads\/2017\/10\/RBY-Aug-2014-small.jpg\" class=\"attachment-full\" alt=\"\" loading=\"lazy\" title=\"RBY-Aug-2014-small\" \/><\/div>[\/vc_column][vc_column width=\u00bb3\/4&#8243;]<div class=\"spacer\" style=\"height: 20px;\"><\/div>[vc_column_text]Big data es una tendencia actual pero hay muchas interpretaciones posibles de cu\u00e1l es su verdadero impacto; las oportunidades, riesgos y los desaf\u00edos tecnol\u00f3gicos asociados. Esta sesi\u00f3n empezar\u00e1 con dos preguntas clave: \u00bfpueden todas las empresas usar <em>big data<\/em>? Y si pueden, \u00bfdeben? Una reflexi\u00f3n que incluir\u00e1 todo el proceso de captura, almacenamiento y manejo de los datos.<br \/>\nRicardo Baeza aportar\u00e1 su conocimiento como experto en la materia y a continuaci\u00f3n abrir\u00e1 el debate\u00a0donde, probablemente, llegaremos a la conclusi\u00f3n que lo m\u00e1s importante no es el concepto\u00a0<em>big data <\/em>sino tener los datos correctos, aunque sean pocos.[\/vc_column_text][\/vc_column][\/vc_row][vc_row][vc_column width=\u00bb1\/1&#8243;][vc_column_text]Actualmente, Ricardo Baeza-Yates es CTO de NTENT, una compa\u00f1\u00eda tecnol\u00f3gica con sede en California. Anteriormente fue vicepresidente y jefe cient\u00edfico de Yahoo Labs y ocup\u00f3 diferentes cargos de responsabilidad en Am\u00e9rica, Europa y Oriente Pr\u00f3ximo. Tambi\u00e9n es catedr\u00e1tico de universidad, dirige estudiantes de doctorado y es el fundador e investigador principal del Grupo de Investigaci\u00f3n de la Web y Computaci\u00f3n Social (WSSC) del Departamento de Tecnolog\u00edas de la Informaci\u00f3n y las Comunicaciones (DTIC) de la UPF. Sus \u00e1reas de experticia principales son tecnolog\u00edas de b\u00fasqueda y miner\u00eda de datos. Es ACM Fellow e IEEE Fellow.[\/vc_column_text][\/vc_column][\/vc_row][vc_row][vc_column][vc_column_text]<\/p>\n<h3 style=\"text-align: center;\"><span style=\"color: #c1002b;\">Organizado por:<\/span><\/h3>\n<p>[\/vc_column_text][\/vc_column][\/vc_row][vc_row][vc_column width=\u00bb1\/2&#8243;]<div class=\"single_image wpb_content_element align-right    \" data-animation=\"none\" data-delay=\"0\"><img width=\"94\" height=\"94\" src=\"https:\/\/www.foment.com\/wp-content\/uploads\/2017\/10\/foment_up_Maria-3.png\" class=\"attachment-thumbnail\" alt=\"\" loading=\"lazy\" title=\"foment_up_Maria\" srcset=\"https:\/\/www.foment.com\/wp-content\/uploads\/2017\/10\/foment_up_Maria-3.png 94w, https:\/\/www.foment.com\/wp-content\/uploads\/2017\/10\/foment_up_Maria-3-80x80.png 80w\" sizes=\"(max-width: 94px) 100vw, 94px\" \/><\/div>[\/vc_column][vc_column width=\u00bb1\/2&#8243;]<div class=\"single_image wpb_content_element align-left    \" data-animation=\"none\" data-delay=\"0\"><img width=\"176\" height=\"79\" src=\"https:\/\/www.foment.com\/wp-content\/uploads\/2017\/10\/gas_natural_Maria-4.png\" class=\"attachment-medium\" alt=\"\" loading=\"lazy\" title=\"gas_natural_Maria\" \/><\/div>[\/vc_column][\/vc_row][vc_row][vc_column width=\u00bb1\/1&#8243;][vc_column_text]<\/p>\n<h4 style=\"text-align: center;\"><span style=\"color: #c1002b;\">Con la colaboraci\u00f3n de:<\/span><\/h4>\n<p>[\/vc_column_text][\/vc_column][\/vc_row][vc_row][vc_column text_align=\u00bbcenter\u00bb width=\u00bb1\/1&#8243;]<div class=\"single_image wpb_content_element align-center    \" data-animation=\"none\" data-delay=\"0\"><img width=\"139\" height=\"93\" src=\"https:\/\/www.foment.com\/wp-content\/uploads\/2017\/10\/accio-generalitat-catalunya_reducido-1.png\" class=\"attachment-full\" alt=\"\" loading=\"lazy\" title=\"accio-generalitat-catalunya_reducido\" \/><\/div>[\/vc_column][\/vc_row]<\/p>\n<\/section>","protected":false},"author":24,"featured_media":39163,"menu_order":0,"comment_status":"closed","ping_status":"closed","template":"","meta":{"_links_to":"","_links_to_target":""},"tags":[],"event_type":[590],"event_type_2":[],"acf":[],"_links":{"self":[{"href":"https:\/\/www.foment.com\/es\/wp-json\/wp\/v2\/ajde_events\/39102"}],"collection":[{"href":"https:\/\/www.foment.com\/es\/wp-json\/wp\/v2\/ajde_events"}],"about":[{"href":"https:\/\/www.foment.com\/es\/wp-json\/wp\/v2\/types\/ajde_events"}],"author":[{"embeddable":true,"href":"https:\/\/www.foment.com\/es\/wp-json\/wp\/v2\/users\/24"}],"replies":[{"embeddable":true,"href":"https:\/\/www.foment.com\/es\/wp-json\/wp\/v2\/comments?post=39102"}],"wp:featuredmedia":[{"embeddable":true,"href":"https:\/\/www.foment.com\/es\/wp-json\/wp\/v2\/media\/39163"}],"wp:attachment":[{"href":"https:\/\/www.foment.com\/es\/wp-json\/wp\/v2\/media?parent=39102"}],"wp:term":[{"taxonomy":"post_tag","embeddable":true,"href":"https:\/\/www.foment.com\/es\/wp-json\/wp\/v2\/tags?post=39102"},{"taxonomy":"event_type","embeddable":true,"href":"https:\/\/www.foment.com\/es\/wp-json\/wp\/v2\/event_type?post=39102"},{"taxonomy":"event_type_2","embeddable":true,"href":"https:\/\/www.foment.com\/es\/wp-json\/wp\/v2\/event_type_2?post=39102"}],"curies":[{"name":"wp","href":"https:\/\/api.w.org\/{rel}","templated":true}]}}

<section class="wpb-content-wrapper"><p>[vc_row][vc_column width=»1/4&#8243;]<div class="single_image wpb_content_element align-left    " data-animation="none" data-delay="0"><img width="150" height="175" src="https://www.foment.com/wp-content/uploads/2017/10/RBY-Aug-2014-small.jpg" class="attachment-full" alt="" loading="lazy" title="RBY-Aug-2014-small" /></div>[/vc_column][vc_column width=»3/4&#8243;]<div class="spacer" style="height: 20px;"></div>[vc_column_text]Big data es una tendencia actual pero hay muchas interpretaciones posibles de cuál es su verdadero impacto; las oportunidades, riesgos y los desafíos tecnológicos asociados. Esta sesión empezará con dos preguntas clave: ¿pueden todas las empresas usar <em>big data</em>? Y si pueden, ¿deben? Una reflexión que incluirá todo el proceso de captura, almacenamiento y manejo de los datos.<br />
Ricardo Baeza aportará su conocimiento como experto en la materia y a continuación abrirá el debate donde, probablemente, llegaremos a la conclusión que lo más importante no es el concepto <em>big data </em>sino tener los datos correctos, aunque sean pocos.[/vc_column_text][/vc_column][/vc_row][vc_row][vc_column width=»1/1&#8243;][vc_column_text]Actualmente, Ricardo Baeza-Yates es CTO de NTENT, una compañía tecnológica con sede en California. Anteriormente fue vicepresidente y jefe científico de Yahoo Labs y ocupó diferentes cargos de responsabilidad en América, Europa y Oriente Próximo. También es catedrático de universidad, dirige estudiantes de doctorado y es el fundador e investigador principal del Grupo de Investigación de la Web y Computación Social (WSSC) del Departamento de Tecnologías de la Información y las Comunicaciones (DTIC) de la UPF. Sus áreas de experticia principales son tecnologías de búsqueda y minería de datos. Es ACM Fellow e IEEE Fellow.[/vc_column_text][/vc_column][/vc_row][vc_row][vc_column][vc_column_text]</p>
<h3 style="text-align: center;"><span style="color: #c1002b;">Organizado por:</span></h3>
<p>[/vc_column_text][/vc_column][/vc_row][vc_row][vc_column width=»1/2&#8243;]<div class="single_image wpb_content_element align-right    " data-animation="none" data-delay="0"><img width="94" height="94" src="https://www.foment.com/wp-content/uploads/2017/10/foment_up_Maria-3.png" class="attachment-thumbnail" alt="" loading="lazy" title="foment_up_Maria" srcset="https://www.foment.com/wp-content/uploads/2017/10/foment_up_Maria-3.png 94w, https://www.foment.com/wp-content/uploads/2017/10/foment_up_Maria-3-80x80.png 80w" sizes="(max-width: 94px) 100vw, 94px" /></div>[/vc_column][vc_column width=»1/2&#8243;]<div class="single_image wpb_content_element align-left    " data-animation="none" data-delay="0"><img width="176" height="79" src="https://www.foment.com/wp-content/uploads/2017/10/gas_natural_Maria-4.png" class="attachment-medium" alt="" loading="lazy" title="gas_natural_Maria" /></div>[/vc_column][/vc_row][vc_row][vc_column width=»1/1&#8243;][vc_column_text]</p>
<h4 style="text-align: center;"><span style="color: #c1002b;">Con la colaboración de:</span></h4>
<p>[/vc_column_text][/vc_column][/vc_row][vc_row][vc_column text_align=»center» width=»1/1&#8243;]<div class="single_image wpb_content_element align-center    " data-animation="none" data-delay="0"><img width="139" height="93" src="https://www.foment.com/wp-content/uploads/2017/10/accio-generalitat-catalunya_reducido-1.png" class="attachment-full" alt="" loading="lazy" title="accio-generalitat-catalunya_reducido" /></div>[/vc_column][/vc_row]</p>
</section>
