{"id":39864,"date":"2017-11-03T12:43:55","date_gmt":"2017-11-03T11:43:55","guid":{"rendered":"http:\/\/www.foment.com\/es\/?post_type=ajde_events&#038;p=39864"},"modified":"2019-12-11T20:16:31","modified_gmt":"2019-12-11T19:16:31","slug":"autoconciencia-como-base-salud-fisica-mental","status":"publish","type":"ajde_events","link":"https:\/\/www.foment.com\/es\/events\/autoconciencia-como-base-salud-fisica-mental\/","title":{"rendered":"La Autoconciencia como base de la Salud F\u00edsica y Mental"},"content":{"rendered":"<p>&nbsp;<\/p>\n<p><span style=\"color: #5f6062;\">Dentro del marco de la <\/span><span style=\"color: #c1002b;\">COMISI\u00d3N MUJER Y EMPRESA<\/span> <span style=\"color: #5f6062;\">de Foment del Treball, hemos organizado un TALLER para trabajar en el descubrimiento de la autoconsciencia y conocer las claves para afrontar todos y cada uno de los retos que nos presenta la vida.<br \/>\n<\/span><\/p>\n<p><span style=\"color: #5f6062;\">La profesional invitada en esta ocasi\u00f3n es<strong> Assumpci\u00f3 Salat<\/strong> (*), una reconocida y prestigiosa psic\u00f3loga, formadora y consultora que lleva m\u00e1s de 20 a\u00f1os trabajando con personas y organizaciones, tanto p\u00fablicas como privadas, impartiendo formaci\u00f3n sobre calidad humana, inteligencia emocional, crecimiento interior y empoderamiento.<br \/>\n<\/span><\/p>\n<p><span style=\"color: #5f6062;\">As\u00ed pues, Assumpci\u00f3 nos propone hacer un viaje introspectivo para descubrir las herramientas y habilidades que adquirimos cuando desarrollamos nuestra consciencia.<br \/>\n<\/span><\/p>\n<p><span style=\"color: #5f6062;\">La finalidad de este taller es ayudarnos a gestionar mejor nuestro estr\u00e9s y nuestro cuerpo y, de esta manera, poder conseguir una mejora en nuestra <em>salud f\u00edsica y mental<\/em>.<\/span><\/p>\n<p>&nbsp;<\/p>\n<p><span style=\"color: #5f6062;\">(*)se obsequiar\u00e1 a todos\/as los\/las asistentes\/as con un ejemplar de su libro: <strong>El Desarrollo de la Consciencia &#8211; Encontrando tu mapa<\/strong>\u00a0<\/span><\/p>\n<p><span style=\"color: #5f6062;\"><strong>Aforo limitado<\/strong>\/Inscripciones otorgadas por riguroso orden de confirmaci\u00f3n<\/span><\/p>\n","protected":false},"author":17,"featured_media":39873,"menu_order":0,"comment_status":"closed","ping_status":"closed","template":"","meta":{"_links_to":"","_links_to_target":""},"tags":[],"event_type":[2251],"event_type_2":[],"acf":[],"_links":{"self":[{"href":"https:\/\/www.foment.com\/es\/wp-json\/wp\/v2\/ajde_events\/39864"}],"collection":[{"href":"https:\/\/www.foment.com\/es\/wp-json\/wp\/v2\/ajde_events"}],"about":[{"href":"https:\/\/www.foment.com\/es\/wp-json\/wp\/v2\/types\/ajde_events"}],"author":[{"embeddable":true,"href":"https:\/\/www.foment.com\/es\/wp-json\/wp\/v2\/users\/17"}],"replies":[{"embeddable":true,"href":"https:\/\/www.foment.com\/es\/wp-json\/wp\/v2\/comments?post=39864"}],"wp:featuredmedia":[{"embeddable":true,"href":"https:\/\/www.foment.com\/es\/wp-json\/wp\/v2\/media\/39873"}],"wp:attachment":[{"href":"https:\/\/www.foment.com\/es\/wp-json\/wp\/v2\/media?parent=39864"}],"wp:term":[{"taxonomy":"post_tag","embeddable":true,"href":"https:\/\/www.foment.com\/es\/wp-json\/wp\/v2\/tags?post=39864"},{"taxonomy":"event_type","embeddable":true,"href":"https:\/\/www.foment.com\/es\/wp-json\/wp\/v2\/event_type?post=39864"},{"taxonomy":"event_type_2","embeddable":true,"href":"https:\/\/www.foment.com\/es\/wp-json\/wp\/v2\/event_type_2?post=39864"}],"curies":[{"name":"wp","href":"https:\/\/api.w.org\/{rel}","templated":true}]}}

La Autoconciencia como base de la Salud Física y Mental

<p>&nbsp;</p>
<p><span style="color: #5f6062;">Dentro del marco de la </span><span style="color: #c1002b;">COMISIÓN MUJER Y EMPRESA</span> <span style="color: #5f6062;">de Foment del Treball, hemos organizado un TALLER para trabajar en el descubrimiento de la autoconsciencia y conocer las claves para afrontar todos y cada uno de los retos que nos presenta la vida.<br />
</span></p>
<p><span style="color: #5f6062;">La profesional invitada en esta ocasión es<strong> Assumpció Salat</strong> (*), una reconocida y prestigiosa psicóloga, formadora y consultora que lleva más de 20 años trabajando con personas y organizaciones, tanto públicas como privadas, impartiendo formación sobre calidad humana, inteligencia emocional, crecimiento interior y empoderamiento.<br />
</span></p>
<p><span style="color: #5f6062;">Así pues, Assumpció nos propone hacer un viaje introspectivo para descubrir las herramientas y habilidades que adquirimos cuando desarrollamos nuestra consciencia.<br />
</span></p>
<p><span style="color: #5f6062;">La finalidad de este taller es ayudarnos a gestionar mejor nuestro estrés y nuestro cuerpo y, de esta manera, poder conseguir una mejora en nuestra <em>salud física y mental</em>.</span></p>
<p>&nbsp;</p>
<p><span style="color: #5f6062;">(*)se obsequiará a todos/as los/las asistentes/as con un ejemplar de su libro: <strong>El Desarrollo de la Consciencia &#8211; Encontrando tu mapa</strong> </span></p>
<p><span style="color: #5f6062;"><strong>Aforo limitado</strong>/Inscripciones otorgadas por riguroso orden de confirmación</span></p>
