{"id":41387,"date":"2018-01-11T15:37:35","date_gmt":"2018-01-11T14:37:35","guid":{"rendered":"http:\/\/www.foment.com\/es\/events\/dialeg-social-igualtat-genere-negociacio\/"},"modified":"2019-12-11T20:15:38","modified_gmt":"2019-12-11T19:15:38","slug":"dialogo-social-igualdad-genero-negociacion","status":"publish","type":"ajde_events","link":"https:\/\/www.foment.com\/es\/events\/dialogo-social-igualdad-genero-negociacion\/","title":{"rendered":"EL DI\u00c1LOGO SOCIAL, LA IGUALDAD DE G\u00c9NERO Y LA NEGOCIACI\u00d3N"},"content":{"rendered":"<section class=\"wpb-content-wrapper\"><p>[vc_row][vc_column width=\u00bb1\/1&#8243;][vc_column_text]El Cap\u00edtulo IV del Acuerdo Interprofesional de Catalu\u00f1a 2015-2017, recoge una serie de recomendaciones para la negociaci\u00f3n colectiva en materia de igualdad de G\u00e9nero.<\/p>\n<p>Asimismo, el 14 de junio de 2016 se constituy\u00f3 la Comisi\u00f3n de Igualdad de G\u00e9nero con los objetivos de analizar el contenido de la negociaci\u00f3n colectiva en materia de igualdad desde la entrada en vigor de la AIC y de sensibilizaci\u00f3n en las empresas y personas negociadoras.<\/p>\n<p>En este sentido, en esta jornada sobre el papel de la igualdad de g\u00e9nero en la negociaci\u00f3n colectiva se presentar\u00e1 un estudio en relaci\u00f3n al an\u00e1lisis del nivel de implementaci\u00f3n de los planes de igualdad en las empresas, se visualizar\u00e1n buenas pr\u00e1cticas y se realizar\u00e1n recomendaciones y conclusiones sobre cual es el papel de la igualdad en los convenios colectivos y como potenciar su regulaci\u00f3n en el marco del di\u00e1logo social.[\/vc_column_text][vc_column_text]<\/p>\n<p style=\"text-align: center;\"><strong>PROGRAMA:\u00a0<\/strong><\/p>\n<p style=\"text-align: left;\"><strong>09:00 h Recepci\u00f3n de los asistentes<\/strong><\/p>\n<p style=\"text-align: left;\"><strong>09:15\u00a0h\u00a0Bienvenida<\/strong><\/p>\n<p style=\"text-align: left; padding-left: 30px;\"><strong>Sr. Manel\u00a0P\u00e9rez,\u00a0<\/strong>Gerente del Tribunal Laboral de Catalu\u00f1a<\/p>\n<p style=\"text-align: left;\"><strong>09:30 h\u00a0An\u00e1lisis del nivel de implementaci\u00f3n de los\u00a0Planes de Igualdad en les<\/strong><strong><br \/>\nempresas<\/strong><\/p>\n<p style=\"text-align: left; padding-left: 30px;\"><strong>Sra. Encarna Bodel\u00f3n,\u00a0\u00a0<\/strong>Profesora de\u00a0Filosofia del derecho &#8211; UAB.\u00a0Directora del Centro de Investigaci\u00f3n de Ant\u00edgona<\/p>\n<p style=\"text-align: left;\"><strong>10:00\u00a0h\u00a0Mesa Redonda de Buenas Pr\u00e1cticas<\/strong><\/p>\n<p style=\"text-align: left; padding-left: 30px;\"><strong>Sra. Anna Fornt,<\/strong>\u00a0Directora de Efeb\u00e9 (Empresa del Grup Papelmatic), Responsable corporativa de RSC del Grup Papelmatic<br \/>\n<strong>Sra. Vanessa Luque Gerena, <\/strong>Miembro del Comit\u00e9 de Empresa, Secretaria de organizaci\u00f3n y responsable de Formaci\u00f3n\u00a0 e Igualdad de la Federaci\u00f3n de Industria del\u00a0VORMAROS<br \/>\n<strong>Sr. Javier Moreno,\u00a0<\/strong>Secretario de Servicios Sociales e Igualdad de FeSP UGT Catalunya en la Mesa Negociadora del\u00a0 Convenio colectivo de trabajo para los centros de desarrollo infantil y atenci\u00f3n precoz de Catalunya.<\/p>\n<p style=\"text-align: left; padding-left: 30px;\"><strong>Moderador: Sr. Xavier Escudero,\u00a0<\/strong>Secretario TLC<\/p>\n<p style=\"text-align: left;\"><strong>10:45\u00a0h\u00a0Propuestas en mat\u00e9ria\u00a0de Igualdad de G\u00e9nero<\/strong><\/p>\n<p style=\"text-align: left; padding-left: 30px;\"><strong>Sra. Mireia Recio,\u00a0<\/strong>Foment del Treball Nacional<br \/>\n<strong>Sra. Alba Garc\u00eda,\u00a0<\/strong>CCOO<br \/>\n<strong>Sra. Itziar Ruedas,\u00a0<\/strong>Pimec<br \/>\n<strong>Sra. Eva Gajardo,\u00a0<\/strong>UGT<br \/>\n<strong>Sra. Beatriz Fern\u00e1ndez-Tubau,\u00a0<\/strong>Fepime Catalunya<\/p>\n<p style=\"text-align: left; padding-left: 30px;\"><strong>Moderador- Sr. Gerard Villaverde,\u00a0<\/strong>Secretario TLC<\/p>\n<p style=\"text-align: left;\"><strong>11:15\u00a0h\u00a0Debate y preguntas<\/strong><\/p>\n<p><strong>11:30 h\u00a0Clausura<\/strong><\/p>\n<p style=\"padding-left: 30px;\"><strong>Sr. Manel P\u00e9rez,\u00a0<\/strong>Gerente del Tribunal Laboral de Catalunya<\/p>\n<p>[\/vc_column_text][\/vc_column][\/vc_row][vc_row][vc_column width=\u00bb1\/1&#8243;][vc_column_text]<\/p>\n<p style=\"text-align: center;\"><strong>ORGANIZA:<\/strong><\/p>\n<p>[\/vc_column_text][\/vc_column][\/vc_row][vc_row][vc_column width=\u00bb1\/1&#8243;]<div class=\"single_image wpb_content_element align-center    \" data-animation=\"none\" data-delay=\"0\"><img width=\"577\" height=\"111\" src=\"https:\/\/www.foment.com\/wp-content\/uploads\/2018\/01\/pimec-3.png\" class=\"attachment-full\" alt=\"\" loading=\"lazy\" title=\"pimec 3\" srcset=\"https:\/\/www.foment.com\/wp-content\/uploads\/2018\/01\/pimec-3.png 577w, https:\/\/www.foment.com\/wp-content\/uploads\/2018\/01\/pimec-3-300x58.png 300w\" sizes=\"(max-width: 577px) 100vw, 577px\" \/><\/div>[\/vc_column][\/vc_row][vc_row][vc_column width=\u00bb1\/1&#8243;][vc_column_text]<\/p>\n<p style=\"text-align: center;\"><strong>COLABORA:<\/strong><strong>\u00a0<\/strong><\/p>\n<p>[\/vc_column_text][\/vc_column][\/vc_row][vc_row][vc_column width=\u00bb1\/1&#8243;]<div class=\"single_image wpb_content_element align-center   image_tilt \" data-animation=\"none\" data-delay=\"0\"><a href=\"http:\/\/www.tribulab.cat\/\" target=\"_self\"><img width=\"119\" height=\"50\" src=\"https:\/\/www.foment.com\/wp-content\/uploads\/2018\/01\/tlc.jpg\" class=\"attachment-full\" alt=\"\" loading=\"lazy\" title=\"tlc\" \/><\/a><\/div>[\/vc_column][\/vc_row]<\/p>\n<\/section>","protected":false},"author":24,"featured_media":41413,"menu_order":0,"comment_status":"closed","ping_status":"closed","template":"","meta":{"_links_to":"","_links_to_target":""},"tags":[778,376],"event_type":[2251],"event_type_2":[],"acf":[],"_links":{"self":[{"href":"https:\/\/www.foment.com\/es\/wp-json\/wp\/v2\/ajde_events\/41387"}],"collection":[{"href":"https:\/\/www.foment.com\/es\/wp-json\/wp\/v2\/ajde_events"}],"about":[{"href":"https:\/\/www.foment.com\/es\/wp-json\/wp\/v2\/types\/ajde_events"}],"author":[{"embeddable":true,"href":"https:\/\/www.foment.com\/es\/wp-json\/wp\/v2\/users\/24"}],"replies":[{"embeddable":true,"href":"https:\/\/www.foment.com\/es\/wp-json\/wp\/v2\/comments?post=41387"}],"wp:featuredmedia":[{"embeddable":true,"href":"https:\/\/www.foment.com\/es\/wp-json\/wp\/v2\/media\/41413"}],"wp:attachment":[{"href":"https:\/\/www.foment.com\/es\/wp-json\/wp\/v2\/media?parent=41387"}],"wp:term":[{"taxonomy":"post_tag","embeddable":true,"href":"https:\/\/www.foment.com\/es\/wp-json\/wp\/v2\/tags?post=41387"},{"taxonomy":"event_type","embeddable":true,"href":"https:\/\/www.foment.com\/es\/wp-json\/wp\/v2\/event_type?post=41387"},{"taxonomy":"event_type_2","embeddable":true,"href":"https:\/\/www.foment.com\/es\/wp-json\/wp\/v2\/event_type_2?post=41387"}],"curies":[{"name":"wp","href":"https:\/\/api.w.org\/{rel}","templated":true}]}}

EL DIÁLOGO SOCIAL, LA IGUALDAD DE GÉNERO Y LA NEGOCIACIÓN

<section class="wpb-content-wrapper"><p>[vc_row][vc_column width=»1/1&#8243;][vc_column_text]El Capítulo IV del Acuerdo Interprofesional de Cataluña 2015-2017, recoge una serie de recomendaciones para la negociación colectiva en materia de igualdad de Género.</p>
<p>Asimismo, el 14 de junio de 2016 se constituyó la Comisión de Igualdad de Género con los objetivos de analizar el contenido de la negociación colectiva en materia de igualdad desde la entrada en vigor de la AIC y de sensibilización en las empresas y personas negociadoras.</p>
<p>En este sentido, en esta jornada sobre el papel de la igualdad de género en la negociación colectiva se presentará un estudio en relación al análisis del nivel de implementación de los planes de igualdad en las empresas, se visualizarán buenas prácticas y se realizarán recomendaciones y conclusiones sobre cual es el papel de la igualdad en los convenios colectivos y como potenciar su regulación en el marco del diálogo social.[/vc_column_text][vc_column_text]</p>
<p style="text-align: center;"><strong>PROGRAMA: </strong></p>
<p style="text-align: left;"><strong>09:00 h Recepción de los asistentes</strong></p>
<p style="text-align: left;"><strong>09:15 h Bienvenida</strong></p>
<p style="text-align: left; padding-left: 30px;"><strong>Sr. Manel Pérez, </strong>Gerente del Tribunal Laboral de Cataluña</p>
<p style="text-align: left;"><strong>09:30 h Análisis del nivel de implementación de los Planes de Igualdad en les</strong><strong><br />
empresas</strong></p>
<p style="text-align: left; padding-left: 30px;"><strong>Sra. Encarna Bodelón,  </strong>Profesora de Filosofia del derecho &#8211; UAB. Directora del Centro de Investigación de Antígona</p>
<p style="text-align: left;"><strong>10:00 h Mesa Redonda de Buenas Prácticas</strong></p>
<p style="text-align: left; padding-left: 30px;"><strong>Sra. Anna Fornt,</strong> Directora de Efebé (Empresa del Grup Papelmatic), Responsable corporativa de RSC del Grup Papelmatic<br />
<strong>Sra. Vanessa Luque Gerena, </strong>Miembro del Comité de Empresa, Secretaria de organización y responsable de Formación  e Igualdad de la Federación de Industria del VORMAROS<br />
<strong>Sr. Javier Moreno, </strong>Secretario de Servicios Sociales e Igualdad de FeSP UGT Catalunya en la Mesa Negociadora del  Convenio colectivo de trabajo para los centros de desarrollo infantil y atención precoz de Catalunya.</p>
<p style="text-align: left; padding-left: 30px;"><strong>Moderador: Sr. Xavier Escudero, </strong>Secretario TLC</p>
<p style="text-align: left;"><strong>10:45 h Propuestas en matéria de Igualdad de Género</strong></p>
<p style="text-align: left; padding-left: 30px;"><strong>Sra. Mireia Recio, </strong>Foment del Treball Nacional<br />
<strong>Sra. Alba García, </strong>CCOO<br />
<strong>Sra. Itziar Ruedas, </strong>Pimec<br />
<strong>Sra. Eva Gajardo, </strong>UGT<br />
<strong>Sra. Beatriz Fernández-Tubau, </strong>Fepime Catalunya</p>
<p style="text-align: left; padding-left: 30px;"><strong>Moderador- Sr. Gerard Villaverde, </strong>Secretario TLC</p>
<p style="text-align: left;"><strong>11:15 h Debate y preguntas</strong></p>
<p><strong>11:30 h Clausura</strong></p>
<p style="padding-left: 30px;"><strong>Sr. Manel Pérez, </strong>Gerente del Tribunal Laboral de Catalunya</p>
<p>[/vc_column_text][/vc_column][/vc_row][vc_row][vc_column width=»1/1&#8243;][vc_column_text]</p>
<p style="text-align: center;"><strong>ORGANIZA:</strong></p>
<p>[/vc_column_text][/vc_column][/vc_row][vc_row][vc_column width=»1/1&#8243;]<div class="single_image wpb_content_element align-center    " data-animation="none" data-delay="0"><img width="577" height="111" src="https://www.foment.com/wp-content/uploads/2018/01/pimec-3.png" class="attachment-full" alt="" loading="lazy" title="pimec 3" srcset="https://www.foment.com/wp-content/uploads/2018/01/pimec-3.png 577w, https://www.foment.com/wp-content/uploads/2018/01/pimec-3-300x58.png 300w" sizes="(max-width: 577px) 100vw, 577px" /></div>[/vc_column][/vc_row][vc_row][vc_column width=»1/1&#8243;][vc_column_text]</p>
<p style="text-align: center;"><strong>COLABORA:</strong><strong> </strong></p>
<p>[/vc_column_text][/vc_column][/vc_row][vc_row][vc_column width=»1/1&#8243;]<div class="single_image wpb_content_element align-center   image_tilt " data-animation="none" data-delay="0"><a href="http://www.tribulab.cat/" target="_self"><img width="119" height="50" src="https://www.foment.com/wp-content/uploads/2018/01/tlc.jpg" class="attachment-full" alt="" loading="lazy" title="tlc" /></a></div>[/vc_column][/vc_row]</p>
</section>
