{"id":43838,"date":"2018-03-14T16:57:58","date_gmt":"2018-03-14T15:57:58","guid":{"rendered":"http:\/\/www.foment.com\/?post_type=ajde_events&#038;p=43838"},"modified":"2018-03-21T13:47:35","modified_gmt":"2018-03-21T12:47:35","slug":"trastorno-mental-en-el-ambito-laboral","status":"publish","type":"ajde_events","link":"https:\/\/www.foment.com\/es\/events\/trastorno-mental-en-el-ambito-laboral\/","title":{"rendered":"Trastorno mental en el \u00e1mbito laboral"},"content":{"rendered":"<section class=\"wpb-content-wrapper\"><p>[vc_row][vc_column][vc_column_text]<\/p>\n<h2 style=\"text-align: center;\"><span style=\"color: #ab192d;\"><strong>Trastorno mental en el \u00e1mbito laboral.<\/strong><\/span><\/h2>\n<h3 style=\"text-align: center;\"><span style=\"color: #656565;\"><strong>Jornada de PRL<\/strong><\/span><\/h3>\n<p>&nbsp;<\/p>\n<h3><span style=\"color: #ab192d;\"><strong>Objetivo<\/strong><\/span><\/h3>\n<p>&nbsp;<\/p>\n<p style=\"text-align: justify;\">Se sabe que los problemas de salud mental afectan a una parte importante de la poblaci\u00f3n espa\u00f1ola. Sin embargo, la enfermedad mental siempre ha estado estigmatizada, lo que ha dificultado la inclusi\u00f3n social y laboral de las personas que la padecen. Los profesionales de prevenci\u00f3n de riesgos laborales no suelen tener conocimientos acerca de la enfermedad mental, lo cual dificulta un abordaje eficaz que garantice la seguridad y salud de estos trabajadores.<\/p>\n<p style=\"text-align: justify;\">El objetivo de esta jornada es ofrecer estrategias a las organizaciones para que puedan gestionar \u00f3ptimamente los trastornos mentales en el \u00e1mbito laboral, especialmente desde la \u00f3ptica de la psicosociolog\u00eda y de la vigilancia de la salud. Se expondr\u00e1n, adem\u00e1s, alguna experiencias reales.<\/p>\n<p>&nbsp;<\/p>\n<h3><span style=\"color: #ab192d;\"><strong>Programa<\/strong><\/span><\/h3>\n<p>&nbsp;<\/p>\n<table>\n<tbody>\n<tr>\n<td width=\"10%\">\n<p style=\"margin: 5px 0px;\" align=\"left\"><strong>9.30 h<\/strong><\/p>\n<\/td>\n<td width=\"90%\">\n<p style=\"margin: 5px 0px;\" align=\"left\"><strong>Presentaci\u00f3n.<\/strong><\/p>\n<ul>\n<li>Sr. Joan Pujol. Secretario General. Foment del Treball.<\/li>\n<\/ul>\n<\/td>\n<\/tr>\n<tr>\n<td width=\"10%\">\n<p style=\"margin: 5px 0px;\" align=\"left\"><strong>9.45 h<\/strong><\/p>\n<\/td>\n<td width=\"90%\">\n<p style=\"margin: 5px 0px;\" align=\"left\"><strong>Trastornos mentales en el \u00e1mbito laboral. Experiencias reales.<\/strong><\/p>\n<ul>\n<li>Dr. Albert Marin\u00e9. Psiquiatra y Responsable del programa de counseling laboral. Corporaci\u00f3 Sanit\u00e0ria Parc Taul\u00ed.<\/li>\n<\/ul>\n<\/td>\n<\/tr>\n<tr>\n<td width=\"10%\">\n<p style=\"margin: 5px 0px;\" align=\"left\"><strong>10.30 h<\/strong><\/p>\n<\/td>\n<td width=\"90%\">\n<p style=\"margin: 5px 0px;\" align=\"left\"><strong>Presentaci\u00f3n de la Gu\u00eda: \u201cRiesgos Psicosociales y Enfermedad mental: Estrategias de actuaci\u00f3n en el \u00e1mbito laboral\u201d.<\/strong><\/p>\n<ul>\n<li>Sra. Manuela Brinques. Directora T\u00e9cnica. Full Audit.<\/li>\n<\/ul>\n<\/td>\n<\/tr>\n<tr>\n<td width=\"10%\">\n<p style=\"margin: 5px 0px;\" align=\"left\"><strong>11:15 h<\/strong><\/p>\n<\/td>\n<td width=\"90%\">\n<p style=\"margin: 5px 0px;\" align=\"left\"><strong>Pausa-caf\u00e9.<\/strong><\/p>\n<\/td>\n<\/tr>\n<tr>\n<td width=\"10%\">\n<p style=\"margin: 5px 0px;\" align=\"left\"><strong>11.45 h<\/strong><\/p>\n<\/td>\n<td width=\"90%\">\n<p style=\"margin: 5px 0px;\" align=\"left\"><strong>An\u00e1lisis de metodolog\u00edas de evaluaci\u00f3n de riesgos psicosociales: de modelos tradicionales a modelos innovadores desde la prevenci\u00f3n a la promoci\u00f3n de la salud mental.<\/strong><\/p>\n<ul>\n<li>Sra. Carmen Soler. Socia Directora. OTP-Oficina t\u00e9cnica de prevenci\u00f3n. Personal investigador Equipo Want.<\/li>\n<\/ul>\n<\/td>\n<\/tr>\n<tr>\n<td width=\"10%\">\n<p style=\"margin: 5px 0px;\" align=\"left\"><strong>12.30 h<\/strong><\/p>\n<\/td>\n<td width=\"90%\">\n<p style=\"margin: 5px 0px;\" align=\"left\"><strong>Actuaci\u00f3n desde la Vigilancia de la Salud en la detecci\u00f3n y manejo de los trastornos mentales en el lugar de trabajo.<\/strong><\/p>\n<ul>\n<li>Dra. Carmen Otero. M\u00e9dico del Trabajo. Profesora UPC e investigadora del CERpIE.<\/li>\n<\/ul>\n<\/td>\n<\/tr>\n<tr>\n<td width=\"10%\">\n<p style=\"margin: 5px 0px;\" align=\"left\"><strong>13:15 h<\/strong><\/p>\n<\/td>\n<td width=\"90%\">\n<p style=\"margin: 5px 0px;\" align=\"left\"><strong>Ruegos y preguntas.<\/strong><\/p>\n<\/td>\n<\/tr>\n<\/tbody>\n<\/table>\n<p>[\/vc_column_text][\/vc_column][\/vc_row][vc_row][vc_column width=\u00bb1\/1&#8243;]<div class=\"single_image wpb_content_element align-left    \" data-animation=\"none\" data-delay=\"0\"><a href=\"http:\/\/prl.foment.com\" target=\"_blank\"><img width=\"1500\" height=\"207\" src=\"https:\/\/www.foment.com\/wp-content\/uploads\/2018\/03\/Logo_DIGITAL_AT2017_0113_PRL.png\" class=\"attachment-full\" alt=\"\" loading=\"lazy\" title=\"Logo_DIGITAL_AT2017_0113_PRL\" srcset=\"https:\/\/www.foment.com\/wp-content\/uploads\/2018\/03\/Logo_DIGITAL_AT2017_0113_PRL.png 1500w, https:\/\/www.foment.com\/wp-content\/uploads\/2018\/03\/Logo_DIGITAL_AT2017_0113_PRL-300x41.png 300w, https:\/\/www.foment.com\/wp-content\/uploads\/2018\/03\/Logo_DIGITAL_AT2017_0113_PRL-768x106.png 768w, https:\/\/www.foment.com\/wp-content\/uploads\/2018\/03\/Logo_DIGITAL_AT2017_0113_PRL-1024x141.png 1024w\" sizes=\"(max-width: 1500px) 100vw, 1500px\" \/><\/a><\/div>[\/vc_column][\/vc_row]<\/p>\n<p style=\"text-align: CENTER;\"><span style=\"color: #6caae4;\">El contenido de esta publicaci\u00f3n es responsabilidad exclusiva de la entidad ejecutante y no refleja necesariamente la opini\u00f3n de la Fundaci\u00f3n Estatal para la Prevenci\u00f3n de Riesgos Laborales.<\/span><\/p>\n<\/section>","protected":false},"author":12,"featured_media":43856,"menu_order":0,"comment_status":"closed","ping_status":"closed","template":"","meta":{"_links_to":"","_links_to_target":""},"tags":[727,416,417,513],"event_type":[202],"event_type_2":[],"acf":[],"_links":{"self":[{"href":"https:\/\/www.foment.com\/es\/wp-json\/wp\/v2\/ajde_events\/43838"}],"collection":[{"href":"https:\/\/www.foment.com\/es\/wp-json\/wp\/v2\/ajde_events"}],"about":[{"href":"https:\/\/www.foment.com\/es\/wp-json\/wp\/v2\/types\/ajde_events"}],"author":[{"embeddable":true,"href":"https:\/\/www.foment.com\/es\/wp-json\/wp\/v2\/users\/12"}],"replies":[{"embeddable":true,"href":"https:\/\/www.foment.com\/es\/wp-json\/wp\/v2\/comments?post=43838"}],"wp:featuredmedia":[{"embeddable":true,"href":"https:\/\/www.foment.com\/es\/wp-json\/wp\/v2\/media\/43856"}],"wp:attachment":[{"href":"https:\/\/www.foment.com\/es\/wp-json\/wp\/v2\/media?parent=43838"}],"wp:term":[{"taxonomy":"post_tag","embeddable":true,"href":"https:\/\/www.foment.com\/es\/wp-json\/wp\/v2\/tags?post=43838"},{"taxonomy":"event_type","embeddable":true,"href":"https:\/\/www.foment.com\/es\/wp-json\/wp\/v2\/event_type?post=43838"},{"taxonomy":"event_type_2","embeddable":true,"href":"https:\/\/www.foment.com\/es\/wp-json\/wp\/v2\/event_type_2?post=43838"}],"curies":[{"name":"wp","href":"https:\/\/api.w.org\/{rel}","templated":true}]}}

Trastorno mental en el ámbito laboral

<section class="wpb-content-wrapper"><p>[vc_row][vc_column][vc_column_text]</p>
<h2 style="text-align: center;"><span style="color: #ab192d;"><strong>Trastorno mental en el ámbito laboral.</strong></span></h2>
<h3 style="text-align: center;"><span style="color: #656565;"><strong>Jornada de PRL</strong></span></h3>
<p>&nbsp;</p>
<h3><span style="color: #ab192d;"><strong>Objetivo</strong></span></h3>
<p>&nbsp;</p>
<p style="text-align: justify;">Se sabe que los problemas de salud mental afectan a una parte importante de la población española. Sin embargo, la enfermedad mental siempre ha estado estigmatizada, lo que ha dificultado la inclusión social y laboral de las personas que la padecen. Los profesionales de prevención de riesgos laborales no suelen tener conocimientos acerca de la enfermedad mental, lo cual dificulta un abordaje eficaz que garantice la seguridad y salud de estos trabajadores.</p>
<p style="text-align: justify;">El objetivo de esta jornada es ofrecer estrategias a las organizaciones para que puedan gestionar óptimamente los trastornos mentales en el ámbito laboral, especialmente desde la óptica de la psicosociología y de la vigilancia de la salud. Se expondrán, además, alguna experiencias reales.</p>
<p>&nbsp;</p>
<h3><span style="color: #ab192d;"><strong>Programa</strong></span></h3>
<p>&nbsp;</p>
<table>
<tbody>
<tr>
<td width="10%">
<p style="margin: 5px 0px;" align="left"><strong>9.30 h</strong></p>
</td>
<td width="90%">
<p style="margin: 5px 0px;" align="left"><strong>Presentación.</strong></p>
<ul>
<li>Sr. Joan Pujol. Secretario General. Foment del Treball.</li>
</ul>
</td>
</tr>
<tr>
<td width="10%">
<p style="margin: 5px 0px;" align="left"><strong>9.45 h</strong></p>
</td>
<td width="90%">
<p style="margin: 5px 0px;" align="left"><strong>Trastornos mentales en el ámbito laboral. Experiencias reales.</strong></p>
<ul>
<li>Dr. Albert Mariné. Psiquiatra y Responsable del programa de counseling laboral. Corporació Sanitària Parc Taulí.</li>
</ul>
</td>
</tr>
<tr>
<td width="10%">
<p style="margin: 5px 0px;" align="left"><strong>10.30 h</strong></p>
</td>
<td width="90%">
<p style="margin: 5px 0px;" align="left"><strong>Presentación de la Guía: “Riesgos Psicosociales y Enfermedad mental: Estrategias de actuación en el ámbito laboral”.</strong></p>
<ul>
<li>Sra. Manuela Brinques. Directora Técnica. Full Audit.</li>
</ul>
</td>
</tr>
<tr>
<td width="10%">
<p style="margin: 5px 0px;" align="left"><strong>11:15 h</strong></p>
</td>
<td width="90%">
<p style="margin: 5px 0px;" align="left"><strong>Pausa-café.</strong></p>
</td>
</tr>
<tr>
<td width="10%">
<p style="margin: 5px 0px;" align="left"><strong>11.45 h</strong></p>
</td>
<td width="90%">
<p style="margin: 5px 0px;" align="left"><strong>Análisis de metodologías de evaluación de riesgos psicosociales: de modelos tradicionales a modelos innovadores desde la prevención a la promoción de la salud mental.</strong></p>
<ul>
<li>Sra. Carmen Soler. Socia Directora. OTP-Oficina técnica de prevención. Personal investigador Equipo Want.</li>
</ul>
</td>
</tr>
<tr>
<td width="10%">
<p style="margin: 5px 0px;" align="left"><strong>12.30 h</strong></p>
</td>
<td width="90%">
<p style="margin: 5px 0px;" align="left"><strong>Actuación desde la Vigilancia de la Salud en la detección y manejo de los trastornos mentales en el lugar de trabajo.</strong></p>
<ul>
<li>Dra. Carmen Otero. Médico del Trabajo. Profesora UPC e investigadora del CERpIE.</li>
</ul>
</td>
</tr>
<tr>
<td width="10%">
<p style="margin: 5px 0px;" align="left"><strong>13:15 h</strong></p>
</td>
<td width="90%">
<p style="margin: 5px 0px;" align="left"><strong>Ruegos y preguntas.</strong></p>
</td>
</tr>
</tbody>
</table>
<p>[/vc_column_text][/vc_column][/vc_row][vc_row][vc_column width=»1/1&#8243;]<div class="single_image wpb_content_element align-left    " data-animation="none" data-delay="0"><a href="http://prl.foment.com" target="_blank"><img width="1500" height="207" src="https://www.foment.com/wp-content/uploads/2018/03/Logo_DIGITAL_AT2017_0113_PRL.png" class="attachment-full" alt="" loading="lazy" title="Logo_DIGITAL_AT2017_0113_PRL" srcset="https://www.foment.com/wp-content/uploads/2018/03/Logo_DIGITAL_AT2017_0113_PRL.png 1500w, https://www.foment.com/wp-content/uploads/2018/03/Logo_DIGITAL_AT2017_0113_PRL-300x41.png 300w, https://www.foment.com/wp-content/uploads/2018/03/Logo_DIGITAL_AT2017_0113_PRL-768x106.png 768w, https://www.foment.com/wp-content/uploads/2018/03/Logo_DIGITAL_AT2017_0113_PRL-1024x141.png 1024w" sizes="(max-width: 1500px) 100vw, 1500px" /></a></div>[/vc_column][/vc_row]</p>
<p style="text-align: CENTER;"><span style="color: #6caae4;">El contenido de esta publicación es responsabilidad exclusiva de la entidad ejecutante y no refleja necesariamente la opinión de la Fundación Estatal para la Prevención de Riesgos Laborales.</span></p>
</section>
