{"id":46131,"date":"2018-05-16T12:42:15","date_gmt":"2018-05-16T10:42:15","guid":{"rendered":"http:\/\/www.foment.com\/?post_type=ajde_events&#038;p=46131"},"modified":"2018-05-31T13:34:49","modified_gmt":"2018-05-31T11:34:49","slug":"las-relaciones-comerciales-espana-japon-y-el-impacto-del-acuerdo-epa","status":"publish","type":"ajde_events","link":"https:\/\/www.foment.com\/es\/events\/las-relaciones-comerciales-espana-japon-y-el-impacto-del-acuerdo-epa\/","title":{"rendered":"Las relaciones comerciales Espa\u00f1a-Jap\u00f3n y el impacto del acuerdo EPA"},"content":{"rendered":"<section class=\"wpb-content-wrapper\"><p>[vc_row][vc_column][vc_column_text]<span style=\"color: #c10000;\">PROGRAMA<\/span><\/p>\n<p><span style=\"color: #c10000;\">10.30 h. Recepci\u00f3n de asistentes<\/span><\/p>\n<p><span style=\"color: #c10000;\">11.00 h. Bienvenida<\/span><\/p>\n<p style=\"padding-left: 60px;\">Sr. Joan Canals, Presidente de la Comisi\u00f3n Internacional, <strong>Foment del Treball Nacional<\/strong><\/p>\n<p style=\"padding-left: 60px;\">Sr. Jorge Lasheras, Presidente, <strong>C\u00edrculo Empresarial Jap\u00f3n Espa\u00f1a (CEJE)\u00a0<\/strong><\/p>\n<p style=\"padding-left: 60px;\">Sr. Amadeo Jensana, Director del Departamento Econom\u00eda y Empresa, <strong>Casa Asia<\/strong><\/p>\n<p><span style=\"color: #c10000;\">11.30 h. Presentaci\u00f3n de la Secretar\u00eda de Estado de Comercio<\/span><\/p>\n<p style=\"padding-left: 60px;\"><span style=\"color: #000000;\">Sra. Cecilia Nav<\/span>arro, Directora, <strong>Direcci\u00f3n Territorial de Comercio e ICEX en Barcelona<\/strong><\/p>\n<p style=\"padding-left: 60px;\">Sr. Alfonso M. Jimenez Murcia, Subdirecci\u00f3n General de Pol\u00edtica Comercial para Asia, <strong>Ministerio de Econom\u00eda, Industria y Competitividad<\/strong><\/p>\n<p><span style=\"color: #c10000;\">11.50 h. Presentaci\u00f3n<\/span><\/p>\n<p style=\"padding-left: 60px;\">Hble. Sr. Naohito Watanabe, <strong>C\u00f3nsul General del Jap\u00f3n en Barcelona<\/strong><\/p>\n<p><span style=\"color: #c10000;\">12.10 h. Mesa redonda:<\/span> <em><strong>\u00abSituaci\u00f3n actual de los negocios\u00a0 e impacto del EPA en un futuro\u00bb<\/strong><\/em><\/p>\n<p style=\"padding-left: 60px;\">Sr. Antoni Esteve, Presidente,<strong> Esteve y Teijin<\/strong><\/p>\n<p style=\"padding-left: 60px;\">Sr. Ignasi Nieto, Director General Adjunto, <strong>Miquel y Costas &amp; Miquel<\/strong><\/p>\n<p style=\"padding-left: 60px;\">Sr. Manuel Ravent\u00f3s, Presidente, <strong>Ravent\u00f3s i Blanc<\/strong><\/p>\n<p style=\"padding-left: 60px;\">Sr. Masami Kusano, Presidente, <strong>Mitsubishi Electric Europe<\/strong><\/p>\n<p style=\"padding-left: 60px;\">Sr. Bruno Debievre, Director General, <strong>UBE<\/strong><\/p>\n<p style=\"padding-left: 60px;\">Sr. Juan Serrano, Director General, <strong>Grupo Balfeg\u00f3<\/strong><\/p>\n<p><span style=\"color: #c10000;\">12.50 h. Ruegos y preguntas<\/span><\/p>\n<p><span style=\"color: #c10000;\">13.15 h. Fin de la sesi\u00f3n y aperitivo Networking<\/span>[\/vc_column_text][\/vc_column][\/vc_row][vc_row][vc_column width=\u00bb1\/3&#8243;]<div class=\"single_image wpb_content_element align-left    \" data-animation=\"none\" data-delay=\"0\"><img width=\"204\" height=\"204\" src=\"https:\/\/www.foment.com\/wp-content\/uploads\/2018\/05\/ESPA\u00d1A-JAPON.jpg\" class=\"attachment-medium\" alt=\"\" loading=\"lazy\" title=\"ESPA\u00d1A JAPON\" srcset=\"https:\/\/www.foment.com\/wp-content\/uploads\/2018\/05\/ESPA\u00d1A-JAPON.jpg 204w, https:\/\/www.foment.com\/wp-content\/uploads\/2018\/05\/ESPA\u00d1A-JAPON-150x150.jpg 150w, https:\/\/www.foment.com\/wp-content\/uploads\/2018\/05\/ESPA\u00d1A-JAPON-80x80.jpg 80w\" sizes=\"(max-width: 204px) 100vw, 204px\" \/><\/div>[\/vc_column][vc_column width=\u00bb1\/3&#8243;]<div class=\"single_image wpb_content_element align-left    \" data-animation=\"none\" data-delay=\"0\"><img width=\"496\" height=\"496\" src=\"https:\/\/www.foment.com\/wp-content\/uploads\/2018\/05\/LOGO-CEJE-horitzontal_positiu.jpg\" class=\"attachment-full\" alt=\"\" loading=\"lazy\" title=\"LOGO CEJE horitzontal_positiu\" srcset=\"https:\/\/www.foment.com\/wp-content\/uploads\/2018\/05\/LOGO-CEJE-horitzontal_positiu.jpg 496w, https:\/\/www.foment.com\/wp-content\/uploads\/2018\/05\/LOGO-CEJE-horitzontal_positiu-150x150.jpg 150w, https:\/\/www.foment.com\/wp-content\/uploads\/2018\/05\/LOGO-CEJE-horitzontal_positiu-300x300.jpg 300w, https:\/\/www.foment.com\/wp-content\/uploads\/2018\/05\/LOGO-CEJE-horitzontal_positiu-80x80.jpg 80w\" sizes=\"(max-width: 496px) 100vw, 496px\" \/><\/div>[\/vc_column][vc_column width=\u00bb1\/3&#8243;]<div class=\"single_image wpb_content_element align-left    \" data-animation=\"none\" data-delay=\"0\"><img width=\"300\" height=\"239\" src=\"https:\/\/www.foment.com\/wp-content\/uploads\/2018\/05\/casa-Asia-300x239.png\" class=\"attachment-medium\" alt=\"\" loading=\"lazy\" title=\"casa Asia\" srcset=\"https:\/\/www.foment.com\/wp-content\/uploads\/2018\/05\/casa-Asia-300x239.png 300w, https:\/\/www.foment.com\/wp-content\/uploads\/2018\/05\/casa-Asia-768x612.png 768w, https:\/\/www.foment.com\/wp-content\/uploads\/2018\/05\/casa-Asia-1024x816.png 1024w, https:\/\/www.foment.com\/wp-content\/uploads\/2018\/05\/casa-Asia.png 1533w\" sizes=\"(max-width: 300px) 100vw, 300px\" \/><\/div>[\/vc_column][\/vc_row]<\/p>\n<\/section>","protected":false},"author":13,"featured_media":46151,"menu_order":0,"comment_status":"closed","ping_status":"closed","template":"","meta":{"_links_to":"","_links_to_target":""},"tags":[],"event_type":[590,201],"event_type_2":[],"acf":[],"_links":{"self":[{"href":"https:\/\/www.foment.com\/es\/wp-json\/wp\/v2\/ajde_events\/46131"}],"collection":[{"href":"https:\/\/www.foment.com\/es\/wp-json\/wp\/v2\/ajde_events"}],"about":[{"href":"https:\/\/www.foment.com\/es\/wp-json\/wp\/v2\/types\/ajde_events"}],"author":[{"embeddable":true,"href":"https:\/\/www.foment.com\/es\/wp-json\/wp\/v2\/users\/13"}],"replies":[{"embeddable":true,"href":"https:\/\/www.foment.com\/es\/wp-json\/wp\/v2\/comments?post=46131"}],"wp:featuredmedia":[{"embeddable":true,"href":"https:\/\/www.foment.com\/es\/wp-json\/wp\/v2\/media\/46151"}],"wp:attachment":[{"href":"https:\/\/www.foment.com\/es\/wp-json\/wp\/v2\/media?parent=46131"}],"wp:term":[{"taxonomy":"post_tag","embeddable":true,"href":"https:\/\/www.foment.com\/es\/wp-json\/wp\/v2\/tags?post=46131"},{"taxonomy":"event_type","embeddable":true,"href":"https:\/\/www.foment.com\/es\/wp-json\/wp\/v2\/event_type?post=46131"},{"taxonomy":"event_type_2","embeddable":true,"href":"https:\/\/www.foment.com\/es\/wp-json\/wp\/v2\/event_type_2?post=46131"}],"curies":[{"name":"wp","href":"https:\/\/api.w.org\/{rel}","templated":true}]}}

Las relaciones comerciales España-Japón y el impacto del acuerdo EPA

<section class="wpb-content-wrapper"><p>[vc_row][vc_column][vc_column_text]<span style="color: #c10000;">PROGRAMA</span></p>
<p><span style="color: #c10000;">10.30 h. Recepción de asistentes</span></p>
<p><span style="color: #c10000;">11.00 h. Bienvenida</span></p>
<p style="padding-left: 60px;">Sr. Joan Canals, Presidente de la Comisión Internacional, <strong>Foment del Treball Nacional</strong></p>
<p style="padding-left: 60px;">Sr. Jorge Lasheras, Presidente, <strong>Círculo Empresarial Japón España (CEJE) </strong></p>
<p style="padding-left: 60px;">Sr. Amadeo Jensana, Director del Departamento Economía y Empresa, <strong>Casa Asia</strong></p>
<p><span style="color: #c10000;">11.30 h. Presentación de la Secretaría de Estado de Comercio</span></p>
<p style="padding-left: 60px;"><span style="color: #000000;">Sra. Cecilia Nav</span>arro, Directora, <strong>Dirección Territorial de Comercio e ICEX en Barcelona</strong></p>
<p style="padding-left: 60px;">Sr. Alfonso M. Jimenez Murcia, Subdirección General de Política Comercial para Asia, <strong>Ministerio de Economía, Industria y Competitividad</strong></p>
<p><span style="color: #c10000;">11.50 h. Presentación</span></p>
<p style="padding-left: 60px;">Hble. Sr. Naohito Watanabe, <strong>Cónsul General del Japón en Barcelona</strong></p>
<p><span style="color: #c10000;">12.10 h. Mesa redonda:</span> <em><strong>«Situación actual de los negocios  e impacto del EPA en un futuro»</strong></em></p>
<p style="padding-left: 60px;">Sr. Antoni Esteve, Presidente,<strong> Esteve y Teijin</strong></p>
<p style="padding-left: 60px;">Sr. Ignasi Nieto, Director General Adjunto, <strong>Miquel y Costas &amp; Miquel</strong></p>
<p style="padding-left: 60px;">Sr. Manuel Raventós, Presidente, <strong>Raventós i Blanc</strong></p>
<p style="padding-left: 60px;">Sr. Masami Kusano, Presidente, <strong>Mitsubishi Electric Europe</strong></p>
<p style="padding-left: 60px;">Sr. Bruno Debievre, Director General, <strong>UBE</strong></p>
<p style="padding-left: 60px;">Sr. Juan Serrano, Director General, <strong>Grupo Balfegó</strong></p>
<p><span style="color: #c10000;">12.50 h. Ruegos y preguntas</span></p>
<p><span style="color: #c10000;">13.15 h. Fin de la sesión y aperitivo Networking</span>[/vc_column_text][/vc_column][/vc_row][vc_row][vc_column width=»1/3&#8243;]<div class="single_image wpb_content_element align-left    " data-animation="none" data-delay="0"><img width="204" height="204" src="https://www.foment.com/wp-content/uploads/2018/05/ESPAÑA-JAPON.jpg" class="attachment-medium" alt="" loading="lazy" title="ESPAÑA JAPON" srcset="https://www.foment.com/wp-content/uploads/2018/05/ESPAÑA-JAPON.jpg 204w, https://www.foment.com/wp-content/uploads/2018/05/ESPAÑA-JAPON-150x150.jpg 150w, https://www.foment.com/wp-content/uploads/2018/05/ESPAÑA-JAPON-80x80.jpg 80w" sizes="(max-width: 204px) 100vw, 204px" /></div>[/vc_column][vc_column width=»1/3&#8243;]<div class="single_image wpb_content_element align-left    " data-animation="none" data-delay="0"><img width="496" height="496" src="https://www.foment.com/wp-content/uploads/2018/05/LOGO-CEJE-horitzontal_positiu.jpg" class="attachment-full" alt="" loading="lazy" title="LOGO CEJE horitzontal_positiu" srcset="https://www.foment.com/wp-content/uploads/2018/05/LOGO-CEJE-horitzontal_positiu.jpg 496w, https://www.foment.com/wp-content/uploads/2018/05/LOGO-CEJE-horitzontal_positiu-150x150.jpg 150w, https://www.foment.com/wp-content/uploads/2018/05/LOGO-CEJE-horitzontal_positiu-300x300.jpg 300w, https://www.foment.com/wp-content/uploads/2018/05/LOGO-CEJE-horitzontal_positiu-80x80.jpg 80w" sizes="(max-width: 496px) 100vw, 496px" /></div>[/vc_column][vc_column width=»1/3&#8243;]<div class="single_image wpb_content_element align-left    " data-animation="none" data-delay="0"><img width="300" height="239" src="https://www.foment.com/wp-content/uploads/2018/05/casa-Asia-300x239.png" class="attachment-medium" alt="" loading="lazy" title="casa Asia" srcset="https://www.foment.com/wp-content/uploads/2018/05/casa-Asia-300x239.png 300w, https://www.foment.com/wp-content/uploads/2018/05/casa-Asia-768x612.png 768w, https://www.foment.com/wp-content/uploads/2018/05/casa-Asia-1024x816.png 1024w, https://www.foment.com/wp-content/uploads/2018/05/casa-Asia.png 1533w" sizes="(max-width: 300px) 100vw, 300px" /></div>[/vc_column][/vc_row]</p>
</section>
