{"id":46961,"date":"2018-06-11T08:59:39","date_gmt":"2018-06-11T06:59:39","guid":{"rendered":"http:\/\/www.foment.com\/?post_type=ajde_events&#038;p=46961"},"modified":"2018-06-12T09:52:47","modified_gmt":"2018-06-12T07:52:47","slug":"el-desafio-de-la-ciberseguridad","status":"publish","type":"ajde_events","link":"https:\/\/www.foment.com\/es\/events\/el-desafio-de-la-ciberseguridad\/","title":{"rendered":"El desaf\u00edo de la ciberseguridad"},"content":{"rendered":"<section class=\"wpb-content-wrapper\"><p>[vc_row][vc_column][vc_column_text]Los ataques inform\u00e1ticos contra empresas y personas crecen significativamente, ello hace que la ciberseguridad sea en la actualidad una de las principales preocupaciones de nuestras empresas y organizaciones. La cultura de la ciberseguridad es todav\u00eda una asignatura pendiente y es un gran error pensar que es s\u00f3lo cosa de los inform\u00e1ticos.<\/p>\n<p>El objetivo de la jornada es analizar la situaci\u00f3n actual y la problem\u00e1tica en relaci\u00f3n al sector de la seguridad en tecnolog\u00edas de la informaci\u00f3n y la comunicaci\u00f3n. Es necesario y fundamental que nuestras empresas y organizaciones, sea cual sea su tama\u00f1o y est\u00e9n o no relacionadas con sectores estrat\u00e9gicos e infraestructuras cr\u00edticas, tengan una aproximaci\u00f3n seria y objetiva al \u00e1mbito de la ciberseguridad que les permita determinar de manera fiable los riesgos cibern\u00e9ticos a los que est\u00e1n expuestos.<\/p>\n<p>Durante el desarrollo de la misma, tambi\u00e9n se abordar\u00e1n las principales afectaciones legales, econ\u00f3micas o de reputaci\u00f3n. La alta capacitaci\u00f3n y experiencia de los ponentes proporcionar\u00e1 consejos y buenas pr\u00e1cticas que permitir\u00e1n a nuestras empresas y organizaciones anticipar necesidades y adoptar medidas preventivas, aprovechar al m\u00e1ximo y de forma segura las posibilidades de las TIC y elevar su confianza digital.[\/vc_column_text][\/vc_column][\/vc_row][vc_row][vc_column width=\u00bb1\/1&#8243;][vc_column_text]<\/p>\n<p style=\"text-align: center;\"><strong><span style=\"color: #c1002b;\">PROGRAMA<\/span><\/strong><\/p>\n<p><strong><span style=\"color: #c1002b;\">09.30\u00a0\u00a0\u00a0 Recepci\u00f3n de asistentes.<\/span><\/strong><\/p>\n<p><strong><span style=\"color: #c1002b;\">09.45\u00a0\u00a0\u00a0 Bienvenida<\/span><\/strong><\/p>\n<p style=\"padding-left: 30px;\">Sr. Joan Pujol;\u00a0Secretario General de Foment del Treball<\/p>\n<p><strong><span style=\"color: #c1002b;\">09.50\u00a0 Seguridad Digital. Telef\u00f3nica<\/span><\/strong><\/p>\n<p style=\"padding-left: 30px;\">Sr. Miguel Sanchez; Director Global de Seguridad e Inteligencia de Telef\u00f3nica.<\/p>\n<p><span style=\"color: #c1002b;\"><strong>10.15\u00a0\u00a0\u00a0 \u201cCiberseguridad: ciudadanos y empresas<\/strong><\/span><\/p>\n<p style=\"padding-left: 30px;\">Sr. Alberto Hernandez Moreno;\u00a0Director General del Instituto Nacional de Ciberseguridad (INCIBE)<\/p>\n<p><span style=\"color: #c1002b;\"><strong>10.40\u00a0\u00a0\u00a0 \u201cLa importancia de la concienciaci\u00f3n sobre los riesgos de Ciberseguridad\u201d <\/strong><\/span><\/p>\n<p style=\"padding-left: 30px;\">Sra. Maria Luisa Retamosa Fernandez; Directora Corporativa de Seguridad y Gobierno de CaixaBank.<\/p>\n<p><strong><span style=\"color: #c1002b;\">11.05\u00a0 \u00a0 Ruegos y preguntas<\/span><\/strong><\/p>\n<p><strong><span style=\"color: #c1002b;\">11.15\u00a0 \u00a0 Clausura<\/span><\/strong><\/p>\n<p>Sr. Javier Mirallas; Presidente del Comit\u00e9 de Seguridad de Foment del Treball.<\/p>\n<p><span style=\"color: #c1002b;\"><strong>11.30\u00a0\u00a0\u00a0 Coffee break.<\/strong><\/span>[\/vc_column_text][\/vc_column][\/vc_row]<\/p>\n<\/section>","protected":false},"author":24,"featured_media":46982,"menu_order":0,"comment_status":"closed","ping_status":"closed","template":"","meta":{"_links_to":"","_links_to_target":""},"tags":[],"event_type":[],"event_type_2":[],"acf":[],"_links":{"self":[{"href":"https:\/\/www.foment.com\/es\/wp-json\/wp\/v2\/ajde_events\/46961"}],"collection":[{"href":"https:\/\/www.foment.com\/es\/wp-json\/wp\/v2\/ajde_events"}],"about":[{"href":"https:\/\/www.foment.com\/es\/wp-json\/wp\/v2\/types\/ajde_events"}],"author":[{"embeddable":true,"href":"https:\/\/www.foment.com\/es\/wp-json\/wp\/v2\/users\/24"}],"replies":[{"embeddable":true,"href":"https:\/\/www.foment.com\/es\/wp-json\/wp\/v2\/comments?post=46961"}],"wp:featuredmedia":[{"embeddable":true,"href":"https:\/\/www.foment.com\/es\/wp-json\/wp\/v2\/media\/46982"}],"wp:attachment":[{"href":"https:\/\/www.foment.com\/es\/wp-json\/wp\/v2\/media?parent=46961"}],"wp:term":[{"taxonomy":"post_tag","embeddable":true,"href":"https:\/\/www.foment.com\/es\/wp-json\/wp\/v2\/tags?post=46961"},{"taxonomy":"event_type","embeddable":true,"href":"https:\/\/www.foment.com\/es\/wp-json\/wp\/v2\/event_type?post=46961"},{"taxonomy":"event_type_2","embeddable":true,"href":"https:\/\/www.foment.com\/es\/wp-json\/wp\/v2\/event_type_2?post=46961"}],"curies":[{"name":"wp","href":"https:\/\/api.w.org\/{rel}","templated":true}]}}

El desafío de la ciberseguridad

<section class="wpb-content-wrapper"><p>[vc_row][vc_column][vc_column_text]Los ataques informáticos contra empresas y personas crecen significativamente, ello hace que la ciberseguridad sea en la actualidad una de las principales preocupaciones de nuestras empresas y organizaciones. La cultura de la ciberseguridad es todavía una asignatura pendiente y es un gran error pensar que es sólo cosa de los informáticos.</p>
<p>El objetivo de la jornada es analizar la situación actual y la problemática en relación al sector de la seguridad en tecnologías de la información y la comunicación. Es necesario y fundamental que nuestras empresas y organizaciones, sea cual sea su tamaño y estén o no relacionadas con sectores estratégicos e infraestructuras críticas, tengan una aproximación seria y objetiva al ámbito de la ciberseguridad que les permita determinar de manera fiable los riesgos cibernéticos a los que están expuestos.</p>
<p>Durante el desarrollo de la misma, también se abordarán las principales afectaciones legales, económicas o de reputación. La alta capacitación y experiencia de los ponentes proporcionará consejos y buenas prácticas que permitirán a nuestras empresas y organizaciones anticipar necesidades y adoptar medidas preventivas, aprovechar al máximo y de forma segura las posibilidades de las TIC y elevar su confianza digital.[/vc_column_text][/vc_column][/vc_row][vc_row][vc_column width=»1/1&#8243;][vc_column_text]</p>
<p style="text-align: center;"><strong><span style="color: #c1002b;">PROGRAMA</span></strong></p>
<p><strong><span style="color: #c1002b;">09.30    Recepción de asistentes.</span></strong></p>
<p><strong><span style="color: #c1002b;">09.45    Bienvenida</span></strong></p>
<p style="padding-left: 30px;">Sr. Joan Pujol; Secretario General de Foment del Treball</p>
<p><strong><span style="color: #c1002b;">09.50  Seguridad Digital. Telefónica</span></strong></p>
<p style="padding-left: 30px;">Sr. Miguel Sanchez; Director Global de Seguridad e Inteligencia de Telefónica.</p>
<p><span style="color: #c1002b;"><strong>10.15    “Ciberseguridad: ciudadanos y empresas</strong></span></p>
<p style="padding-left: 30px;">Sr. Alberto Hernandez Moreno; Director General del Instituto Nacional de Ciberseguridad (INCIBE)</p>
<p><span style="color: #c1002b;"><strong>10.40    “La importancia de la concienciación sobre los riesgos de Ciberseguridad” </strong></span></p>
<p style="padding-left: 30px;">Sra. Maria Luisa Retamosa Fernandez; Directora Corporativa de Seguridad y Gobierno de CaixaBank.</p>
<p><strong><span style="color: #c1002b;">11.05    Ruegos y preguntas</span></strong></p>
<p><strong><span style="color: #c1002b;">11.15    Clausura</span></strong></p>
<p>Sr. Javier Mirallas; Presidente del Comité de Seguridad de Foment del Treball.</p>
<p><span style="color: #c1002b;"><strong>11.30    Coffee break.</strong></span>[/vc_column_text][/vc_column][/vc_row]</p>
</section>
