{"id":47804,"date":"2018-07-11T15:56:35","date_gmt":"2018-07-11T13:56:35","guid":{"rendered":"http:\/\/www.foment.com\/?post_type=ajde_events&#038;p=47804"},"modified":"2018-09-17T09:24:35","modified_gmt":"2018-09-17T07:24:35","slug":"aplicacion-de-medidas-preventivas-en-riesgos-psicosociales","status":"publish","type":"ajde_events","link":"https:\/\/www.foment.com\/es\/events\/aplicacion-de-medidas-preventivas-en-riesgos-psicosociales\/","title":{"rendered":"Aplicaci\u00f3n de medidas preventivas en riesgos psicosociales"},"content":{"rendered":"<section class=\"wpb-content-wrapper\"><p>[vc_row][vc_column][vc_column_text]<\/p>\n<h2 style=\"text-align: center;\"><span style=\"color: #ab192d;\"><strong>Aplicaci\u00f3n de medidas preventivas en riesgos psicosociales.<\/strong><\/span><\/h2>\n<h3 style=\"text-align: center;\"><span style=\"color: #656565;\"><strong>Jornada de PRL<\/strong><\/span><\/h3>\n<p>&nbsp;<\/p>\n<h3><span style=\"color: #ab192d;\"><strong>Objetivo<\/strong><\/span><\/h3>\n<p>&nbsp;<\/p>\n<p style=\"text-align: justify;\">Las condiciones de trabajo est\u00e1n directamente relacionadas con la organizaci\u00f3n del trabajo, su entorno social y con el contenido del trabajo.<\/p>\n<p style=\"text-align: justify;\">Par ello, es necesario planificar, implementar y realizar un seguimiento de las actuaciones preventivas destinadas a eliminar o minimizar la exposici\u00f3n a los riesgos de origen psicosocial. Sin embargo, el modelo actual de riesgos psicosociales destina la mayor parte de los recursos a la identificaci\u00f3n, la evaluaci\u00f3n y el diagn\u00f3stico de los riesgos, posponiendo la aplicaci\u00f3n de mejoras y medidas correctoras.<\/p>\n<p style=\"text-align: justify;\">En la jornada se pretende proponer un conjunto de medidas preventivas dirigidas a la eliminaci\u00f3n y\/o minimizaci\u00f3n de los principales factores de riegos conocidos.<\/p>\n<p>&nbsp;<\/p>\n<h3><span style=\"color: #ab192d;\"><strong>Programa<\/strong><\/span><\/h3>\n<p>&nbsp;<\/p>\n<table>\n<tbody>\n<tr>\n<td width=\"10%\">\n<p style=\"margin: 5px 0px;\" align=\"left\"><strong>10.00 h<\/strong><\/p>\n<\/td>\n<td width=\"90%\">\n<p style=\"margin: 5px 0px;\" align=\"left\"><strong>Presentaci\u00f3n.<\/strong><\/p>\n<ul>\n<li>Sra. Mavia Isern. Responsable de Desarrollo y Proyectos en CAEB.<\/li>\n<li>Sr. C\u00e9sar S\u00e1nchez. Director Oficina Prevenci\u00f3n Riesgos Laborales. Foment del Treball.<\/li>\n<\/ul>\n<\/td>\n<\/tr>\n<tr>\n<td width=\"10%\">\n<p style=\"margin: 5px 0px;\" align=\"left\"><strong>10.15 h<\/strong><\/p>\n<\/td>\n<td width=\"90%\">\n<p style=\"margin: 5px 0px;\" align=\"left\"><strong>Casos de \u00e9xito de medidas preventivas en riesgos psicosociales.<\/strong><\/p>\n<ul>\n<li>Sr. Diego Gracia. Director de Psicopreven.<\/li>\n<\/ul>\n<\/td>\n<\/tr>\n<tr>\n<td width=\"10%\">\n<p style=\"margin: 5px 0px;\" align=\"left\"><strong>11:00 h<\/strong><\/p>\n<\/td>\n<td width=\"90%\">\n<p style=\"margin: 5px 0px;\" align=\"left\"><strong>Ruegos y preguntas.<\/strong><\/p>\n<\/td>\n<\/tr>\n<tr>\n<td width=\"10%\">\n<p style=\"margin: 5px 0px;\" align=\"left\"><strong>11:15 h<\/strong><\/p>\n<\/td>\n<td width=\"90%\">\n<p style=\"margin: 5px 0px;\" align=\"left\"><strong>Pausa-caf\u00e9.<\/strong><\/p>\n<\/td>\n<\/tr>\n<tr>\n<td width=\"10%\">\n<p style=\"margin: 5px 0px;\" align=\"left\"><strong>11.45 h<\/strong><\/p>\n<\/td>\n<td width=\"90%\">\n<p style=\"margin: 5px 0px;\" align=\"left\"><strong>Bloque de buenas pr\u00e1cticas empresariales.<\/strong><\/p>\n<ul>\n<li>Sr. Jorge Prieto. Responsable de Seguridad y Salud de Mantequer\u00edas Arias.<\/li>\n<li>Sr. Miguel Bandera. Departamento de PRL regi\u00f3n Baleares de Cemex Espa\u00f1a.<\/li>\n<\/ul>\n<\/td>\n<\/tr>\n<tr>\n<td width=\"10%\">\n<p style=\"margin: 5px 0px;\" align=\"left\"><strong>13:15 h<\/strong><\/p>\n<\/td>\n<td width=\"90%\">\n<p style=\"margin: 5px 0px;\" align=\"left\"><strong>Ruegos y preguntas.<\/strong><\/p>\n<\/td>\n<\/tr>\n<\/tbody>\n<\/table>\n<p>[\/vc_column_text][\/vc_column][\/vc_row][vc_row][vc_column width=\u00bb1\/1&#8243;]<div class=\"single_image wpb_content_element align-left    \" data-animation=\"none\" data-delay=\"0\"><a href=\"http:\/\/prl.foment.com\" target=\"_blank\"><img width=\"1261\" height=\"200\" src=\"https:\/\/www.foment.com\/wp-content\/uploads\/2018\/07\/PRL_logotipos_18_financiacion.png\" class=\"attachment-full\" alt=\"\" loading=\"lazy\" title=\"PRL_logotipos_18_financiacion\" srcset=\"https:\/\/www.foment.com\/wp-content\/uploads\/2018\/07\/PRL_logotipos_18_financiacion.png 1261w, https:\/\/www.foment.com\/wp-content\/uploads\/2018\/07\/PRL_logotipos_18_financiacion-300x48.png 300w, https:\/\/www.foment.com\/wp-content\/uploads\/2018\/07\/PRL_logotipos_18_financiacion-768x122.png 768w, https:\/\/www.foment.com\/wp-content\/uploads\/2018\/07\/PRL_logotipos_18_financiacion-1024x162.png 1024w\" sizes=\"(max-width: 1261px) 100vw, 1261px\" \/><\/a><\/div>[\/vc_column][\/vc_row]<\/p>\n<\/section>","protected":false},"author":12,"featured_media":47807,"menu_order":0,"comment_status":"closed","ping_status":"closed","template":"","meta":{"_links_to":"","_links_to_target":""},"tags":[1063,417,961,513],"event_type":[202],"event_type_2":[],"acf":[],"_links":{"self":[{"href":"https:\/\/www.foment.com\/es\/wp-json\/wp\/v2\/ajde_events\/47804"}],"collection":[{"href":"https:\/\/www.foment.com\/es\/wp-json\/wp\/v2\/ajde_events"}],"about":[{"href":"https:\/\/www.foment.com\/es\/wp-json\/wp\/v2\/types\/ajde_events"}],"author":[{"embeddable":true,"href":"https:\/\/www.foment.com\/es\/wp-json\/wp\/v2\/users\/12"}],"replies":[{"embeddable":true,"href":"https:\/\/www.foment.com\/es\/wp-json\/wp\/v2\/comments?post=47804"}],"wp:featuredmedia":[{"embeddable":true,"href":"https:\/\/www.foment.com\/es\/wp-json\/wp\/v2\/media\/47807"}],"wp:attachment":[{"href":"https:\/\/www.foment.com\/es\/wp-json\/wp\/v2\/media?parent=47804"}],"wp:term":[{"taxonomy":"post_tag","embeddable":true,"href":"https:\/\/www.foment.com\/es\/wp-json\/wp\/v2\/tags?post=47804"},{"taxonomy":"event_type","embeddable":true,"href":"https:\/\/www.foment.com\/es\/wp-json\/wp\/v2\/event_type?post=47804"},{"taxonomy":"event_type_2","embeddable":true,"href":"https:\/\/www.foment.com\/es\/wp-json\/wp\/v2\/event_type_2?post=47804"}],"curies":[{"name":"wp","href":"https:\/\/api.w.org\/{rel}","templated":true}]}}

Aplicación de medidas preventivas en riesgos psicosociales

<section class="wpb-content-wrapper"><p>[vc_row][vc_column][vc_column_text]</p>
<h2 style="text-align: center;"><span style="color: #ab192d;"><strong>Aplicación de medidas preventivas en riesgos psicosociales.</strong></span></h2>
<h3 style="text-align: center;"><span style="color: #656565;"><strong>Jornada de PRL</strong></span></h3>
<p>&nbsp;</p>
<h3><span style="color: #ab192d;"><strong>Objetivo</strong></span></h3>
<p>&nbsp;</p>
<p style="text-align: justify;">Las condiciones de trabajo están directamente relacionadas con la organización del trabajo, su entorno social y con el contenido del trabajo.</p>
<p style="text-align: justify;">Par ello, es necesario planificar, implementar y realizar un seguimiento de las actuaciones preventivas destinadas a eliminar o minimizar la exposición a los riesgos de origen psicosocial. Sin embargo, el modelo actual de riesgos psicosociales destina la mayor parte de los recursos a la identificación, la evaluación y el diagnóstico de los riesgos, posponiendo la aplicación de mejoras y medidas correctoras.</p>
<p style="text-align: justify;">En la jornada se pretende proponer un conjunto de medidas preventivas dirigidas a la eliminación y/o minimización de los principales factores de riegos conocidos.</p>
<p>&nbsp;</p>
<h3><span style="color: #ab192d;"><strong>Programa</strong></span></h3>
<p>&nbsp;</p>
<table>
<tbody>
<tr>
<td width="10%">
<p style="margin: 5px 0px;" align="left"><strong>10.00 h</strong></p>
</td>
<td width="90%">
<p style="margin: 5px 0px;" align="left"><strong>Presentación.</strong></p>
<ul>
<li>Sra. Mavia Isern. Responsable de Desarrollo y Proyectos en CAEB.</li>
<li>Sr. César Sánchez. Director Oficina Prevención Riesgos Laborales. Foment del Treball.</li>
</ul>
</td>
</tr>
<tr>
<td width="10%">
<p style="margin: 5px 0px;" align="left"><strong>10.15 h</strong></p>
</td>
<td width="90%">
<p style="margin: 5px 0px;" align="left"><strong>Casos de éxito de medidas preventivas en riesgos psicosociales.</strong></p>
<ul>
<li>Sr. Diego Gracia. Director de Psicopreven.</li>
</ul>
</td>
</tr>
<tr>
<td width="10%">
<p style="margin: 5px 0px;" align="left"><strong>11:00 h</strong></p>
</td>
<td width="90%">
<p style="margin: 5px 0px;" align="left"><strong>Ruegos y preguntas.</strong></p>
</td>
</tr>
<tr>
<td width="10%">
<p style="margin: 5px 0px;" align="left"><strong>11:15 h</strong></p>
</td>
<td width="90%">
<p style="margin: 5px 0px;" align="left"><strong>Pausa-café.</strong></p>
</td>
</tr>
<tr>
<td width="10%">
<p style="margin: 5px 0px;" align="left"><strong>11.45 h</strong></p>
</td>
<td width="90%">
<p style="margin: 5px 0px;" align="left"><strong>Bloque de buenas prácticas empresariales.</strong></p>
<ul>
<li>Sr. Jorge Prieto. Responsable de Seguridad y Salud de Mantequerías Arias.</li>
<li>Sr. Miguel Bandera. Departamento de PRL región Baleares de Cemex España.</li>
</ul>
</td>
</tr>
<tr>
<td width="10%">
<p style="margin: 5px 0px;" align="left"><strong>13:15 h</strong></p>
</td>
<td width="90%">
<p style="margin: 5px 0px;" align="left"><strong>Ruegos y preguntas.</strong></p>
</td>
</tr>
</tbody>
</table>
<p>[/vc_column_text][/vc_column][/vc_row][vc_row][vc_column width=»1/1&#8243;]<div class="single_image wpb_content_element align-left    " data-animation="none" data-delay="0"><a href="http://prl.foment.com" target="_blank"><img width="1261" height="200" src="https://www.foment.com/wp-content/uploads/2018/07/PRL_logotipos_18_financiacion.png" class="attachment-full" alt="" loading="lazy" title="PRL_logotipos_18_financiacion" srcset="https://www.foment.com/wp-content/uploads/2018/07/PRL_logotipos_18_financiacion.png 1261w, https://www.foment.com/wp-content/uploads/2018/07/PRL_logotipos_18_financiacion-300x48.png 300w, https://www.foment.com/wp-content/uploads/2018/07/PRL_logotipos_18_financiacion-768x122.png 768w, https://www.foment.com/wp-content/uploads/2018/07/PRL_logotipos_18_financiacion-1024x162.png 1024w" sizes="(max-width: 1261px) 100vw, 1261px" /></a></div>[/vc_column][/vc_row]</p>
</section>
