{"id":54267,"date":"2018-09-25T14:51:10","date_gmt":"2018-09-25T12:51:10","guid":{"rendered":"http:\/\/www.foment.com\/?post_type=ajde_events&#038;p=54267"},"modified":"2018-09-26T16:23:04","modified_gmt":"2018-09-26T14:23:04","slug":"ix-edicion-premios-atlante","status":"publish","type":"ajde_events","link":"https:\/\/www.foment.com\/es\/events\/ix-edicion-premios-atlante\/","title":{"rendered":"IX Edici\u00f3n Premios Atlante. Invitaci\u00f3n al acto de entrega."},"content":{"rendered":"<section class=\"wpb-content-wrapper\"><p>[vc_row][vc_column][vc_column_text]<\/p>\n<h2 style=\"text-align: center;\"><span style=\"color: #ab192d;\"><strong>IX Edici\u00f3n Premios Atlante.<\/strong><\/span><\/h2>\n<h3 style=\"text-align: center;\"><span style=\"color: #656565;\"><strong>Invitaci\u00f3n al acto de entrega<\/strong><\/span><\/h3>\n<p>&nbsp;<\/p>\n<h3><span style=\"color: #ab192d;\"><strong>El origen<\/strong><\/span><\/h3>\n<p>&nbsp;<\/p>\n<p style=\"text-align: justify;\">En el a\u00f1o 2002, Foment del Treball Nacional, a trav\u00e9s de la Oficina de Prevenci\u00f3n de Riesgos Laborales, decidi\u00f3 convocar la primera edici\u00f3n de los Premios Atlante con la finalidad de estimular, impulsar e incentivar positivamente la labor efectuada por las empresas en la implementaci\u00f3n efectiva de la prevenci\u00f3n de riesgos laborales.<\/p>\n<p>&nbsp;<\/p>\n<h3><span style=\"color: #ab192d;\"><strong>El objetivo<\/strong><\/span><\/h3>\n<p>&nbsp;<\/p>\n<p style=\"text-align: justify;\">La Oficina de Prevenci\u00f3n de Riesgos Laborales de Foment del Treball Nacional ha considerado oportuno convocar la IX Edici\u00f3n de los Premios Atlante con el objetivo de contribuir a la creaci\u00f3n de una aut\u00e9ntica cultura de la prevenci\u00f3n mediante el reconocimiento p\u00fablico de las acciones preventivas y buenas pr\u00e1cticas desarrolladas por las empresas.<br \/>\nPudiendo presentar candidatura todas aquellas empresas domiciliadas o con sede social en cualquiera de las provincias espa\u00f1olas.<\/p>\n<p>&nbsp;<\/p>\n<h3><span style=\"color: #ab192d;\"><strong>Las categor\u00edas<\/strong><\/span><\/h3>\n<p>&nbsp;<\/p>\n<p style=\"text-align: justify;\">Los Premios Atlante se convocan en dos modalidades diferentes: peque\u00f1a y mediana empresa (hasta 249 trabajadores) y gran empresa (m\u00e1s de 250 trabajadores). Adem\u00e1s, los galardones a los que pueden optar las empresas que concurran a los premios se distribuyen en cinco categor\u00edas diferentes:<\/p>\n<ul>\n<li style=\"text-align: justify;\">Elementos de integraci\u00f3n de la prevenci\u00f3n de riesgos laborales, con el fin de reconocer las acciones de implementaci\u00f3n de la prevenci\u00f3n de riesgos laborales en el sistema de gesti\u00f3n general de la empresa (procedimientos preventivos, instrucciones de trabajo, coordinaci\u00f3n entre empresas, integraci\u00f3n de sistemas de gesti\u00f3n, etc.) que tengan como objetivo la integraci\u00f3n efectiva y estable de la prevenci\u00f3n en la organizaci\u00f3n y funcionamiento de la empresa.<\/li>\n<li style=\"text-align: justify;\">Medidas preventivas aplicadas, con el fin de reconocer a los autores o empresas que hayan implantado medidas preventivas pr\u00e1cticas que tengan como objetivo la mejora de las condiciones de seguridad y salud.<\/li>\n<li style=\"text-align: justify;\">Iniciativas de sensibilizaci\u00f3n, informaci\u00f3n y\/o formaci\u00f3n, con el objetivo de distinguir a las empresas que hayan contribuido a la creaci\u00f3n, promoci\u00f3n y divulgaci\u00f3n de la cultura de prevenci\u00f3n de riesgos laborales mediante el desarrollo de campa\u00f1as, programas y productos nuevos.<\/li>\n<li style=\"text-align: justify;\">Trayectoria profesional, con el objeto de reconocer los m\u00e9ritos y la contribuci\u00f3n de personas f\u00edsicas, jur\u00eddicas, entidades, instituciones y \u00f3rganos de participaci\u00f3n en la investigaci\u00f3n y promoci\u00f3n de la prevenci\u00f3n de riesgos laborales.<\/li>\n<li style=\"text-align: justify;\">Premio Especial del Jurado, que se podr\u00e1 convocar a propuesta del Jurado, para reconocer a la persona o personas, empresas o instituciones que se hayan distinguido de una manera especial en el campo de la prevenci\u00f3n de riesgos laborales y que no hayan sido consideradas en las categor\u00edas anteriores.<\/li>\n<\/ul>\n<p>&nbsp;<\/p>\n<p>[\/vc_column_text][\/vc_column][\/vc_row][vc_row][vc_column width=\u00bb1\/1&#8243;]<div class=\"single_image wpb_content_element align-left    \" data-animation=\"none\" data-delay=\"0\"><a href=\"http:\/\/prl.foment.com\" target=\"_blank\"><img width=\"1261\" height=\"200\" src=\"https:\/\/www.foment.com\/wp-content\/uploads\/2018\/07\/PRL_logotipos_18_financiacion.png\" class=\"attachment-full\" alt=\"\" loading=\"lazy\" title=\"PRL_logotipos_18_financiacion\" srcset=\"https:\/\/www.foment.com\/wp-content\/uploads\/2018\/07\/PRL_logotipos_18_financiacion.png 1261w, https:\/\/www.foment.com\/wp-content\/uploads\/2018\/07\/PRL_logotipos_18_financiacion-300x48.png 300w, https:\/\/www.foment.com\/wp-content\/uploads\/2018\/07\/PRL_logotipos_18_financiacion-768x122.png 768w, https:\/\/www.foment.com\/wp-content\/uploads\/2018\/07\/PRL_logotipos_18_financiacion-1024x162.png 1024w\" sizes=\"(max-width: 1261px) 100vw, 1261px\" \/><\/a><\/div>[\/vc_column][\/vc_row]<\/p>\n<p style=\"text-align: CENTER;\"><span style=\"color: #6caae4;\">El contenido de esta publicaci\u00f3n es responsabilidad exclusiva de la entidad ejecutante y no refleja necesariamente la opini\u00f3n de la Fundaci\u00f3n Estatal para la Prevenci\u00f3n de Riesgos Laborales.<\/span><\/p>\n<\/section>","protected":false},"author":12,"featured_media":54273,"menu_order":0,"comment_status":"closed","ping_status":"closed","template":"","meta":{"_links_to":"","_links_to_target":""},"tags":[435,417,513],"event_type":[202],"event_type_2":[],"acf":[],"_links":{"self":[{"href":"https:\/\/www.foment.com\/es\/wp-json\/wp\/v2\/ajde_events\/54267"}],"collection":[{"href":"https:\/\/www.foment.com\/es\/wp-json\/wp\/v2\/ajde_events"}],"about":[{"href":"https:\/\/www.foment.com\/es\/wp-json\/wp\/v2\/types\/ajde_events"}],"author":[{"embeddable":true,"href":"https:\/\/www.foment.com\/es\/wp-json\/wp\/v2\/users\/12"}],"replies":[{"embeddable":true,"href":"https:\/\/www.foment.com\/es\/wp-json\/wp\/v2\/comments?post=54267"}],"wp:featuredmedia":[{"embeddable":true,"href":"https:\/\/www.foment.com\/es\/wp-json\/wp\/v2\/media\/54273"}],"wp:attachment":[{"href":"https:\/\/www.foment.com\/es\/wp-json\/wp\/v2\/media?parent=54267"}],"wp:term":[{"taxonomy":"post_tag","embeddable":true,"href":"https:\/\/www.foment.com\/es\/wp-json\/wp\/v2\/tags?post=54267"},{"taxonomy":"event_type","embeddable":true,"href":"https:\/\/www.foment.com\/es\/wp-json\/wp\/v2\/event_type?post=54267"},{"taxonomy":"event_type_2","embeddable":true,"href":"https:\/\/www.foment.com\/es\/wp-json\/wp\/v2\/event_type_2?post=54267"}],"curies":[{"name":"wp","href":"https:\/\/api.w.org\/{rel}","templated":true}]}}

IX Edición Premios Atlante. Invitación al acto de entrega.

<section class="wpb-content-wrapper"><p>[vc_row][vc_column][vc_column_text]</p>
<h2 style="text-align: center;"><span style="color: #ab192d;"><strong>IX Edición Premios Atlante.</strong></span></h2>
<h3 style="text-align: center;"><span style="color: #656565;"><strong>Invitación al acto de entrega</strong></span></h3>
<p>&nbsp;</p>
<h3><span style="color: #ab192d;"><strong>El origen</strong></span></h3>
<p>&nbsp;</p>
<p style="text-align: justify;">En el año 2002, Foment del Treball Nacional, a través de la Oficina de Prevención de Riesgos Laborales, decidió convocar la primera edición de los Premios Atlante con la finalidad de estimular, impulsar e incentivar positivamente la labor efectuada por las empresas en la implementación efectiva de la prevención de riesgos laborales.</p>
<p>&nbsp;</p>
<h3><span style="color: #ab192d;"><strong>El objetivo</strong></span></h3>
<p>&nbsp;</p>
<p style="text-align: justify;">La Oficina de Prevención de Riesgos Laborales de Foment del Treball Nacional ha considerado oportuno convocar la IX Edición de los Premios Atlante con el objetivo de contribuir a la creación de una auténtica cultura de la prevención mediante el reconocimiento público de las acciones preventivas y buenas prácticas desarrolladas por las empresas.<br />
Pudiendo presentar candidatura todas aquellas empresas domiciliadas o con sede social en cualquiera de las provincias españolas.</p>
<p>&nbsp;</p>
<h3><span style="color: #ab192d;"><strong>Las categorías</strong></span></h3>
<p>&nbsp;</p>
<p style="text-align: justify;">Los Premios Atlante se convocan en dos modalidades diferentes: pequeña y mediana empresa (hasta 249 trabajadores) y gran empresa (más de 250 trabajadores). Además, los galardones a los que pueden optar las empresas que concurran a los premios se distribuyen en cinco categorías diferentes:</p>
<ul>
<li style="text-align: justify;">Elementos de integración de la prevención de riesgos laborales, con el fin de reconocer las acciones de implementación de la prevención de riesgos laborales en el sistema de gestión general de la empresa (procedimientos preventivos, instrucciones de trabajo, coordinación entre empresas, integración de sistemas de gestión, etc.) que tengan como objetivo la integración efectiva y estable de la prevención en la organización y funcionamiento de la empresa.</li>
<li style="text-align: justify;">Medidas preventivas aplicadas, con el fin de reconocer a los autores o empresas que hayan implantado medidas preventivas prácticas que tengan como objetivo la mejora de las condiciones de seguridad y salud.</li>
<li style="text-align: justify;">Iniciativas de sensibilización, información y/o formación, con el objetivo de distinguir a las empresas que hayan contribuido a la creación, promoción y divulgación de la cultura de prevención de riesgos laborales mediante el desarrollo de campañas, programas y productos nuevos.</li>
<li style="text-align: justify;">Trayectoria profesional, con el objeto de reconocer los méritos y la contribución de personas físicas, jurídicas, entidades, instituciones y órganos de participación en la investigación y promoción de la prevención de riesgos laborales.</li>
<li style="text-align: justify;">Premio Especial del Jurado, que se podrá convocar a propuesta del Jurado, para reconocer a la persona o personas, empresas o instituciones que se hayan distinguido de una manera especial en el campo de la prevención de riesgos laborales y que no hayan sido consideradas en las categorías anteriores.</li>
</ul>
<p>&nbsp;</p>
<p>[/vc_column_text][/vc_column][/vc_row][vc_row][vc_column width=»1/1&#8243;]<div class="single_image wpb_content_element align-left    " data-animation="none" data-delay="0"><a href="http://prl.foment.com" target="_blank"><img width="1261" height="200" src="https://www.foment.com/wp-content/uploads/2018/07/PRL_logotipos_18_financiacion.png" class="attachment-full" alt="" loading="lazy" title="PRL_logotipos_18_financiacion" srcset="https://www.foment.com/wp-content/uploads/2018/07/PRL_logotipos_18_financiacion.png 1261w, https://www.foment.com/wp-content/uploads/2018/07/PRL_logotipos_18_financiacion-300x48.png 300w, https://www.foment.com/wp-content/uploads/2018/07/PRL_logotipos_18_financiacion-768x122.png 768w, https://www.foment.com/wp-content/uploads/2018/07/PRL_logotipos_18_financiacion-1024x162.png 1024w" sizes="(max-width: 1261px) 100vw, 1261px" /></a></div>[/vc_column][/vc_row]</p>
<p style="text-align: CENTER;"><span style="color: #6caae4;">El contenido de esta publicación es responsabilidad exclusiva de la entidad ejecutante y no refleja necesariamente la opinión de la Fundación Estatal para la Prevención de Riesgos Laborales.</span></p>
</section>
