{"id":57483,"date":"2018-11-27T17:14:07","date_gmt":"2018-11-27T16:14:07","guid":{"rendered":"https:\/\/www.foment.com\/events\/jornades-entrenant-el-teu-talent-comunicacio-una-competencia-de-lideratge-2\/"},"modified":"2018-12-10T12:25:15","modified_gmt":"2018-12-10T11:25:15","slug":"jornadas-entrenando-tu-talento-comunicacion-una-competencia-de-liderazgo-2","status":"publish","type":"ajde_events","link":"https:\/\/www.foment.com\/es\/events\/jornadas-entrenando-tu-talento-comunicacion-una-competencia-de-liderazgo-2\/","title":{"rendered":"Jornadas \u00abEntrenando tu Talento\u00bb &#8211; Comunicaci\u00f3n, una Competencia de Liderazgo"},"content":{"rendered":"<p><strong><span style=\"color: #c1002b;\">Jornadas \u00abEntrenando tu Talento\u00bb<\/span><\/strong><\/p>\n<p><strong><span style=\"color: #c1002b;\">Foment del Treball y el IESE Business School<\/span><\/strong><\/p>\n<p>Estas jornadas estan enfocadas en mejorar la direcci\u00f3n y gesti\u00f3n de las organizaciones, a trav\u00e9s de la comunicaci\u00f3n. Saber comunicarse es una habilidad que marca la diferencia, ya que la comunicaci\u00f3n se puede convertir en la herramienta por excelencia para aumentar las posibilidades de \u00e9xito.<\/p>\n<p>Una buena comunicaci\u00f3n puede llevar a conectar mejor, generar mayor confianza en los otros y en una mismo\/a, a conseguir una mayor rendimiento, mejorar las relaciones con proveedores, clientes, compa\u00f1eros\/as y subordinados\/as, permitir\u00e1 tener una mayor capacidad de resoluci\u00f3n de conflictos en el trabajo, a mejorar la autoestima, a ser m\u00e1s competentes y vivir con mayor satisfacci\u00f3n.<\/p>\n<p>As\u00ed mismo, utilizar el Desing Thinking en las empresas y organizaciones nos permitir\u00e1 desarrollar una actitud innovadora que comienza mirando con nuevos ojos la realidad y observar a las personas con una \u00f3ptica diferente, desarrollando o poniendo a trabajar todos los sentidos y utilizando una mirada m\u00e1s hol\u00edstica de todo lo que nos rodea (personas, productos y servicios) incidiendo en la creatividad e innovaci\u00f3n desde la eficacia y, por tanto, nos har\u00e1 ser m\u00e1s competitivos y obtener mayores resultados.<\/p>\n<p>&nbsp;<\/p>\n<p><strong><a href=\"https:\/\/www.foment.com\/wp-content\/uploads\/2018\/11\/Formulario-informativo-definitivo-2019-1.pdf\" target=\"_blank\" rel=\"noopener\"><img loading=\"lazy\" class=\"aligncenter wp-image-57478 size-full\" src=\"https:\/\/www.foment.com\/wp-content\/uploads\/2018\/11\/boton-descargar-programa.jpg\" alt=\"\" width=\"215\" height=\"48\" \/><\/a><\/strong><\/p>\n<p>&nbsp;<\/p>\n<p><strong>Programa de la 3\u00aa sesi\u00f3n<\/strong>:<\/p>\n<p>09.30 a 11.30 h. Sesi\u00f3n Profesora Mireia de las Heras<\/p>\n<p><strong>\u00abClaves para una Comunicaci\u00f3n Sensible al Entorno\u00bb<\/strong><\/p>\n<p>11.30 a 12.00 h. Caf\u00e9 y pastas<\/p>\n<p>12.00 a 14.00 h. Taller Roman Zabal<\/p>\n<p><strong>\u00ab<em>Storytelling<\/em> y la Comunicaci\u00f3n Emocional\u00bb<\/strong><\/p>\n<p>14.00 a 15.00 Almuerzo y <em>networking<\/em> en IESE<\/p>\n<p>(<strong>Es preciso traer ordenador<\/strong>)<\/p>\n<p>&nbsp;<\/p>\n<p style=\"text-align: center;\"><a href=\"https:\/\/www.foment.com\/wp-content\/uploads\/2018\/11\/iese-familia.jpg\"><img loading=\"lazy\" class=\"wp-image-57320 alignleft\" src=\"https:\/\/www.foment.com\/wp-content\/uploads\/2018\/11\/iese-familia.jpg\" alt=\"\" width=\"107\" height=\"82\" \/><\/a><a href=\"https:\/\/www.foment.com\/wp-content\/uploads\/2018\/11\/catedra-iese.jpg\"><img loading=\"lazy\" class=\"wp-image-57317 alignleft\" src=\"https:\/\/www.foment.com\/wp-content\/uploads\/2018\/11\/catedra-iese.jpg\" alt=\"\" width=\"216\" height=\"64\" \/><\/a><\/p>\n","protected":false},"author":17,"featured_media":57330,"menu_order":0,"comment_status":"closed","ping_status":"closed","template":"","meta":{"_links_to":"","_links_to_target":""},"tags":[],"event_type":[590],"event_type_2":[],"acf":[],"_links":{"self":[{"href":"https:\/\/www.foment.com\/es\/wp-json\/wp\/v2\/ajde_events\/57483"}],"collection":[{"href":"https:\/\/www.foment.com\/es\/wp-json\/wp\/v2\/ajde_events"}],"about":[{"href":"https:\/\/www.foment.com\/es\/wp-json\/wp\/v2\/types\/ajde_events"}],"author":[{"embeddable":true,"href":"https:\/\/www.foment.com\/es\/wp-json\/wp\/v2\/users\/17"}],"replies":[{"embeddable":true,"href":"https:\/\/www.foment.com\/es\/wp-json\/wp\/v2\/comments?post=57483"}],"wp:featuredmedia":[{"embeddable":true,"href":"https:\/\/www.foment.com\/es\/wp-json\/wp\/v2\/media\/57330"}],"wp:attachment":[{"href":"https:\/\/www.foment.com\/es\/wp-json\/wp\/v2\/media?parent=57483"}],"wp:term":[{"taxonomy":"post_tag","embeddable":true,"href":"https:\/\/www.foment.com\/es\/wp-json\/wp\/v2\/tags?post=57483"},{"taxonomy":"event_type","embeddable":true,"href":"https:\/\/www.foment.com\/es\/wp-json\/wp\/v2\/event_type?post=57483"},{"taxonomy":"event_type_2","embeddable":true,"href":"https:\/\/www.foment.com\/es\/wp-json\/wp\/v2\/event_type_2?post=57483"}],"curies":[{"name":"wp","href":"https:\/\/api.w.org\/{rel}","templated":true}]}}

Jornadas «Entrenando tu Talento» &#8211; Comunicación, una Competencia de Liderazgo

<p><strong><span style="color: #c1002b;">Jornadas «Entrenando tu Talento»</span></strong></p>
<p><strong><span style="color: #c1002b;">Foment del Treball y el IESE Business School</span></strong></p>
<p>Estas jornadas estan enfocadas en mejorar la dirección y gestión de las organizaciones, a través de la comunicación. Saber comunicarse es una habilidad que marca la diferencia, ya que la comunicación se puede convertir en la herramienta por excelencia para aumentar las posibilidades de éxito.</p>
<p>Una buena comunicación puede llevar a conectar mejor, generar mayor confianza en los otros y en una mismo/a, a conseguir una mayor rendimiento, mejorar las relaciones con proveedores, clientes, compañeros/as y subordinados/as, permitirá tener una mayor capacidad de resolución de conflictos en el trabajo, a mejorar la autoestima, a ser más competentes y vivir con mayor satisfacción.</p>
<p>Así mismo, utilizar el Desing Thinking en las empresas y organizaciones nos permitirá desarrollar una actitud innovadora que comienza mirando con nuevos ojos la realidad y observar a las personas con una óptica diferente, desarrollando o poniendo a trabajar todos los sentidos y utilizando una mirada más holística de todo lo que nos rodea (personas, productos y servicios) incidiendo en la creatividad e innovación desde la eficacia y, por tanto, nos hará ser más competitivos y obtener mayores resultados.</p>
<p>&nbsp;</p>
<p><strong><a href="https://www.foment.com/wp-content/uploads/2018/11/Formulario-informativo-definitivo-2019-1.pdf" target="_blank" rel="noopener"><img loading="lazy" class="aligncenter wp-image-57478 size-full" src="https://www.foment.com/wp-content/uploads/2018/11/boton-descargar-programa.jpg" alt="" width="215" height="48" /></a></strong></p>
<p>&nbsp;</p>
<p><strong>Programa de la 3ª sesión</strong>:</p>
<p>09.30 a 11.30 h. Sesión Profesora Mireia de las Heras</p>
<p><strong>«Claves para una Comunicación Sensible al Entorno»</strong></p>
<p>11.30 a 12.00 h. Café y pastas</p>
<p>12.00 a 14.00 h. Taller Roman Zabal</p>
<p><strong>«<em>Storytelling</em> y la Comunicación Emocional»</strong></p>
<p>14.00 a 15.00 Almuerzo y <em>networking</em> en IESE</p>
<p>(<strong>Es preciso traer ordenador</strong>)</p>
<p>&nbsp;</p>
<p style="text-align: center;"><a href="https://www.foment.com/wp-content/uploads/2018/11/iese-familia.jpg"><img loading="lazy" class="wp-image-57320 alignleft" src="https://www.foment.com/wp-content/uploads/2018/11/iese-familia.jpg" alt="" width="107" height="82" /></a><a href="https://www.foment.com/wp-content/uploads/2018/11/catedra-iese.jpg"><img loading="lazy" class="wp-image-57317 alignleft" src="https://www.foment.com/wp-content/uploads/2018/11/catedra-iese.jpg" alt="" width="216" height="64" /></a></p>
