{"id":62624,"date":"2019-04-23T13:37:17","date_gmt":"2019-04-23T11:37:17","guid":{"rendered":"https:\/\/www.foment.com\/events\/presentacio-del-llibre-els-diaris-de-foment-premsa-industrial-al-segle-xix\/"},"modified":"2019-10-29T15:45:40","modified_gmt":"2019-10-29T14:45:40","slug":"presentacion-del-libro-los-periodicos-de-foment-prensa-industrial-en-el-siglo-xix","status":"publish","type":"ajde_events","link":"https:\/\/www.foment.com\/es\/events\/presentacion-del-libro-los-periodicos-de-foment-prensa-industrial-en-el-siglo-xix\/","title":{"rendered":"Presentaci\u00f3n del libro: \u00abEls diaris de Foment. Premsa industrial al segle XIX\u00bb"},"content":{"rendered":"<h3 style=\"text-align: center;\">Presentaci\u00f3n del libro: \u00abELS DIARIS DE FOMENT. PREMSA INDUSTRIAL AL SEGLE XIX\u00bb<\/h3>\n<div class=\"traductor-textarea form-group\" style=\"text-align: center;\">\n<div class=\"textarea-desti col-xs-12 col-sm-6\">\n<div class=\"form-control second-textarea\">\n<p><strong>Josep S\u00e1nchez Llibre<\/strong> tiene el placer de invitarles a la presentaci\u00f3n del libro, <em>Els diaris de Foment. Premsa industrial al segle XIX,<\/em> que aporta una visi\u00f3n hasta ahora in\u00e9dita en la historiograf\u00eda de nuestro pa\u00eds: la influencia de las organizaciones industrialistas en la configuraci\u00f3n de la prensa de aquellos tiempos. La necesidad de los fabricantes catalanes de influir en los diferentes gobiernos del Estado los llev\u00f3 a crear diarios, tanto en Barcelona como en Madrid, o a comprar los que ya estaban en circulaci\u00f3n. El proceso para la creaci\u00f3n o para la adquisici\u00f3n de cabeceras es lo se muestra en el libro.<\/p>\n<p>En el acto tambi\u00e9n participar\u00e1n el autor del libro,<br \/>\n<strong>Xavier Mart\u00ed y\u00a0Ylla<\/strong><\/p>\n<p>el catedr\u00e1tico de Periodismo<br \/>\nde la Universidad Pompeu Fabra,<br \/>\n<strong>Jaume\u00a0Guillamet<\/strong><\/p>\n<p>y el director del Institut Catal\u00e0 de Recerca<br \/>\nen Patrimoni Cultural,<br \/>\n<strong>Joaquim Nadal<\/strong><\/p>\n<\/div>\n<\/div>\n<\/div>\n<p>&nbsp;<\/p>\n","protected":false},"author":7,"featured_media":62617,"menu_order":0,"comment_status":"closed","ping_status":"closed","template":"","meta":{"_links_to":"","_links_to_target":""},"tags":[1438,1439],"event_type":[590],"event_type_2":[],"acf":[],"_links":{"self":[{"href":"https:\/\/www.foment.com\/es\/wp-json\/wp\/v2\/ajde_events\/62624"}],"collection":[{"href":"https:\/\/www.foment.com\/es\/wp-json\/wp\/v2\/ajde_events"}],"about":[{"href":"https:\/\/www.foment.com\/es\/wp-json\/wp\/v2\/types\/ajde_events"}],"author":[{"embeddable":true,"href":"https:\/\/www.foment.com\/es\/wp-json\/wp\/v2\/users\/7"}],"replies":[{"embeddable":true,"href":"https:\/\/www.foment.com\/es\/wp-json\/wp\/v2\/comments?post=62624"}],"wp:featuredmedia":[{"embeddable":true,"href":"https:\/\/www.foment.com\/es\/wp-json\/wp\/v2\/media\/62617"}],"wp:attachment":[{"href":"https:\/\/www.foment.com\/es\/wp-json\/wp\/v2\/media?parent=62624"}],"wp:term":[{"taxonomy":"post_tag","embeddable":true,"href":"https:\/\/www.foment.com\/es\/wp-json\/wp\/v2\/tags?post=62624"},{"taxonomy":"event_type","embeddable":true,"href":"https:\/\/www.foment.com\/es\/wp-json\/wp\/v2\/event_type?post=62624"},{"taxonomy":"event_type_2","embeddable":true,"href":"https:\/\/www.foment.com\/es\/wp-json\/wp\/v2\/event_type_2?post=62624"}],"curies":[{"name":"wp","href":"https:\/\/api.w.org\/{rel}","templated":true}]}}

Presentación del libro: «Els diaris de Foment. Premsa industrial al segle XIX»

<h3 style="text-align: center;">Presentación del libro: «ELS DIARIS DE FOMENT. PREMSA INDUSTRIAL AL SEGLE XIX»</h3>
<div class="traductor-textarea form-group" style="text-align: center;">
<div class="textarea-desti col-xs-12 col-sm-6">
<div class="form-control second-textarea">
<p><strong>Josep Sánchez Llibre</strong> tiene el placer de invitarles a la presentación del libro, <em>Els diaris de Foment. Premsa industrial al segle XIX,</em> que aporta una visión hasta ahora inédita en la historiografía de nuestro país: la influencia de las organizaciones industrialistas en la configuración de la prensa de aquellos tiempos. La necesidad de los fabricantes catalanes de influir en los diferentes gobiernos del Estado los llevó a crear diarios, tanto en Barcelona como en Madrid, o a comprar los que ya estaban en circulación. El proceso para la creación o para la adquisición de cabeceras es lo se muestra en el libro.</p>
<p>En el acto también participarán el autor del libro,<br />
<strong>Xavier Martí y Ylla</strong></p>
<p>el catedrático de Periodismo<br />
de la Universidad Pompeu Fabra,<br />
<strong>Jaume Guillamet</strong></p>
<p>y el director del Institut Català de Recerca<br />
en Patrimoni Cultural,<br />
<strong>Joaquim Nadal</strong></p>
</div>
</div>
</div>
<p>&nbsp;</p>
