{"id":62908,"date":"2019-05-08T15:22:03","date_gmt":"2019-05-08T13:22:03","guid":{"rendered":"https:\/\/www.foment.com\/?post_type=ajde_events&#038;p=62908"},"modified":"2019-05-27T10:04:16","modified_gmt":"2019-05-27T08:04:16","slug":"energia-solar-y-movilidad-electrica-para-empresas","status":"publish","type":"ajde_events","link":"https:\/\/www.foment.com\/es\/events\/energia-solar-y-movilidad-electrica-para-empresas\/","title":{"rendered":"Energ\u00eda Solar y Movilidad El\u00e9ctrica para empresas"},"content":{"rendered":"<div>\n<p>El cambio clim\u00e1tico y la contaminaci\u00f3n del aire est\u00e1 forzando a la evoluci\u00f3n y transici\u00f3n de la energ\u00eda en todo el mundo hac\u00eda sistemas de producci\u00f3n y consumo sostenibles. La sostenibilidad ya no es una opci\u00f3n para las empresas que, al servicio de una sociedad cada vez m\u00e1s comprometida con el planeta, deben abordar y protagonizar un cambio estrat\u00e9gico para disminuir su impacto medioambiental.<\/p>\n<p>En esta sesi\u00f3n se presentaran las soluciones de energ\u00eda solar y veh\u00edculos el\u00e9ctricos para las empresas, adem\u00e1s de conocer la perspectiva y visi\u00f3n desde Catalu\u00f1a, y analizar los objetivos del plan de acci\u00f3n mundial Agenda 2030 para un progreso social y econ\u00f3mico sostenible.<\/p>\n<\/div>\n<div><\/div>\n<div><strong>PROGRAMA<\/strong><\/div>\n<div><\/div>\n<div>\n<p><span style=\"color: #c10000;\"><strong>09:45 h. Recepci\u00f3n asistentes<\/strong><\/span><\/p>\n<p><span style=\"color: #c10000;\"><strong>10:00 h. Inauguraci\u00f3n de la jornada<\/strong><\/span><\/p>\n<p><strong>\u00a0 \u00a0 \u00a0 \u00a0 \u00a0 \u00a0 \u00a0 \u00a0 \u00a0 Sr. Josep S\u00e1nchez Llibre, <\/strong>Presidente de Foment del Treball<\/p>\n<\/div>\n<div><span style=\"color: #c10000;\"><strong>10:05 h. Compromiso con el Medio Ambiente. Objetivos de Desarrollo Sostenible. ODS<\/strong><\/span><\/div>\n<div>\n<p><strong>\u00a0 \u00a0 \u00a0 \u00a0 \u00a0 \u00a0 \u00a0 \u00a0 \u00a0Sr. Andr\u00e9s Carasso Vendrell, <\/strong>Delegado de Iberdrola en Catalu\u00f1a<\/p>\n<\/div>\n<p><strong><span style=\"color: #c10000;\">10:10 h. Presentaci\u00f3n Institut Catal\u00e0 d&#8217;Energia (ICAEN)<\/span><br \/>\n<\/strong><\/p>\n<div><strong>\u00a0 \u00a0 \u00a0 \u00a0 \u00a0 \u00a0 \u00a0 \u00a0 \u00a0Sr<\/strong><strong>. Manel Torrent,\u00a0<\/strong>Director del ICAEN<\/div>\n<div><\/div>\n<div><strong><span style=\"color: #c10000;\">10:25 h. Visi\u00f3n del grupo Volkswagen sobre electromovilidad<\/span><br \/>\n<\/strong><strong>\u00a0 \u00a0 \u00a0 \u00a0 \u00a0 \u00a0 \u00a0 \u00a0 \u00a0Sr<\/strong><strong>. Carlos de Luis, <\/strong>Relaciones Gubernamentales e Institucionales SEAT &amp; Grupo Volkswagen<\/div>\n<div><\/div>\n<div><strong><span style=\"color: #c10000;\">10:30 h. Energ\u00eda Solar y Movilidad El\u00e9ctrica en Catalu\u00f1a. Perspectiva y visi\u00f3n desde Catalu\u00f1a<\/span><\/strong><\/div>\n<div><strong>\u00a0 \u00a0 \u00a0 \u00a0 \u00a0 \u00a0 \u00a0 \u00a0 \u00a0Sr. Joan Josep Escobar i S\u00e1nchez, <\/strong>Jefe de Gesti\u00f3n Energ\u00e9tica del ICAEN<\/div>\n<div><\/div>\n<div><span style=\"color: #c10000;\"><strong>10:55 h. Smart Solar Iberdrola- Soluciones para Empresas<\/strong><\/span><\/div>\n<div><strong>\u00a0 \u00a0 \u00a0 \u00a0 \u00a0 \u00a0 \u00a0 \u00a0 \u00a0Sr. Pablo Pirles Milia,<\/strong> Smart Solar Iberdrola<\/div>\n<div><\/div>\n<div><strong><span style=\"color: #c10000;\">11:20 h. Smart Mobility Iberdrola. Red de Puntos de Recarga R\u00e1pida, Soluciones para empresas <\/span><span style=\"color: #c10000;\">y recarga p\u00fablica<\/span><\/strong><\/div>\n<div><strong>\u00a0 \u00a0 \u00a0 \u00a0 \u00a0 \u00a0 \u00a0 \u00a0 Sr. Carlos Bergera Serrano, <\/strong>Smart Mobility Iberdrola<\/div>\n<p><strong><span style=\"color: #c10000;\">11:45 h.\u00a0 Debate y preguntas<\/span><\/strong><\/p>\n<p><strong><span style=\"color: #c10000;\">12:00 h.\u00a0 Copa de despedida<\/span><\/strong><\/p>\n","protected":false},"author":9,"featured_media":62905,"menu_order":0,"comment_status":"closed","ping_status":"closed","template":"","meta":{"_links_to":"","_links_to_target":""},"tags":[],"event_type":[590],"event_type_2":[],"acf":[],"_links":{"self":[{"href":"https:\/\/www.foment.com\/es\/wp-json\/wp\/v2\/ajde_events\/62908"}],"collection":[{"href":"https:\/\/www.foment.com\/es\/wp-json\/wp\/v2\/ajde_events"}],"about":[{"href":"https:\/\/www.foment.com\/es\/wp-json\/wp\/v2\/types\/ajde_events"}],"author":[{"embeddable":true,"href":"https:\/\/www.foment.com\/es\/wp-json\/wp\/v2\/users\/9"}],"replies":[{"embeddable":true,"href":"https:\/\/www.foment.com\/es\/wp-json\/wp\/v2\/comments?post=62908"}],"wp:featuredmedia":[{"embeddable":true,"href":"https:\/\/www.foment.com\/es\/wp-json\/wp\/v2\/media\/62905"}],"wp:attachment":[{"href":"https:\/\/www.foment.com\/es\/wp-json\/wp\/v2\/media?parent=62908"}],"wp:term":[{"taxonomy":"post_tag","embeddable":true,"href":"https:\/\/www.foment.com\/es\/wp-json\/wp\/v2\/tags?post=62908"},{"taxonomy":"event_type","embeddable":true,"href":"https:\/\/www.foment.com\/es\/wp-json\/wp\/v2\/event_type?post=62908"},{"taxonomy":"event_type_2","embeddable":true,"href":"https:\/\/www.foment.com\/es\/wp-json\/wp\/v2\/event_type_2?post=62908"}],"curies":[{"name":"wp","href":"https:\/\/api.w.org\/{rel}","templated":true}]}}

Energía Solar y Movilidad Eléctrica para empresas

<div>
<p>El cambio climático y la contaminación del aire está forzando a la evolución y transición de la energía en todo el mundo hacía sistemas de producción y consumo sostenibles. La sostenibilidad ya no es una opción para las empresas que, al servicio de una sociedad cada vez más comprometida con el planeta, deben abordar y protagonizar un cambio estratégico para disminuir su impacto medioambiental.</p>
<p>En esta sesión se presentaran las soluciones de energía solar y vehículos eléctricos para las empresas, además de conocer la perspectiva y visión desde Cataluña, y analizar los objetivos del plan de acción mundial Agenda 2030 para un progreso social y económico sostenible.</p>
</div>
<div></div>
<div><strong>PROGRAMA</strong></div>
<div></div>
<div>
<p><span style="color: #c10000;"><strong>09:45 h. Recepción asistentes</strong></span></p>
<p><span style="color: #c10000;"><strong>10:00 h. Inauguración de la jornada</strong></span></p>
<p><strong>                  Sr. Josep Sánchez Llibre, </strong>Presidente de Foment del Treball</p>
</div>
<div><span style="color: #c10000;"><strong>10:05 h. Compromiso con el Medio Ambiente. Objetivos de Desarrollo Sostenible. ODS</strong></span></div>
<div>
<p><strong>                 Sr. Andrés Carasso Vendrell, </strong>Delegado de Iberdrola en Cataluña</p>
</div>
<p><strong><span style="color: #c10000;">10:10 h. Presentación Institut Català d&#8217;Energia (ICAEN)</span><br />
</strong></p>
<div><strong>                 Sr</strong><strong>. Manel Torrent, </strong>Director del ICAEN</div>
<div></div>
<div><strong><span style="color: #c10000;">10:25 h. Visión del grupo Volkswagen sobre electromovilidad</span><br />
</strong><strong>                 Sr</strong><strong>. Carlos de Luis, </strong>Relaciones Gubernamentales e Institucionales SEAT &amp; Grupo Volkswagen</div>
<div></div>
<div><strong><span style="color: #c10000;">10:30 h. Energía Solar y Movilidad Eléctrica en Cataluña. Perspectiva y visión desde Cataluña</span></strong></div>
<div><strong>                 Sr. Joan Josep Escobar i Sánchez, </strong>Jefe de Gestión Energética del ICAEN</div>
<div></div>
<div><span style="color: #c10000;"><strong>10:55 h. Smart Solar Iberdrola- Soluciones para Empresas</strong></span></div>
<div><strong>                 Sr. Pablo Pirles Milia,</strong> Smart Solar Iberdrola</div>
<div></div>
<div><strong><span style="color: #c10000;">11:20 h. Smart Mobility Iberdrola. Red de Puntos de Recarga Rápida, Soluciones para empresas </span><span style="color: #c10000;">y recarga pública</span></strong></div>
<div><strong>                Sr. Carlos Bergera Serrano, </strong>Smart Mobility Iberdrola</div>
<p><strong><span style="color: #c10000;">11:45 h.  Debate y preguntas</span></strong></p>
<p><strong><span style="color: #c10000;">12:00 h.  Copa de despedida</span></strong></p>
