{"id":64162,"date":"2019-05-15T11:05:29","date_gmt":"2019-05-15T09:05:29","guid":{"rendered":"https:\/\/www.foment.com\/?post_type=ajde_events&#038;p=64162"},"modified":"2019-05-28T15:51:46","modified_gmt":"2019-05-28T13:51:46","slug":"los-spa-un-valor-anadido-para-las-empresas","status":"publish","type":"ajde_events","link":"https:\/\/www.foment.com\/es\/events\/los-spa-un-valor-anadido-para-las-empresas\/","title":{"rendered":"LOS SPA: UN VALOR A\u00d1ADIDO PARA LAS EMPRESAS"},"content":{"rendered":"<section class=\"wpb-content-wrapper\"><p>[vc_row][vc_column][vc_column_text]<\/p>\n<h2 style=\"text-align: center;\"><span style=\"color: #ab192d;\"><strong>Grupo de Debate de PRL<\/strong><\/span><\/h2>\n<h3 style=\"text-align: center;\"><span style=\"color: #656565;\"><strong>Los SPA: un valor a\u00f1adido para las empresas <\/strong><\/span><\/h3>\n<p>&nbsp;<\/p>\n<h3><span style=\"color: #ab192d;\"><strong>Objectivo<\/strong><\/span><\/h3>\n<p>&nbsp;<\/p>\n<p style=\"text-align: justify;\">En la sesi\u00f3n debatir\u00e1 sobre el futuro de los SPA y la cadena de valor a\u00f1adido que representan. Por ello, contaremos con la presencia de ASPRECAT y de la Inspecci\u00f3n de Trabajo de Catalu\u00f1a.<\/p>\n<p>&nbsp;<\/p>\n<h3><span style=\"color: #ab192d;\"><strong>Ponentes<\/strong><\/span><\/h3>\n<p>&nbsp;<\/p>\n<ul>\n<li style=\"text-align: justify;\"><strong>Sra. Raquel Jim\u00e9nez.<\/strong><br \/>\nRepresentante de la Associaci\u00f3 Catalana d&#8217;entitats Preventives Acreditades (ASPRECAT).<\/li>\n<li style=\"text-align: justify;\"><strong>Sra. Montserrat Maci\u00e0.<\/strong><br \/>\nCoordinadora en materia de seguridad y salud laboral. Direcci\u00f3n General de la Inspecci\u00f3 de Treball.<\/li>\n<\/ul>\n<p>[\/vc_column_text][\/vc_column][\/vc_row][vc_row][vc_column width=\u00bb1\/2&#8243;]<div class=\"single_image wpb_content_element align-left   image_tilt \" data-animation=\"none\" data-delay=\"0\"><a href=\"http:\/\/prl.foment.com\/\" target=\"_self\"><img width=\"660\" height=\"130\" src=\"https:\/\/www.foment.com\/wp-content\/uploads\/2017\/02\/logo-ftn-1.png\" class=\"attachment-full\" alt=\"\" loading=\"lazy\" title=\"PRL_logo ftn\" \/><\/a><\/div>[\/vc_column][vc_column width=\u00bb1\/2&#8243;]<div class=\"single_image wpb_content_element align-right   image_tilt \" data-animation=\"none\" data-delay=\"0\"><a href=\"http:\/\/www.sgs.es\/\" target=\"_self\"><img width=\"150\" height=\"87\" src=\"https:\/\/www.foment.com\/wp-content\/uploads\/2017\/02\/logo-sgs.png\" class=\"attachment-thumbnail\" alt=\"logo SGS\" loading=\"lazy\" title=\"PRL_logo sgs\" \/><\/a><\/div>[\/vc_column][\/vc_row]<\/p>\n<\/section>","protected":false},"author":12,"featured_media":30562,"menu_order":0,"comment_status":"closed","ping_status":"closed","template":"","meta":{"_links_to":"","_links_to_target":""},"tags":[416,417,513,1537,1531],"event_type":[202],"event_type_2":[],"acf":[],"_links":{"self":[{"href":"https:\/\/www.foment.com\/es\/wp-json\/wp\/v2\/ajde_events\/64162"}],"collection":[{"href":"https:\/\/www.foment.com\/es\/wp-json\/wp\/v2\/ajde_events"}],"about":[{"href":"https:\/\/www.foment.com\/es\/wp-json\/wp\/v2\/types\/ajde_events"}],"author":[{"embeddable":true,"href":"https:\/\/www.foment.com\/es\/wp-json\/wp\/v2\/users\/12"}],"replies":[{"embeddable":true,"href":"https:\/\/www.foment.com\/es\/wp-json\/wp\/v2\/comments?post=64162"}],"wp:featuredmedia":[{"embeddable":true,"href":"https:\/\/www.foment.com\/es\/wp-json\/wp\/v2\/media\/30562"}],"wp:attachment":[{"href":"https:\/\/www.foment.com\/es\/wp-json\/wp\/v2\/media?parent=64162"}],"wp:term":[{"taxonomy":"post_tag","embeddable":true,"href":"https:\/\/www.foment.com\/es\/wp-json\/wp\/v2\/tags?post=64162"},{"taxonomy":"event_type","embeddable":true,"href":"https:\/\/www.foment.com\/es\/wp-json\/wp\/v2\/event_type?post=64162"},{"taxonomy":"event_type_2","embeddable":true,"href":"https:\/\/www.foment.com\/es\/wp-json\/wp\/v2\/event_type_2?post=64162"}],"curies":[{"name":"wp","href":"https:\/\/api.w.org\/{rel}","templated":true}]}}

LOS SPA: UN VALOR AÑADIDO PARA LAS EMPRESAS

<section class="wpb-content-wrapper"><p>[vc_row][vc_column][vc_column_text]</p>
<h2 style="text-align: center;"><span style="color: #ab192d;"><strong>Grupo de Debate de PRL</strong></span></h2>
<h3 style="text-align: center;"><span style="color: #656565;"><strong>Los SPA: un valor añadido para las empresas </strong></span></h3>
<p>&nbsp;</p>
<h3><span style="color: #ab192d;"><strong>Objectivo</strong></span></h3>
<p>&nbsp;</p>
<p style="text-align: justify;">En la sesión debatirá sobre el futuro de los SPA y la cadena de valor añadido que representan. Por ello, contaremos con la presencia de ASPRECAT y de la Inspección de Trabajo de Cataluña.</p>
<p>&nbsp;</p>
<h3><span style="color: #ab192d;"><strong>Ponentes</strong></span></h3>
<p>&nbsp;</p>
<ul>
<li style="text-align: justify;"><strong>Sra. Raquel Jiménez.</strong><br />
Representante de la Associació Catalana d&#8217;entitats Preventives Acreditades (ASPRECAT).</li>
<li style="text-align: justify;"><strong>Sra. Montserrat Macià.</strong><br />
Coordinadora en materia de seguridad y salud laboral. Dirección General de la Inspecció de Treball.</li>
</ul>
<p>[/vc_column_text][/vc_column][/vc_row][vc_row][vc_column width=»1/2&#8243;]<div class="single_image wpb_content_element align-left   image_tilt " data-animation="none" data-delay="0"><a href="http://prl.foment.com/" target="_self"><img width="660" height="130" src="https://www.foment.com/wp-content/uploads/2017/02/logo-ftn-1.png" class="attachment-full" alt="" loading="lazy" title="PRL_logo ftn" /></a></div>[/vc_column][vc_column width=»1/2&#8243;]<div class="single_image wpb_content_element align-right   image_tilt " data-animation="none" data-delay="0"><a href="http://www.sgs.es/" target="_self"><img width="150" height="87" src="https://www.foment.com/wp-content/uploads/2017/02/logo-sgs.png" class="attachment-thumbnail" alt="logo SGS" loading="lazy" title="PRL_logo sgs" /></a></div>[/vc_column][/vc_row]</p>
</section>
