{"id":65267,"date":"2019-05-31T12:29:37","date_gmt":"2019-05-31T10:29:37","guid":{"rendered":"https:\/\/www.foment.com\/?post_type=ajde_events&#038;p=65267"},"modified":"2019-06-04T15:45:27","modified_gmt":"2019-06-04T13:45:27","slug":"la-psicosociologia-inversa-2","status":"publish","type":"ajde_events","link":"https:\/\/www.foment.com\/es\/events\/la-psicosociologia-inversa-2\/","title":{"rendered":"La Psicosociolog\u00eda inversa"},"content":{"rendered":"<section class=\"wpb-content-wrapper\"><p>[vc_row][vc_column][vc_column_text]<\/p>\n<h2 style=\"text-align: center;\"><span style=\"color: #ab192d;\"><strong>LA PSICOSOCIOLOG\u00cdA INVERSA.<\/strong><\/span><\/h2>\n<h3 style=\"text-align: center;\"><span style=\"color: #656565;\"><strong>Jornadas t\u00e9cnicas<\/strong><\/span><\/h3>\n<p>&nbsp;<\/p>\n<h3><span style=\"color: #ab192d;\"><strong>Objetivo<\/strong><\/span><\/h3>\n<p>&nbsp;<\/p>\n<p style=\"text-align: justify;\">La reducci\u00f3n de los riesgos psicosociales se basa en la aplicaci\u00f3n de medidas preventivas y \u00e9stas son las que mejoran las condiciones de trabajo y reducen la probabilidad de los riesgos psicosociales. En la actualidad, predomina un inter\u00e9s por la evaluaci\u00f3n y un diagn\u00f3stico cient\u00edfico, dejando de lado, en ocasiones, la posibilidad de aplicar medidas correctoras, incluso sin llegar a evaluar.<\/p>\n<p style=\"text-align: justify;\">La propuesta que se hace en esta jornada es que se puede comenzar a aplicar medidas preventivas sin la necesidad de una evaluaci\u00f3n ya que en la gran mayor\u00eda de los casos los riesgos psicosociales ya se conocen y se pueden solucionar.<\/p>\n<p>&nbsp;<\/p>\n<h3><span style=\"color: #ab192d;\"><strong>Programa<\/strong><\/span><\/h3>\n<p>&nbsp;<\/p>\n<p>1. Concepto de la psicosociolog\u00eda inversa en PRL.<\/p>\n<p>2. Signos e indicadores de actuaci\u00f3n.<\/p>\n<p>3. La aplicaci\u00f3n de medidas preventivas en la pyme.<\/p>\n<p style=\"text-align: justify;\">4. Control de indicadores y de las acciones de mejora.<\/p>\n<p style=\"text-align: justify;\">5. Experiencias pr\u00e1cticas de aplicaci\u00f3n de medidas preventivas.<\/p>\n<p>&nbsp;<\/p>\n<h3><span style=\"color: #ab192d;\"><strong>Ponente<\/strong><\/span><\/h3>\n<p>&nbsp;<\/p>\n<p style=\"text-align: justify;\">Diego Gracia.<\/p>\n<p style=\"text-align: justify;\">Director de Psicopreven. Psic\u00f3logo industrial. T\u00e9cnico superior en Prevenci\u00f3n de Riesgos Laborales con tres especialidades preventivas.<\/p>\n<p>&nbsp;<\/p>\n<p>[\/vc_column_text][\/vc_column][\/vc_row][vc_row][vc_column width=\u00bb1\/1&#8243;]<div class=\"single_image wpb_content_element align-center    \" data-animation=\"none\" data-delay=\"0\"><a href=\"http:\/\/prl.foment.com\" target=\"_blank\"><img width=\"702\" height=\"108\" src=\"https:\/\/www.foment.com\/wp-content\/uploads\/2019\/03\/PRL_logotipos_19_financiacion-6.png\" class=\"attachment-full\" alt=\"\" loading=\"lazy\" title=\"PRL_logotipos_19_financiacion\" \/><\/a><\/div>[\/vc_column][\/vc_row]<\/p>\n<p style=\"text-align: CENTER;\"><span style=\"color: #6caae4;\">El contenido de esta publicaci\u00f3n es responsabilidad exclusiva de la entidad ejecutante y no refleja necesariamente la opini\u00f3n de la Fundaci\u00f3n Estatal para la Prevenci\u00f3n de Riesgos Laborales.<\/span><\/p>\n<\/section>","protected":false},"author":12,"featured_media":60648,"menu_order":0,"comment_status":"closed","ping_status":"closed","template":"","meta":{"_links_to":"","_links_to_target":""},"tags":[416,417,935,513],"event_type":[202],"event_type_2":[],"acf":[],"_links":{"self":[{"href":"https:\/\/www.foment.com\/es\/wp-json\/wp\/v2\/ajde_events\/65267"}],"collection":[{"href":"https:\/\/www.foment.com\/es\/wp-json\/wp\/v2\/ajde_events"}],"about":[{"href":"https:\/\/www.foment.com\/es\/wp-json\/wp\/v2\/types\/ajde_events"}],"author":[{"embeddable":true,"href":"https:\/\/www.foment.com\/es\/wp-json\/wp\/v2\/users\/12"}],"replies":[{"embeddable":true,"href":"https:\/\/www.foment.com\/es\/wp-json\/wp\/v2\/comments?post=65267"}],"wp:featuredmedia":[{"embeddable":true,"href":"https:\/\/www.foment.com\/es\/wp-json\/wp\/v2\/media\/60648"}],"wp:attachment":[{"href":"https:\/\/www.foment.com\/es\/wp-json\/wp\/v2\/media?parent=65267"}],"wp:term":[{"taxonomy":"post_tag","embeddable":true,"href":"https:\/\/www.foment.com\/es\/wp-json\/wp\/v2\/tags?post=65267"},{"taxonomy":"event_type","embeddable":true,"href":"https:\/\/www.foment.com\/es\/wp-json\/wp\/v2\/event_type?post=65267"},{"taxonomy":"event_type_2","embeddable":true,"href":"https:\/\/www.foment.com\/es\/wp-json\/wp\/v2\/event_type_2?post=65267"}],"curies":[{"name":"wp","href":"https:\/\/api.w.org\/{rel}","templated":true}]}}

La Psicosociología inversa

<section class="wpb-content-wrapper"><p>[vc_row][vc_column][vc_column_text]</p>
<h2 style="text-align: center;"><span style="color: #ab192d;"><strong>LA PSICOSOCIOLOGÍA INVERSA.</strong></span></h2>
<h3 style="text-align: center;"><span style="color: #656565;"><strong>Jornadas técnicas</strong></span></h3>
<p>&nbsp;</p>
<h3><span style="color: #ab192d;"><strong>Objetivo</strong></span></h3>
<p>&nbsp;</p>
<p style="text-align: justify;">La reducción de los riesgos psicosociales se basa en la aplicación de medidas preventivas y éstas son las que mejoran las condiciones de trabajo y reducen la probabilidad de los riesgos psicosociales. En la actualidad, predomina un interés por la evaluación y un diagnóstico científico, dejando de lado, en ocasiones, la posibilidad de aplicar medidas correctoras, incluso sin llegar a evaluar.</p>
<p style="text-align: justify;">La propuesta que se hace en esta jornada es que se puede comenzar a aplicar medidas preventivas sin la necesidad de una evaluación ya que en la gran mayoría de los casos los riesgos psicosociales ya se conocen y se pueden solucionar.</p>
<p>&nbsp;</p>
<h3><span style="color: #ab192d;"><strong>Programa</strong></span></h3>
<p>&nbsp;</p>
<p>1. Concepto de la psicosociología inversa en PRL.</p>
<p>2. Signos e indicadores de actuación.</p>
<p>3. La aplicación de medidas preventivas en la pyme.</p>
<p style="text-align: justify;">4. Control de indicadores y de las acciones de mejora.</p>
<p style="text-align: justify;">5. Experiencias prácticas de aplicación de medidas preventivas.</p>
<p>&nbsp;</p>
<h3><span style="color: #ab192d;"><strong>Ponente</strong></span></h3>
<p>&nbsp;</p>
<p style="text-align: justify;">Diego Gracia.</p>
<p style="text-align: justify;">Director de Psicopreven. Psicólogo industrial. Técnico superior en Prevención de Riesgos Laborales con tres especialidades preventivas.</p>
<p>&nbsp;</p>
<p>[/vc_column_text][/vc_column][/vc_row][vc_row][vc_column width=»1/1&#8243;]<div class="single_image wpb_content_element align-center    " data-animation="none" data-delay="0"><a href="http://prl.foment.com" target="_blank"><img width="702" height="108" src="https://www.foment.com/wp-content/uploads/2019/03/PRL_logotipos_19_financiacion-6.png" class="attachment-full" alt="" loading="lazy" title="PRL_logotipos_19_financiacion" /></a></div>[/vc_column][/vc_row]</p>
<p style="text-align: CENTER;"><span style="color: #6caae4;">El contenido de esta publicación es responsabilidad exclusiva de la entidad ejecutante y no refleja necesariamente la opinión de la Fundación Estatal para la Prevención de Riesgos Laborales.</span></p>
</section>
