{"id":65919,"date":"2019-06-07T14:41:24","date_gmt":"2019-06-07T12:41:24","guid":{"rendered":"https:\/\/www.foment.com\/?post_type=ajde_events&#038;p=65919"},"modified":"2019-11-26T13:19:17","modified_gmt":"2019-11-26T12:19:17","slug":"sabemos-realmente-lo-que-es-el-estres","status":"publish","type":"ajde_events","link":"https:\/\/www.foment.com\/es\/events\/sabemos-realmente-lo-que-es-el-estres\/","title":{"rendered":"\u00bfSabemos realmente lo qu\u00e9 es el estr\u00e9s?"},"content":{"rendered":"<section class=\"wpb-content-wrapper\"><p>[vc_row][vc_column][vc_column_text]<\/p>\n<h2 style=\"text-align: center;\"><span style=\"color: #ab192d;\"><strong>\u00bfSABEMOS REALMENTE LO QU\u00c9 ES EL ESTR\u00c9S?<\/strong><\/span><\/h2>\n<h3 style=\"text-align: center;\"><span style=\"color: #656565;\"><strong>Jornadas t\u00e9cnicas<\/strong><\/span><\/h3>\n<p>&nbsp;<\/p>\n<h3><span style=\"color: #ab192d;\"><strong>Objetivo<\/strong><\/span><\/h3>\n<p>&nbsp;<\/p>\n<p style=\"text-align: justify;\">\u00bfSabemos realmente lo qu\u00e9 es el estr\u00e9s?\u00bfo nos hemos acostumbrado tanto a \u00e9l que forma parte de nuestro d\u00eda a d\u00eda?<\/p>\n<p style=\"text-align: justify;\">Durante la jornada se realizar\u00e1n din\u00e1micas y peque\u00f1as tareas (roles, comunicaci\u00f3n asertiva, inteligencia emocional, habilidades sociales) que permitir\u00e1n identificar no solo el estr\u00e9s, sino aquellos factores del entorno que hacen que el estr\u00e9s se experimente .<\/p>\n<p style=\"text-align: justify;\">Una de las tem\u00e1ticas importantes a trabajar ser\u00e1 el liderazgo como facilitador de la gesti\u00f3n del estr\u00e9s.<\/p>\n<p>&nbsp;<\/p>\n<h3><span style=\"color: #ab192d;\"><strong>Programa<\/strong><\/span><\/h3>\n<p>&nbsp;<\/p>\n<p>1. \u00bfQu\u00e9 es el estr\u00e9s?.<\/p>\n<p>2. El estr\u00e9s y la psicosociolog\u00eda .<\/p>\n<p>3. El liderazgo como factor mitigador del estr\u00e9s.<\/p>\n<p style=\"text-align: justify;\">4. Pautas y herramientas para la autogesti\u00f3n del estr\u00e9s.<\/p>\n<p>&nbsp;<\/p>\n<h3><span style=\"color: #ab192d;\"><strong>Ponente<\/strong><\/span><\/h3>\n<p>&nbsp;<\/p>\n<p style=\"text-align: justify;\">Placer Vieco.<\/p>\n<p style=\"text-align: justify;\">Lienciada en Psicolog\u00eda del Trabajo. TSPRL. Facilitadora del LEGO Serius Play Method. Experta en Factor Humano y Estudio de las Emociones. Consultora de Prevencontrol.<\/p>\n<p>&nbsp;<\/p>\n<p>[\/vc_column_text][\/vc_column][\/vc_row][vc_row][vc_column width=\u00bb1\/1&#8243;]<div class=\"single_image wpb_content_element align-center    \" data-animation=\"none\" data-delay=\"0\"><a href=\"http:\/\/prl.foment.com\" target=\"_blank\"><img width=\"702\" height=\"108\" src=\"https:\/\/www.foment.com\/wp-content\/uploads\/2019\/03\/PRL_logotipos_19_financiacion-6.png\" class=\"attachment-full\" alt=\"\" loading=\"lazy\" title=\"PRL_logotipos_19_financiacion\" \/><\/a><\/div>[\/vc_column][\/vc_row]<\/p>\n<p style=\"text-align: CENTER;\"><span style=\"color: #6caae4;\">El contenido de esta publicaci\u00f3n es responsabilidad exclusiva de la entidad ejecutante y no refleja necesariamente la opini\u00f3n de la Fundaci\u00f3n Estatal para la Prevenci\u00f3n de Riesgos Laborales.<\/span><\/p>\n<\/section>","protected":false},"author":12,"featured_media":47687,"menu_order":0,"comment_status":"closed","ping_status":"closed","template":"","meta":{"_links_to":"","_links_to_target":""},"tags":[962,416,417,1646,961,513],"event_type":[202],"event_type_2":[],"acf":[],"_links":{"self":[{"href":"https:\/\/www.foment.com\/es\/wp-json\/wp\/v2\/ajde_events\/65919"}],"collection":[{"href":"https:\/\/www.foment.com\/es\/wp-json\/wp\/v2\/ajde_events"}],"about":[{"href":"https:\/\/www.foment.com\/es\/wp-json\/wp\/v2\/types\/ajde_events"}],"author":[{"embeddable":true,"href":"https:\/\/www.foment.com\/es\/wp-json\/wp\/v2\/users\/12"}],"replies":[{"embeddable":true,"href":"https:\/\/www.foment.com\/es\/wp-json\/wp\/v2\/comments?post=65919"}],"wp:featuredmedia":[{"embeddable":true,"href":"https:\/\/www.foment.com\/es\/wp-json\/wp\/v2\/media\/47687"}],"wp:attachment":[{"href":"https:\/\/www.foment.com\/es\/wp-json\/wp\/v2\/media?parent=65919"}],"wp:term":[{"taxonomy":"post_tag","embeddable":true,"href":"https:\/\/www.foment.com\/es\/wp-json\/wp\/v2\/tags?post=65919"},{"taxonomy":"event_type","embeddable":true,"href":"https:\/\/www.foment.com\/es\/wp-json\/wp\/v2\/event_type?post=65919"},{"taxonomy":"event_type_2","embeddable":true,"href":"https:\/\/www.foment.com\/es\/wp-json\/wp\/v2\/event_type_2?post=65919"}],"curies":[{"name":"wp","href":"https:\/\/api.w.org\/{rel}","templated":true}]}}

¿Sabemos realmente lo qué es el estrés?

<section class="wpb-content-wrapper"><p>[vc_row][vc_column][vc_column_text]</p>
<h2 style="text-align: center;"><span style="color: #ab192d;"><strong>¿SABEMOS REALMENTE LO QUÉ ES EL ESTRÉS?</strong></span></h2>
<h3 style="text-align: center;"><span style="color: #656565;"><strong>Jornadas técnicas</strong></span></h3>
<p>&nbsp;</p>
<h3><span style="color: #ab192d;"><strong>Objetivo</strong></span></h3>
<p>&nbsp;</p>
<p style="text-align: justify;">¿Sabemos realmente lo qué es el estrés?¿o nos hemos acostumbrado tanto a él que forma parte de nuestro día a día?</p>
<p style="text-align: justify;">Durante la jornada se realizarán dinámicas y pequeñas tareas (roles, comunicación asertiva, inteligencia emocional, habilidades sociales) que permitirán identificar no solo el estrés, sino aquellos factores del entorno que hacen que el estrés se experimente .</p>
<p style="text-align: justify;">Una de las temáticas importantes a trabajar será el liderazgo como facilitador de la gestión del estrés.</p>
<p>&nbsp;</p>
<h3><span style="color: #ab192d;"><strong>Programa</strong></span></h3>
<p>&nbsp;</p>
<p>1. ¿Qué es el estrés?.</p>
<p>2. El estrés y la psicosociología .</p>
<p>3. El liderazgo como factor mitigador del estrés.</p>
<p style="text-align: justify;">4. Pautas y herramientas para la autogestión del estrés.</p>
<p>&nbsp;</p>
<h3><span style="color: #ab192d;"><strong>Ponente</strong></span></h3>
<p>&nbsp;</p>
<p style="text-align: justify;">Placer Vieco.</p>
<p style="text-align: justify;">Lienciada en Psicología del Trabajo. TSPRL. Facilitadora del LEGO Serius Play Method. Experta en Factor Humano y Estudio de las Emociones. Consultora de Prevencontrol.</p>
<p>&nbsp;</p>
<p>[/vc_column_text][/vc_column][/vc_row][vc_row][vc_column width=»1/1&#8243;]<div class="single_image wpb_content_element align-center    " data-animation="none" data-delay="0"><a href="http://prl.foment.com" target="_blank"><img width="702" height="108" src="https://www.foment.com/wp-content/uploads/2019/03/PRL_logotipos_19_financiacion-6.png" class="attachment-full" alt="" loading="lazy" title="PRL_logotipos_19_financiacion" /></a></div>[/vc_column][/vc_row]</p>
<p style="text-align: CENTER;"><span style="color: #6caae4;">El contenido de esta publicación es responsabilidad exclusiva de la entidad ejecutante y no refleja necesariamente la opinión de la Fundación Estatal para la Prevención de Riesgos Laborales.</span></p>
</section>
