{"id":66954,"date":"2019-07-10T10:52:37","date_gmt":"2019-07-10T08:52:37","guid":{"rendered":"https:\/\/www.foment.com\/?post_type=ajde_events&#038;p=66954"},"modified":"2019-09-09T09:00:20","modified_gmt":"2019-09-09T07:00:20","slug":"jornada-por-una-fiscalidad-competitiva","status":"publish","type":"ajde_events","link":"https:\/\/www.foment.com\/es\/events\/jornada-por-una-fiscalidad-competitiva\/","title":{"rendered":"Jornada: Por una fiscalidad competitiva"},"content":{"rendered":"<p><span style=\"color: #5f6062;\">En esta jornada se pretende exponer de forma muy sint\u00e9tica los diversos estudios que se han presentado con car\u00e1cter propositivo respecto a la necesidad de adoptar procesos de reforma fiscal enfocados a mejorar la competitividad de nuestra econom\u00eda y especialmente de nuestras empresas. La jornada se desglosa en sesiones sint\u00e9ticas de media hora, en los que se prev\u00e9 una intervenci\u00f3n, por parte del ponente, del orden de 20 a 25 minutos,\u00a0dando paso a un peque\u00f1o coloquio\/debate despu\u00e9s de cada una de las intervenciones.<\/span><\/p>\n<p><span style=\"color: #5f6062;\">La importancia del tema y los an\u00e1lisis realizados recientemente ponen sobre la mesa un conjunto de herramientas, nada depreciables, que deben ser transmitidas al conjunto de la sociedad y de la clase pol\u00edtica a fin de poder permitir una competitividad fiscal, o al menos que no suponga un gravamen excesivo sobre las empresas, que dificulte la competitividad de las mismas. Este objetivo es el que se pretende con las jornadas a fin de favorecer un crecimiento inclusivo, por un lado,\u00a0y un crecimiento sostenido, por el otro, a fin de atajar una de las principales lacras que tiene nuestra econom\u00eda que es el paro.<\/span><\/p>\n<p>&nbsp;<\/p>\n<p><span style=\"color: #5f6062;\"><strong>PROGRAMA<\/strong><\/span><\/p>\n<p><span style=\"color: #c10000;\"><strong>11:15 h. Registro de asistentes<\/strong><\/span><\/p>\n<p><span style=\"color: #c10000;\"><strong>11:30 h. Inauguraci\u00f3n de la jornada<\/strong><\/span><strong>\u00a0<\/strong><\/p>\n<p style=\"padding-left: 40px;\"><span style=\"color: #5f6062;\"><strong>Sr. Josep S\u00e1nchez Llibre,<\/strong> Presidente. Foment del Treball<strong>\u00a0<\/strong><\/span><\/p>\n<p><span style=\"color: #c10000;\"><strong>11:40 h. Presentaci\u00f3n del informe \u00abUna Fiscalidad Competitiva\u00bb<\/strong><\/span><strong>\u00a0<\/strong><\/p>\n<p style=\"padding-left: 40px;\"><span style=\"color: #5f6062;\"><strong>Sr. Salvador Guillermo,<\/strong> Secretario General Adjunto. Foment del Treball\u00a0\u00a0<\/span><\/p>\n<p><span style=\"color: #c10000;\"><strong>12:10 h. Transformar la fiscalidad en Espa\u00f1a para favorecer la competitividad econ\u00f3mica<\/strong><\/span><\/p>\n<p style=\"padding-left: 40px;\"><span style=\"color: #5f6062;\"><strong>Sr. Gregorio Izquierdo, <\/strong>Director de Econom\u00eda y Fiscalidad. CEOE<strong>\u00a0<\/strong><\/span><\/p>\n<p><span style=\"color: #c10000;\"><strong>12:40 h. El Impuesto sobre Sociedades en n\u00fameros: tipos nominales y efectivos<\/strong><\/span><\/p>\n<p style=\"padding-left: 40px;\"><span style=\"color: #5f6062;\"><strong>Sr. Luis del Amo, <\/strong>Consejo de Economistas Espa\u00f1a<\/span><\/p>\n<p><span style=\"color: #c10000;\"><strong>13:10 h. Imposici\u00f3n sobre el beneficio empresarial; evoluci\u00f3n reciente, perspectivas de futuro<\/strong><\/span><strong><span style=\"color: #5f6062;\">\u00a0<\/span><\/strong><\/p>\n<p style=\"padding-left: 40px;\"><strong><span style=\"color: #5f6062;\">Sr. Jorge Guerrero, <\/span><\/strong><span style=\"color: #5f6062;\">Cuatrecasas &#8211;\u00a0<\/span><span style=\"color: #5f6062;\"><strong>Sr. David L\u00f3pez<\/strong>, Ur\u00eda Men\u00e9ndez; En representaci\u00f3n de la Fundaci\u00f3n Impuestos y Competitividad<\/span><\/p>\n<p><span style=\"color: #c10000;\"><strong>13:50 h. Acto de Clausura<\/strong><\/span><\/p>\n<p style=\"padding-left: 40px;\"><span style=\"color: #5f6062;\"><strong>Sr. Maximino Linares,<\/strong> EY &#8211; Presidente. Fundaci\u00f3n Impuestos y Competitividad<\/span><\/p>\n<p style=\"padding-left: 40px;\"><span style=\"color: #5f6062;\"><strong>Sr. Valent\u00ed Pich, <\/strong>Presidente. Comisi\u00f3n de Econom\u00eda y Fiscalidad. Foment del Treball<\/span><\/p>\n<p>&nbsp;<\/p>\n","protected":false},"author":24,"featured_media":66955,"menu_order":0,"comment_status":"closed","ping_status":"closed","template":"","meta":{"_links_to":"","_links_to_target":""},"tags":[1730,1680],"event_type":[1434],"event_type_2":[],"acf":[],"_links":{"self":[{"href":"https:\/\/www.foment.com\/es\/wp-json\/wp\/v2\/ajde_events\/66954"}],"collection":[{"href":"https:\/\/www.foment.com\/es\/wp-json\/wp\/v2\/ajde_events"}],"about":[{"href":"https:\/\/www.foment.com\/es\/wp-json\/wp\/v2\/types\/ajde_events"}],"author":[{"embeddable":true,"href":"https:\/\/www.foment.com\/es\/wp-json\/wp\/v2\/users\/24"}],"replies":[{"embeddable":true,"href":"https:\/\/www.foment.com\/es\/wp-json\/wp\/v2\/comments?post=66954"}],"wp:featuredmedia":[{"embeddable":true,"href":"https:\/\/www.foment.com\/es\/wp-json\/wp\/v2\/media\/66955"}],"wp:attachment":[{"href":"https:\/\/www.foment.com\/es\/wp-json\/wp\/v2\/media?parent=66954"}],"wp:term":[{"taxonomy":"post_tag","embeddable":true,"href":"https:\/\/www.foment.com\/es\/wp-json\/wp\/v2\/tags?post=66954"},{"taxonomy":"event_type","embeddable":true,"href":"https:\/\/www.foment.com\/es\/wp-json\/wp\/v2\/event_type?post=66954"},{"taxonomy":"event_type_2","embeddable":true,"href":"https:\/\/www.foment.com\/es\/wp-json\/wp\/v2\/event_type_2?post=66954"}],"curies":[{"name":"wp","href":"https:\/\/api.w.org\/{rel}","templated":true}]}}

<p><span style="color: #5f6062;">En esta jornada se pretende exponer de forma muy sintética los diversos estudios que se han presentado con carácter propositivo respecto a la necesidad de adoptar procesos de reforma fiscal enfocados a mejorar la competitividad de nuestra economía y especialmente de nuestras empresas. La jornada se desglosa en sesiones sintéticas de media hora, en los que se prevé una intervención, por parte del ponente, del orden de 20 a 25 minutos, dando paso a un pequeño coloquio/debate después de cada una de las intervenciones.</span></p>
<p><span style="color: #5f6062;">La importancia del tema y los análisis realizados recientemente ponen sobre la mesa un conjunto de herramientas, nada depreciables, que deben ser transmitidas al conjunto de la sociedad y de la clase política a fin de poder permitir una competitividad fiscal, o al menos que no suponga un gravamen excesivo sobre las empresas, que dificulte la competitividad de las mismas. Este objetivo es el que se pretende con las jornadas a fin de favorecer un crecimiento inclusivo, por un lado, y un crecimiento sostenido, por el otro, a fin de atajar una de las principales lacras que tiene nuestra economía que es el paro.</span></p>
<p>&nbsp;</p>
<p><span style="color: #5f6062;"><strong>PROGRAMA</strong></span></p>
<p><span style="color: #c10000;"><strong>11:15 h. Registro de asistentes</strong></span></p>
<p><span style="color: #c10000;"><strong>11:30 h. Inauguración de la jornada</strong></span><strong> </strong></p>
<p style="padding-left: 40px;"><span style="color: #5f6062;"><strong>Sr. Josep Sánchez Llibre,</strong> Presidente. Foment del Treball<strong> </strong></span></p>
<p><span style="color: #c10000;"><strong>11:40 h. Presentación del informe «Una Fiscalidad Competitiva»</strong></span><strong> </strong></p>
<p style="padding-left: 40px;"><span style="color: #5f6062;"><strong>Sr. Salvador Guillermo,</strong> Secretario General Adjunto. Foment del Treball  </span></p>
<p><span style="color: #c10000;"><strong>12:10 h. Transformar la fiscalidad en España para favorecer la competitividad económica</strong></span></p>
<p style="padding-left: 40px;"><span style="color: #5f6062;"><strong>Sr. Gregorio Izquierdo, </strong>Director de Economía y Fiscalidad. CEOE<strong> </strong></span></p>
<p><span style="color: #c10000;"><strong>12:40 h. El Impuesto sobre Sociedades en números: tipos nominales y efectivos</strong></span></p>
<p style="padding-left: 40px;"><span style="color: #5f6062;"><strong>Sr. Luis del Amo, </strong>Consejo de Economistas España</span></p>
<p><span style="color: #c10000;"><strong>13:10 h. Imposición sobre el beneficio empresarial; evolución reciente, perspectivas de futuro</strong></span><strong><span style="color: #5f6062;"> </span></strong></p>
<p style="padding-left: 40px;"><strong><span style="color: #5f6062;">Sr. Jorge Guerrero, </span></strong><span style="color: #5f6062;">Cuatrecasas &#8211; </span><span style="color: #5f6062;"><strong>Sr. David López</strong>, Uría Menéndez; En representación de la Fundación Impuestos y Competitividad</span></p>
<p><span style="color: #c10000;"><strong>13:50 h. Acto de Clausura</strong></span></p>
<p style="padding-left: 40px;"><span style="color: #5f6062;"><strong>Sr. Maximino Linares,</strong> EY &#8211; Presidente. Fundación Impuestos y Competitividad</span></p>
<p style="padding-left: 40px;"><span style="color: #5f6062;"><strong>Sr. Valentí Pich, </strong>Presidente. Comisión de Economía y Fiscalidad. Foment del Treball</span></p>
<p>&nbsp;</p>
