{"id":75078,"date":"2019-10-31T16:30:25","date_gmt":"2019-10-31T15:30:25","guid":{"rendered":"https:\/\/www.foment.com\/events\/nuevas-oportunidades-del-sector-agroalimentario-en-cuba\/"},"modified":"2019-11-11T09:19:57","modified_gmt":"2019-11-11T08:19:57","slug":"nuevas-oportunidades-del-sector-agroalimentario-en-cuba","status":"publish","type":"ajde_events","link":"https:\/\/www.foment.com\/es\/events\/nuevas-oportunidades-del-sector-agroalimentario-en-cuba\/","title":{"rendered":"Nuevas oportunidades del sector agroalimentario en Cuba"},"content":{"rendered":"<section class=\"wpb-content-wrapper\"><p>[vc_row][vc_column][vc_column_text]Los invitamos a la pr\u00f3xima sesi\u00f3n sobre las oportunidades de negocio en Cuba, en la que trataremos de resolver las principales dudas, informarles de la situaci\u00f3n de mercado cubano y los pasos a seguir.<\/p>\n<p>Durante la sesi\u00f3n podremos escuchar los puntos de vista y experiencias desde un enfoque institucional, pol\u00edtico y empresarial.<\/p>\n<p>&nbsp;<\/p>\n<p>[\/vc_column_text][\/vc_column][\/vc_row][vc_row][vc_column width=\u00bb1\/1&#8243;][vc_column_text]<span style=\"color: #c10000;\">PROGRAMA<\/span><\/p>\n<p>09:00 Registro de asistentes<\/p>\n<p>09:15 Bienvenida<\/p>\n<p style=\"padding-left: 40px;\">Sr. Jos\u00e9 Luis Egea, Vicepresidente Comisi\u00f3n Internacional, <strong>Foment del Treball<\/strong><\/p>\n<p style=\"padding-left: 40px;\">Sra. Elisabet Coll-Vinent, Departamento Internacional,<strong> Cambra de Comer\u00e7 de Barcelona<\/strong><\/p>\n<p style=\"padding-left: 40px;\">Excm. Sr. Gustavo Mach\u00edn, <strong>Embajador de la Rep\u00fablica de Cuba en Espa\u00f1a<\/strong><\/p>\n<p>09:30 Nuevas oportunidades del sector agroalimentario en Cuba<\/p>\n<p style=\"padding-left: 40px;\">Sra. Marlene Rosabal S\u00e1nchez, <strong>Viceministra de la Industria Alimentaria de la Rep\u00fablica de Cuba<\/strong><\/p>\n<p>10:00 \u00a0Experiencia empresarial<\/p>\n<p>10:30 Cuba, un mercado en expansi\u00f3n<\/p>\n<p style=\"padding-left: 40px;\">Sra. Claire Gracia, \u00c1rea manager, <strong>Fira de Barcelona<\/strong><\/p>\n<p>10:45 Ronda de preguntes<\/p>\n<p>11:00 \u00a0Fin de la sessi\u00f3[\/vc_column_text][\/vc_column][\/vc_row][vc_row][vc_column width=\u00bb1\/3&#8243;]<div class=\"single_image wpb_content_element align-left    \" data-animation=\"none\" data-delay=\"0\"><img width=\"115\" height=\"130\" src=\"https:\/\/www.foment.com\/wp-content\/uploads\/2019\/10\/logo-cuba.png\" class=\"attachment-full\" alt=\"\" loading=\"lazy\" title=\"logo cuba\" \/><\/div>[\/vc_column][vc_column width=\u00bb1\/3&#8243;]<div class=\"single_image wpb_content_element align-left    \" data-animation=\"none\" data-delay=\"0\"><img width=\"300\" height=\"163\" src=\"https:\/\/www.foment.com\/wp-content\/uploads\/2019\/10\/Fira-Barcelona-Int_Logo-1.png\" class=\"attachment-medium\" alt=\"\" loading=\"lazy\" title=\"Fira Barcelona Int_Logo\" \/><\/div>[\/vc_column][vc_column width=\u00bb1\/3&#8243;]<div class=\"single_image wpb_content_element align-left    \" data-animation=\"none\" data-delay=\"0\"><img width=\"300\" height=\"198\" src=\"https:\/\/www.foment.com\/wp-content\/uploads\/2019\/10\/CAMARA-DE-COMERCIO-DE-BARCELONACB_LOGO-1.jpg\" class=\"attachment-medium\" alt=\"\" loading=\"lazy\" title=\"logo Cambra\" \/><\/div>[\/vc_column][\/vc_row]<\/p>\n<\/section>","protected":false},"author":13,"featured_media":75076,"menu_order":0,"comment_status":"closed","ping_status":"closed","template":"","meta":{"_links_to":"","_links_to_target":""},"tags":[232,1506,1738,2214],"event_type":[590],"event_type_2":[],"acf":[],"_links":{"self":[{"href":"https:\/\/www.foment.com\/es\/wp-json\/wp\/v2\/ajde_events\/75078"}],"collection":[{"href":"https:\/\/www.foment.com\/es\/wp-json\/wp\/v2\/ajde_events"}],"about":[{"href":"https:\/\/www.foment.com\/es\/wp-json\/wp\/v2\/types\/ajde_events"}],"author":[{"embeddable":true,"href":"https:\/\/www.foment.com\/es\/wp-json\/wp\/v2\/users\/13"}],"replies":[{"embeddable":true,"href":"https:\/\/www.foment.com\/es\/wp-json\/wp\/v2\/comments?post=75078"}],"wp:featuredmedia":[{"embeddable":true,"href":"https:\/\/www.foment.com\/es\/wp-json\/wp\/v2\/media\/75076"}],"wp:attachment":[{"href":"https:\/\/www.foment.com\/es\/wp-json\/wp\/v2\/media?parent=75078"}],"wp:term":[{"taxonomy":"post_tag","embeddable":true,"href":"https:\/\/www.foment.com\/es\/wp-json\/wp\/v2\/tags?post=75078"},{"taxonomy":"event_type","embeddable":true,"href":"https:\/\/www.foment.com\/es\/wp-json\/wp\/v2\/event_type?post=75078"},{"taxonomy":"event_type_2","embeddable":true,"href":"https:\/\/www.foment.com\/es\/wp-json\/wp\/v2\/event_type_2?post=75078"}],"curies":[{"name":"wp","href":"https:\/\/api.w.org\/{rel}","templated":true}]}}

<section class="wpb-content-wrapper"><p>[vc_row][vc_column][vc_column_text]Los invitamos a la próxima sesión sobre las oportunidades de negocio en Cuba, en la que trataremos de resolver las principales dudas, informarles de la situación de mercado cubano y los pasos a seguir.</p>
<p>Durante la sesión podremos escuchar los puntos de vista y experiencias desde un enfoque institucional, político y empresarial.</p>
<p>&nbsp;</p>
<p>[/vc_column_text][/vc_column][/vc_row][vc_row][vc_column width=»1/1&#8243;][vc_column_text]<span style="color: #c10000;">PROGRAMA</span></p>
<p>09:00 Registro de asistentes</p>
<p>09:15 Bienvenida</p>
<p style="padding-left: 40px;">Sr. José Luis Egea, Vicepresidente Comisión Internacional, <strong>Foment del Treball</strong></p>
<p style="padding-left: 40px;">Sra. Elisabet Coll-Vinent, Departamento Internacional,<strong> Cambra de Comerç de Barcelona</strong></p>
<p style="padding-left: 40px;">Excm. Sr. Gustavo Machín, <strong>Embajador de la República de Cuba en España</strong></p>
<p>09:30 Nuevas oportunidades del sector agroalimentario en Cuba</p>
<p style="padding-left: 40px;">Sra. Marlene Rosabal Sánchez, <strong>Viceministra de la Industria Alimentaria de la República de Cuba</strong></p>
<p>10:00  Experiencia empresarial</p>
<p>10:30 Cuba, un mercado en expansión</p>
<p style="padding-left: 40px;">Sra. Claire Gracia, Área manager, <strong>Fira de Barcelona</strong></p>
<p>10:45 Ronda de preguntes</p>
<p>11:00  Fin de la sessió[/vc_column_text][/vc_column][/vc_row][vc_row][vc_column width=»1/3&#8243;]<div class="single_image wpb_content_element align-left    " data-animation="none" data-delay="0"><img width="115" height="130" src="https://www.foment.com/wp-content/uploads/2019/10/logo-cuba.png" class="attachment-full" alt="" loading="lazy" title="logo cuba" /></div>[/vc_column][vc_column width=»1/3&#8243;]<div class="single_image wpb_content_element align-left    " data-animation="none" data-delay="0"><img width="300" height="163" src="https://www.foment.com/wp-content/uploads/2019/10/Fira-Barcelona-Int_Logo-1.png" class="attachment-medium" alt="" loading="lazy" title="Fira Barcelona Int_Logo" /></div>[/vc_column][vc_column width=»1/3&#8243;]<div class="single_image wpb_content_element align-left    " data-animation="none" data-delay="0"><img width="300" height="198" src="https://www.foment.com/wp-content/uploads/2019/10/CAMARA-DE-COMERCIO-DE-BARCELONACB_LOGO-1.jpg" class="attachment-medium" alt="" loading="lazy" title="logo Cambra" /></div>[/vc_column][/vc_row]</p>
</section>
