{"id":77393,"date":"2019-12-18T10:33:34","date_gmt":"2019-12-18T09:33:34","guid":{"rendered":"https:\/\/www.foment.com\/events\/innovation-breakfast-els-limits-de-liot\/"},"modified":"2019-12-18T15:45:28","modified_gmt":"2019-12-18T14:45:28","slug":"innovation-breakfast-els-limits-de-liot","status":"publish","type":"ajde_events","link":"https:\/\/www.foment.com\/es\/events\/innovation-breakfast-els-limits-de-liot\/","title":{"rendered":"Innovation Breakfast \u00abLos l\u00edmites del IoT\u00bb"},"content":{"rendered":"<section class=\"wpb-content-wrapper\"><p>[vc_row][vc_column text_align=\u00bbcenter\u00bb][vc_column_text]<\/p>\n<h3 style=\"text-align: center;\"><strong>INNOVATION BREAKFAST<\/strong><\/h3>\n<p>[\/vc_column_text][vc_column_text]<\/p>\n<h2 style=\"text-align: center;\"><span style=\"color: #c10000;\"><strong>\u00a0Los l\u00edmites del IoT<\/strong><\/span><\/h2>\n<p>[\/vc_column_text][vc_column_text]<\/p>\n<p style=\"text-align: left;\">Os invitamos al pr\u00f3ximo desayuno coloquio con <strong>Francesc Juan<\/strong>, Director de Tecnolog\u00edas y de Arquitecturas de Schneider Electric que hablar\u00e1 de como las diferentes disrupciones tecnol\u00f3gicas y el IoT est\u00e1 transformando la industria. A partir de ejemplos reales y pruebas de concepto podremos profundizar en el potencial a corto plazo en funci\u00f3n del segmento industrial, qu\u00e9 tecnolog\u00edas se est\u00e1n mostrando como m\u00e1s interesantes y que hemos de tener en cuenta a la hora de iniciar un proyecto de transformaci\u00f3n digital en el campo industrial.<\/p>\n<p style=\"text-align: left;\">Hablaremos del IoT, Digital Twins, plataformas, Machine Learning, del Machine as a Service y de como podemos sacar m\u00e1s valor de los datos.<\/p>\n<p style=\"text-align: left;\">La presentaci\u00f3n ir\u00e1 a cargo de <strong>Jordi Bosch<\/strong>, Presidente de la Comisi\u00f3n de Innovaci\u00f3n. Despu\u00e9s de la intervenci\u00f3n del ponente, se abrir\u00e1\u00a0 un turno de preguntas con los asistentes.<\/p>\n<p style=\"text-align: left;\">Los Innovation Breakfast de Foment son un nuevo formato de sesi\u00f3n creado para ofrecer un entorno donde poder dialogar, inspirarse y crecer profesionalmente, a trav\u00e9s de encuentros con ponentes de alto nivel que comparten su visi\u00f3n y expertise en las iniciativas innovadoras que est\u00e1n liderando en su organizaci\u00f3n.<\/p>\n<p style=\"text-align: left;\">Este espacio est\u00e1 restringido a los socios de Foment y las pr\u00f3ximas convocatorias \u00fanicamente ser\u00e1n enviadas a los miembros de la Comisi\u00f3n de Innovaci\u00f3n de la patronal. Por este motivo, si est\u00e1s interesado en seguir recibido las invitaciones, te rogamos que cumplimentes el\u00a0 <a href=\"http:\/\/analytics.clickdimensions.com\/cn\/aepgp\/comissio_innovacio\">formulario de adhesi\u00f3n a la Comisi\u00f3n de Innovaci\u00f3n<\/a>.<\/p>\n<p>[\/vc_column_text][\/vc_column][\/vc_row]<\/p>\n<\/section>","protected":false},"author":24,"featured_media":62185,"menu_order":0,"comment_status":"closed","ping_status":"closed","template":"","meta":{"_links_to":"","_links_to_target":""},"tags":[2398,863,610,499,2399,2400,2401,2402,1699],"event_type":[203],"event_type_2":[],"acf":[],"_links":{"self":[{"href":"https:\/\/www.foment.com\/es\/wp-json\/wp\/v2\/ajde_events\/77393"}],"collection":[{"href":"https:\/\/www.foment.com\/es\/wp-json\/wp\/v2\/ajde_events"}],"about":[{"href":"https:\/\/www.foment.com\/es\/wp-json\/wp\/v2\/types\/ajde_events"}],"author":[{"embeddable":true,"href":"https:\/\/www.foment.com\/es\/wp-json\/wp\/v2\/users\/24"}],"replies":[{"embeddable":true,"href":"https:\/\/www.foment.com\/es\/wp-json\/wp\/v2\/comments?post=77393"}],"wp:featuredmedia":[{"embeddable":true,"href":"https:\/\/www.foment.com\/es\/wp-json\/wp\/v2\/media\/62185"}],"wp:attachment":[{"href":"https:\/\/www.foment.com\/es\/wp-json\/wp\/v2\/media?parent=77393"}],"wp:term":[{"taxonomy":"post_tag","embeddable":true,"href":"https:\/\/www.foment.com\/es\/wp-json\/wp\/v2\/tags?post=77393"},{"taxonomy":"event_type","embeddable":true,"href":"https:\/\/www.foment.com\/es\/wp-json\/wp\/v2\/event_type?post=77393"},{"taxonomy":"event_type_2","embeddable":true,"href":"https:\/\/www.foment.com\/es\/wp-json\/wp\/v2\/event_type_2?post=77393"}],"curies":[{"name":"wp","href":"https:\/\/api.w.org\/{rel}","templated":true}]}}

Innovation Breakfast «Los límites del IoT»

<section class="wpb-content-wrapper"><p>[vc_row][vc_column text_align=»center»][vc_column_text]</p>
<h3 style="text-align: center;"><strong>INNOVATION BREAKFAST</strong></h3>
<p>[/vc_column_text][vc_column_text]</p>
<h2 style="text-align: center;"><span style="color: #c10000;"><strong> Los límites del IoT</strong></span></h2>
<p>[/vc_column_text][vc_column_text]</p>
<p style="text-align: left;">Os invitamos al próximo desayuno coloquio con <strong>Francesc Juan</strong>, Director de Tecnologías y de Arquitecturas de Schneider Electric que hablará de como las diferentes disrupciones tecnológicas y el IoT está transformando la industria. A partir de ejemplos reales y pruebas de concepto podremos profundizar en el potencial a corto plazo en función del segmento industrial, qué tecnologías se están mostrando como más interesantes y que hemos de tener en cuenta a la hora de iniciar un proyecto de transformación digital en el campo industrial.</p>
<p style="text-align: left;">Hablaremos del IoT, Digital Twins, plataformas, Machine Learning, del Machine as a Service y de como podemos sacar más valor de los datos.</p>
<p style="text-align: left;">La presentación irá a cargo de <strong>Jordi Bosch</strong>, Presidente de la Comisión de Innovación. Después de la intervención del ponente, se abrirá  un turno de preguntas con los asistentes.</p>
<p style="text-align: left;">Los Innovation Breakfast de Foment son un nuevo formato de sesión creado para ofrecer un entorno donde poder dialogar, inspirarse y crecer profesionalmente, a través de encuentros con ponentes de alto nivel que comparten su visión y expertise en las iniciativas innovadoras que están liderando en su organización.</p>
<p style="text-align: left;">Este espacio está restringido a los socios de Foment y las próximas convocatorias únicamente serán enviadas a los miembros de la Comisión de Innovación de la patronal. Por este motivo, si estás interesado en seguir recibido las invitaciones, te rogamos que cumplimentes el  <a href="http://analytics.clickdimensions.com/cn/aepgp/comissio_innovacio">formulario de adhesión a la Comisión de Innovación</a>.</p>
<p>[/vc_column_text][/vc_column][/vc_row]</p>
</section>
