{"id":89674,"date":"2020-05-09T19:05:06","date_gmt":"2020-05-09T17:05:06","guid":{"rendered":"https:\/\/www.foment.com\/events\/personal-branding-aula-virtual\/"},"modified":"2020-05-19T13:39:05","modified_gmt":"2020-05-19T11:39:05","slug":"personal-branding-aula-virtual","status":"publish","type":"ajde_events","link":"https:\/\/www.foment.com\/es\/events\/personal-branding-aula-virtual\/","title":{"rendered":"PERSONAL BRANDING"},"content":{"rendered":"<section class=\"wpb-content-wrapper\"><p>[vc_row][vc_column width=\u00bb1\/1&#8243;]<div class=\"single_image wpb_content_element align-center    \" data-animation=\"none\" data-delay=\"0\"><a href=\"https:\/\/www.fomentformacio.com\/\" target=\"_blank\"><img width=\"358\" height=\"81\" src=\"https:\/\/www.foment.com\/wp-content\/uploads\/2020\/05\/new-logo1.png\" class=\"attachment-full\" alt=\"\" loading=\"lazy\" title=\"Foment Formaci\u00f3\" \/><\/a><\/div>[\/vc_column][\/vc_row][vc_row][vc_column width=\u00bb1\/1&#8243;][vc_column_text]El curso de\u00a0<strong>Personal branding<\/strong>\u00a0de 30 horas que se imparte con\u00a0<strong>aula virtual<\/strong>\u00a0te ayudar\u00e1 a comprender las responsabilidades de tener una marca personal o empresarial como clave en la nueva estructura de las organizaciones.<\/p>\n<p><strong><span style=\"color: #c1002b;\">Objetivos generales del curso:<\/span><\/strong><\/p>\n<ul>\n<li>Aprovechar el fen\u00f3meno \u201cbranding\u201d para posicionarse en el mercado laboral.<\/li>\n<li>Conocer las ventajas de tener una marca personal conectada a la marca empresarial como estrategia de las organizaciones frente a otros formatos tradicionales.<\/li>\n<li>C\u00f3mo mejorar la creatividad<\/li>\n<li>Conocer los diferentes modelos de marca personal que mejor se adapten a un mismo y en su organizaci\u00f3n.<\/li>\n<li>Dominar el QCIP (CMI Personal) para una buena implantaci\u00f3n del PDAD (planificarse desplegarse actuarDesafiar).<\/li>\n<li>Analizar la evoluci\u00f3n del mercado en marcas para el autoaprendizaje y mejora de la reputaci\u00f3n.<\/li>\n<li>Conocer las herramientas b\u00e1sicas en creaci\u00f3n y gesti\u00f3n de marca personal y empresarial en productos o servicios.<\/li>\n<li>Identificar las claves para la diferenciaci\u00f3n y singularidad de la propia marca: competencia de aprender a aprender, competencia de autonom\u00eda e iniciativa personal y competencia social<\/li>\n<\/ul>\n<p><span style=\"color: #c1002b;\"><strong>Contenido general del curso:\u00a0<\/strong><\/span><\/p>\n<ul>\n<li>Business brand &amp; Personal brand<\/li>\n<li>Estrategia de marketing digital en las marcas<\/li>\n<li>Herramientas para construir una marca corporativa<\/li>\n<li>Personal Branding<\/li>\n<\/ul>\n<p><strong><span style=\"color: #c1002b;\">M\u00e1s informaci\u00f3n: Tel\u00e9fono: 934 841 232 &#8211; Mail: <a style=\"color: #c1002b;\" href=\"mailto:formacio@foment.com\">formacio@foment.com<\/a>\u00a0<\/span><\/strong>[\/vc_column_text][\/vc_column][\/vc_row][vc_row][vc_column width=\u00bb1\/3&#8243;][\/vc_column][vc_column width=\u00bb1\/3&#8243;]<a href=\"https:\/\/www.fomentformacio.com\/course\/personal-branding-aula-virtual\/\" target=\"_blank\" class=\"button color-2 full \" style=\"border-radius: 60px;\"><i class='fa fa-chevron-right'><\/i>Inscripci\u00f3n<\/a>[\/vc_column][vc_column width=\u00bb1\/3&#8243;][\/vc_column][\/vc_row]<\/p>\n<\/section>","protected":false},"author":7,"featured_media":88845,"menu_order":0,"comment_status":"closed","ping_status":"closed","template":"","meta":{"_links_to":"","_links_to_target":""},"tags":[3199,1058,3179,3200],"event_type":[],"event_type_2":[],"acf":[],"_links":{"self":[{"href":"https:\/\/www.foment.com\/es\/wp-json\/wp\/v2\/ajde_events\/89674"}],"collection":[{"href":"https:\/\/www.foment.com\/es\/wp-json\/wp\/v2\/ajde_events"}],"about":[{"href":"https:\/\/www.foment.com\/es\/wp-json\/wp\/v2\/types\/ajde_events"}],"author":[{"embeddable":true,"href":"https:\/\/www.foment.com\/es\/wp-json\/wp\/v2\/users\/7"}],"replies":[{"embeddable":true,"href":"https:\/\/www.foment.com\/es\/wp-json\/wp\/v2\/comments?post=89674"}],"wp:featuredmedia":[{"embeddable":true,"href":"https:\/\/www.foment.com\/es\/wp-json\/wp\/v2\/media\/88845"}],"wp:attachment":[{"href":"https:\/\/www.foment.com\/es\/wp-json\/wp\/v2\/media?parent=89674"}],"wp:term":[{"taxonomy":"post_tag","embeddable":true,"href":"https:\/\/www.foment.com\/es\/wp-json\/wp\/v2\/tags?post=89674"},{"taxonomy":"event_type","embeddable":true,"href":"https:\/\/www.foment.com\/es\/wp-json\/wp\/v2\/event_type?post=89674"},{"taxonomy":"event_type_2","embeddable":true,"href":"https:\/\/www.foment.com\/es\/wp-json\/wp\/v2\/event_type_2?post=89674"}],"curies":[{"name":"wp","href":"https:\/\/api.w.org\/{rel}","templated":true}]}}

<section class="wpb-content-wrapper"><p>[vc_row][vc_column width=»1/1&#8243;]<div class="single_image wpb_content_element align-center    " data-animation="none" data-delay="0"><a href="https://www.fomentformacio.com/" target="_blank"><img width="358" height="81" src="https://www.foment.com/wp-content/uploads/2020/05/new-logo1.png" class="attachment-full" alt="" loading="lazy" title="Foment Formació" /></a></div>[/vc_column][/vc_row][vc_row][vc_column width=»1/1&#8243;][vc_column_text]El curso de <strong>Personal branding</strong> de 30 horas que se imparte con <strong>aula virtual</strong> te ayudará a comprender las responsabilidades de tener una marca personal o empresarial como clave en la nueva estructura de las organizaciones.</p>
<p><strong><span style="color: #c1002b;">Objetivos generales del curso:</span></strong></p>
<ul>
<li>Aprovechar el fenómeno “branding” para posicionarse en el mercado laboral.</li>
<li>Conocer las ventajas de tener una marca personal conectada a la marca empresarial como estrategia de las organizaciones frente a otros formatos tradicionales.</li>
<li>Cómo mejorar la creatividad</li>
<li>Conocer los diferentes modelos de marca personal que mejor se adapten a un mismo y en su organización.</li>
<li>Dominar el QCIP (CMI Personal) para una buena implantación del PDAD (planificarse desplegarse actuarDesafiar).</li>
<li>Analizar la evolución del mercado en marcas para el autoaprendizaje y mejora de la reputación.</li>
<li>Conocer las herramientas básicas en creación y gestión de marca personal y empresarial en productos o servicios.</li>
<li>Identificar las claves para la diferenciación y singularidad de la propia marca: competencia de aprender a aprender, competencia de autonomía e iniciativa personal y competencia social</li>
</ul>
<p><span style="color: #c1002b;"><strong>Contenido general del curso: </strong></span></p>
<ul>
<li>Business brand &amp; Personal brand</li>
<li>Estrategia de marketing digital en las marcas</li>
<li>Herramientas para construir una marca corporativa</li>
<li>Personal Branding</li>
</ul>
<p><strong><span style="color: #c1002b;">Más información: Teléfono: 934 841 232 &#8211; Mail: <a style="color: #c1002b;" href="mailto:formacio@foment.com">formacio@foment.com</a> </span></strong>[/vc_column_text][/vc_column][/vc_row][vc_row][vc_column width=»1/3&#8243;][/vc_column][vc_column width=»1/3&#8243;]<a href="https://www.fomentformacio.com/course/personal-branding-aula-virtual/" target="_blank" class="button color-2 full " style="border-radius: 60px;"><i class='fa fa-chevron-right'></i>Inscripción</a>[/vc_column][vc_column width=»1/3&#8243;][/vc_column][/vc_row]</p>
</section>
