{"id":91751,"date":"2020-05-26T13:27:48","date_gmt":"2020-05-26T11:27:48","guid":{"rendered":"https:\/\/www.foment.com\/events\/la-festa-de-primavera-es-reconverteix\/"},"modified":"2020-06-02T11:25:41","modified_gmt":"2020-06-02T09:25:41","slug":"la-festa-de-primavera-se-reconvierte","status":"publish","type":"ajde_events","link":"https:\/\/www.foment.com\/es\/events\/la-festa-de-primavera-se-reconvierte\/","title":{"rendered":"#RRHHalRescate: Nadie queda fuera"},"content":{"rendered":"<section class=\"wpb-content-wrapper\"><p>[vc_row][vc_column][vc_column_text]<\/p>\n<h3 style=\"text-align: center;\"><span style=\"color: #c1002b;\">La Fiesta de la Primavera se reconvierte<\/span><\/h3>\n<p>Bajo el lema <strong>#RRHHalRescate<\/strong>, este a\u00f1o la Fiesta de la Primavera del Foro RRHH de Foment del Treball se ha tenido que reconvertir, como tantas otras cosas de nuestra vida cotidiana.<\/p>\n<p>En el marco de un <strong>gran encuentro telem\u00e1tico<\/strong>, para seguir conectando a los profesionales del sector de recursos humanos, te invitamos a forma parte de la movilizaci\u00f3n solidaria liderada por el Foro RRHH.<\/p>\n<p><span style=\"color: #c1002b;\"><strong>Sobre la campa\u00f1a de Dincat: \u00abProtej\u00e1monos para cuidarlos\u00bb <\/strong><\/span><\/p>\n<p>Poco se ha hablado en esta crisis que estamos viviendo de las personas con discapacidad intelectual. Pero m\u00e1s de 8.500 de estas personas y cerca de 3.500 profesionales del sector <strong>est\u00e1n en grave riesgo de contagio al no disponer de los materiales de protecci\u00f3n necesarios<\/strong> ante la crisis sanitaria y el proceso de desescalada.<\/p>\n<p>Por otra parte, la <strong>viabilidad econ\u00f3mica de los Centros Especiales de Trabajo, que arrastran una situaci\u00f3n de vulnerabilidad desde hace m\u00e1s de 10 a\u00f1os, est\u00e1 en peligro, as\u00ed como los puestos de trabajo de miles de personas con discapacidad intelectual en Catalu\u00f1a<\/strong>. Por este motivo, es muy necesario <strong>poder reactivar con garant\u00edas de seguridad los Centros Especiales de Trabajo<\/strong>, as\u00ed como todos los servicios que atienden a estas personas. Tambi\u00e9n sus familiares necesitan apoyo, ya que muchos han de teletrabajar y cuidarlos mientras se activan los servicios.<\/p>\n<p>Por todo ello, el sector de la discapacidad intelectual necesita tu apoyo. Desde Dincat se ha puesto en marcha una <strong>campa\u00f1a de captaci\u00f3n de fondos para proteger a las personas con discapacidad intelectual y a sus cuidadores de la Covid-19<\/strong>. Para que los Centros Especiales de Trabajo, que emplean a casi m\u00e1s de 10.000 personas con especiales dificultades en Catalu\u00f1a, puedan reactivarse lo m\u00e1s r\u00e1pido posible durante la fase de desescalada.[\/vc_column_text][\/vc_column][\/vc_row][vc_row][vc_column width=\u00bb1\/3&#8243;]<a href=\"http:\/\/\" target=\"_self\" class=\"button color-1 small \" style=\"border-radius: 2px;\"><\/a>[\/vc_column][vc_column width=\u00bb1\/3&#8243;]<a href=\"http:\/\/contraelcoronavirus.org\/dincat\" target=\"_blank\" class=\"button color-2 full \" style=\"border-radius: 50;\"><i class='fa fa-chevron-right'><\/i>Haz una donaci\u00f3n<\/a><div class=\"spacer\" style=\"height: 20px;\"><\/div>[\/vc_column][vc_column width=\u00bb1\/3&#8243;][\/vc_column][\/vc_row][vc_row][vc_column][vc_column_text]Deseamos que esta Fiesta de la Primavera reconvertida sea este a\u00f1o la<strong> fiesta de la solidaridad y el positivismo<\/strong>. Ay\u00fadanos a protegerlos, a avanzar en su inserci\u00f3n laboral plena, y, en definitiva, a construir un futuro digno para el trabajo de estas personas. <strong>#NadieQuedaFuera<\/strong> en la superaci\u00f3n de esta crisis !!!<\/p>\n<p>Esperamos contar con tu participaci\u00f3n en esta edici\u00f3n tan especial, que tendr\u00e1 lugar el pr\u00f3ximo mi\u00e9rcoles 3 de junio a las 18.00 horas, donde adem\u00e1s de conocer m\u00e1s detalles sobre esta realidad social desconocida para muchos, tambi\u00e9n pasaremos un buen rato riendo juntos en compa\u00f1\u00eda del humorista, <strong>Victor Parrado<\/strong>. Un firme defensor de la idea de que la alegr\u00eda es patrimonio del ser humano, un bien com\u00fan que debemos cuidar y abrazar entre todos, <strong>\u00abporque quien r\u00ede poco, vive a medias<\/strong>\u00ab, afirma Parrado.<\/p>\n<p>\u00a1Pues vamos a re\u00edr todos juntos!<\/p>\n<p><span style=\"color: #c1002b;\"><strong>PROGRAMA:<\/strong><\/span><\/p>\n<p><strong><span style=\"color: #c1002b;\">18:00 h Bienvenida<br \/>\n<\/span><\/strong><strong>S<\/strong><strong>\u00edlvia For\u00e9s,<\/strong>\u00a0presidenta del Foro RRHH de Foment del Treball<br \/>\n<strong>David Tornos<\/strong>, Secretari General de Foment del Treball<br \/>\n<strong>Ma. \u00c1ngeles Tejada<\/strong>, directora general de public Affairs de Randstad<br \/>\n<strong>Carles Campuzano<\/strong>, director de la fundaci\u00f3n Dincat<\/p>\n<p><span style=\"color: #c1002b;\"><strong>18:20 h Charla motivacional: \u00abEl humor es la vacuna del alma\u00bb <\/strong><\/span><\/p>\n<p><a href=\"https:\/\/www.foment.com\/wp-content\/uploads\/2020\/05\/Victor-Parrado.jpg\"><img loading=\"lazy\" class=\"size-full wp-image-91744 alignleft\" src=\"https:\/\/www.foment.com\/wp-content\/uploads\/2020\/05\/Victor-Parrado.jpg\" alt=\"\" width=\"300\" height=\"163\" \/><\/a><\/p>\n<p>&nbsp;<\/p>\n<p>&nbsp;<\/p>\n<p>&nbsp;<\/p>\n<p>&nbsp;<\/p>\n<p>&nbsp;<\/p>\n<p>&nbsp;<\/p>\n<p>Charla inspiradora del c\u00f3mico, monologuista y conferenciante, pero sobretodo, buenrollista<strong>, Victor Parrado<\/strong><\/p>\n<p><span style=\"color: #c1002b;\"><strong>18:50 h Despedida<\/strong><\/span><\/p>\n<p>&nbsp;<\/p>\n<p style=\"text-align: center;\" align=\"center\"><strong><span style=\"color: #c1002b;\">El encuentro se realizar\u00e1 a trav\u00e9s del Zoom y el contenido ser\u00e1 en castellano. Un d\u00eda antes los inscritos recibir\u00e1n el enlace para acceder al webinar.<\/span><\/strong><\/p>\n<p>[\/vc_column_text][\/vc_column][\/vc_row][vc_row][vc_column width=\u00bb1\/3&#8243;][\/vc_column][vc_column width=\u00bb1\/3&#8243;][vc_column_text]<\/p>\n<p style=\"text-align: center;\"><strong>\u00a0PATROCINADOR:<\/strong><\/p>\n<p>[\/vc_column_text]<div class=\"single_image wpb_content_element align-center    \" data-animation=\"none\" data-delay=\"0\"><a href=\"https:\/\/www.randstad.es\/\" target=\"_blank\"><img width=\"150\" height=\"148\" src=\"https:\/\/www.foment.com\/wp-content\/uploads\/2017\/09\/randstad-para-web.png\" class=\"attachment-full\" alt=\"\" loading=\"lazy\" title=\"randstad para web\" srcset=\"https:\/\/www.foment.com\/wp-content\/uploads\/2017\/09\/randstad-para-web.png 150w, https:\/\/www.foment.com\/wp-content\/uploads\/2017\/09\/randstad-para-web-80x80.png 80w\" sizes=\"(max-width: 150px) 100vw, 150px\" \/><\/a><\/div>[\/vc_column][vc_column width=\u00bb1\/3&#8243;][\/vc_column][\/vc_row]<\/p>\n<\/section>","protected":false},"author":7,"featured_media":91983,"menu_order":0,"comment_status":"closed","ping_status":"closed","template":"","meta":{"_links_to":"","_links_to_target":""},"tags":[3443,3444,3446,2788,2965],"event_type":[200],"event_type_2":[],"acf":[],"_links":{"self":[{"href":"https:\/\/www.foment.com\/es\/wp-json\/wp\/v2\/ajde_events\/91751"}],"collection":[{"href":"https:\/\/www.foment.com\/es\/wp-json\/wp\/v2\/ajde_events"}],"about":[{"href":"https:\/\/www.foment.com\/es\/wp-json\/wp\/v2\/types\/ajde_events"}],"author":[{"embeddable":true,"href":"https:\/\/www.foment.com\/es\/wp-json\/wp\/v2\/users\/7"}],"replies":[{"embeddable":true,"href":"https:\/\/www.foment.com\/es\/wp-json\/wp\/v2\/comments?post=91751"}],"wp:featuredmedia":[{"embeddable":true,"href":"https:\/\/www.foment.com\/es\/wp-json\/wp\/v2\/media\/91983"}],"wp:attachment":[{"href":"https:\/\/www.foment.com\/es\/wp-json\/wp\/v2\/media?parent=91751"}],"wp:term":[{"taxonomy":"post_tag","embeddable":true,"href":"https:\/\/www.foment.com\/es\/wp-json\/wp\/v2\/tags?post=91751"},{"taxonomy":"event_type","embeddable":true,"href":"https:\/\/www.foment.com\/es\/wp-json\/wp\/v2\/event_type?post=91751"},{"taxonomy":"event_type_2","embeddable":true,"href":"https:\/\/www.foment.com\/es\/wp-json\/wp\/v2\/event_type_2?post=91751"}],"curies":[{"name":"wp","href":"https:\/\/api.w.org\/{rel}","templated":true}]}}

<section class="wpb-content-wrapper"><p>[vc_row][vc_column][vc_column_text]</p>
<h3 style="text-align: center;"><span style="color: #c1002b;">La Fiesta de la Primavera se reconvierte</span></h3>
<p>Bajo el lema <strong>#RRHHalRescate</strong>, este año la Fiesta de la Primavera del Foro RRHH de Foment del Treball se ha tenido que reconvertir, como tantas otras cosas de nuestra vida cotidiana.</p>
<p>En el marco de un <strong>gran encuentro telemático</strong>, para seguir conectando a los profesionales del sector de recursos humanos, te invitamos a forma parte de la movilización solidaria liderada por el Foro RRHH.</p>
<p><span style="color: #c1002b;"><strong>Sobre la campaña de Dincat: «Protejámonos para cuidarlos» </strong></span></p>
<p>Poco se ha hablado en esta crisis que estamos viviendo de las personas con discapacidad intelectual. Pero más de 8.500 de estas personas y cerca de 3.500 profesionales del sector <strong>están en grave riesgo de contagio al no disponer de los materiales de protección necesarios</strong> ante la crisis sanitaria y el proceso de desescalada.</p>
<p>Por otra parte, la <strong>viabilidad económica de los Centros Especiales de Trabajo, que arrastran una situación de vulnerabilidad desde hace más de 10 años, está en peligro, así como los puestos de trabajo de miles de personas con discapacidad intelectual en Cataluña</strong>. Por este motivo, es muy necesario <strong>poder reactivar con garantías de seguridad los Centros Especiales de Trabajo</strong>, así como todos los servicios que atienden a estas personas. También sus familiares necesitan apoyo, ya que muchos han de teletrabajar y cuidarlos mientras se activan los servicios.</p>
<p>Por todo ello, el sector de la discapacidad intelectual necesita tu apoyo. Desde Dincat se ha puesto en marcha una <strong>campaña de captación de fondos para proteger a las personas con discapacidad intelectual y a sus cuidadores de la Covid-19</strong>. Para que los Centros Especiales de Trabajo, que emplean a casi más de 10.000 personas con especiales dificultades en Cataluña, puedan reactivarse lo más rápido posible durante la fase de desescalada.[/vc_column_text][/vc_column][/vc_row][vc_row][vc_column width=»1/3&#8243;]<a href="http://" target="_self" class="button color-1 small " style="border-radius: 2px;"></a>[/vc_column][vc_column width=»1/3&#8243;]<a href="http://contraelcoronavirus.org/dincat" target="_blank" class="button color-2 full " style="border-radius: 50;"><i class='fa fa-chevron-right'></i>Haz una donación</a><div class="spacer" style="height: 20px;"></div>[/vc_column][vc_column width=»1/3&#8243;][/vc_column][/vc_row][vc_row][vc_column][vc_column_text]Deseamos que esta Fiesta de la Primavera reconvertida sea este año la<strong> fiesta de la solidaridad y el positivismo</strong>. Ayúdanos a protegerlos, a avanzar en su inserción laboral plena, y, en definitiva, a construir un futuro digno para el trabajo de estas personas. <strong>#NadieQuedaFuera</strong> en la superación de esta crisis !!!</p>
<p>Esperamos contar con tu participación en esta edición tan especial, que tendrá lugar el próximo miércoles 3 de junio a las 18.00 horas, donde además de conocer más detalles sobre esta realidad social desconocida para muchos, también pasaremos un buen rato riendo juntos en compañía del humorista, <strong>Victor Parrado</strong>. Un firme defensor de la idea de que la alegría es patrimonio del ser humano, un bien común que debemos cuidar y abrazar entre todos, <strong>«porque quien ríe poco, vive a medias</strong>«, afirma Parrado.</p>
<p>¡Pues vamos a reír todos juntos!</p>
<p><span style="color: #c1002b;"><strong>PROGRAMA:</strong></span></p>
<p><strong><span style="color: #c1002b;">18:00 h Bienvenida<br />
</span></strong><strong>S</strong><strong>ílvia Forés,</strong> presidenta del Foro RRHH de Foment del Treball<br />
<strong>David Tornos</strong>, Secretari General de Foment del Treball<br />
<strong>Ma. Ángeles Tejada</strong>, directora general de public Affairs de Randstad<br />
<strong>Carles Campuzano</strong>, director de la fundación Dincat</p>
<p><span style="color: #c1002b;"><strong>18:20 h Charla motivacional: «El humor es la vacuna del alma» </strong></span></p>
<p><a href="https://www.foment.com/wp-content/uploads/2020/05/Victor-Parrado.jpg"><img loading="lazy" class="size-full wp-image-91744 alignleft" src="https://www.foment.com/wp-content/uploads/2020/05/Victor-Parrado.jpg" alt="" width="300" height="163" /></a></p>
<p>&nbsp;</p>
<p>&nbsp;</p>
<p>&nbsp;</p>
<p>&nbsp;</p>
<p>&nbsp;</p>
<p>&nbsp;</p>
<p>Charla inspiradora del cómico, monologuista y conferenciante, pero sobretodo, buenrollista<strong>, Victor Parrado</strong></p>
<p><span style="color: #c1002b;"><strong>18:50 h Despedida</strong></span></p>
<p>&nbsp;</p>
<p style="text-align: center;" align="center"><strong><span style="color: #c1002b;">El encuentro se realizará a través del Zoom y el contenido será en castellano. Un día antes los inscritos recibirán el enlace para acceder al webinar.</span></strong></p>
<p>[/vc_column_text][/vc_column][/vc_row][vc_row][vc_column width=»1/3&#8243;][/vc_column][vc_column width=»1/3&#8243;][vc_column_text]</p>
<p style="text-align: center;"><strong> PATROCINADOR:</strong></p>
<p>[/vc_column_text]<div class="single_image wpb_content_element align-center    " data-animation="none" data-delay="0"><a href="https://www.randstad.es/" target="_blank"><img width="150" height="148" src="https://www.foment.com/wp-content/uploads/2017/09/randstad-para-web.png" class="attachment-full" alt="" loading="lazy" title="randstad para web" srcset="https://www.foment.com/wp-content/uploads/2017/09/randstad-para-web.png 150w, https://www.foment.com/wp-content/uploads/2017/09/randstad-para-web-80x80.png 80w" sizes="(max-width: 150px) 100vw, 150px" /></a></div>[/vc_column][vc_column width=»1/3&#8243;][/vc_column][/vc_row]</p>
</section>
