{"id":92678,"date":"2020-06-02T17:05:59","date_gmt":"2020-06-02T15:05:59","guid":{"rendered":"https:\/\/www.foment.com\/?post_type=ajde_events&#038;p=92678"},"modified":"2020-06-15T12:52:25","modified_gmt":"2020-06-15T10:52:25","slug":"webinar-peru-oportunidades-de-negocio-post-covid-19","status":"publish","type":"ajde_events","link":"https:\/\/www.foment.com\/es\/events\/webinar-peru-oportunidades-de-negocio-post-covid-19\/","title":{"rendered":"Webinar. PERU: OPORTUNIDADES DE NEGOCIO POST COVID \u2013 19"},"content":{"rendered":"<p><a href=\"https:\/\/www.foment.com\/wp-content\/uploads\/2020\/06\/Gris-Oscuro-Armario-Rebajas-Sencillo-Publicaci\u00f3n-Instagram.png\"><img loading=\"lazy\" class=\"alignnone size-full wp-image-92683\" src=\"https:\/\/www.foment.com\/wp-content\/uploads\/2020\/06\/Gris-Oscuro-Armario-Rebajas-Sencillo-Publicaci\u00f3n-Instagram.png\" alt=\"\" width=\"1080\" height=\"1080\" \/><\/a><\/p>\n<p><span style=\"color: #800000;\">PROGRAMA<\/span><\/p>\n<p>&nbsp;<\/p>\n<p><em>Presentaci\u00f3n de la Jornada:<\/em><\/p>\n<p><strong>Ernest Quingles &#8211;\u00a0<\/strong>Presidente de la Comisi\u00f3n Internacional &#8211; Foment del Treball<br \/>\n<strong>Antonio Garc\u00eda<\/strong>\u00a0&#8211; C\u00f3nsul General del Per\u00fa en Barcelona<br \/>\n<strong>Carlos Guimet\u00a0<\/strong>&#8211; Presidente de la C\u00e1mara de Comercio Per\u00fa en Espa\u00f1a (CCPE)<\/p>\n<p><em>Presentaci\u00f3n del pa\u00eds<\/em><br \/>\n<strong>Aurelia Ram\u00edrez <\/strong>&#8211; Gerente CCPE<\/p>\n<p><em>Oportunidades de negocio Post Crisis<\/em><br \/>\n<strong>Joan Manuel Barrena<\/strong> &#8211; Consejero Econ\u00f3mico Comercial OCEX<\/p>\n<p><em>Novedades Legislativas que afectan a las empresas tanto peruanas como espa\u00f1olas con inter\u00e9s en el mercado peruano<\/em><br \/>\n<strong>Aldo Reggiardo Denegri<\/strong> &#8211; Socio Per\u00fa CUATRECASAS<\/p>\n<p><em>Herramientas financieras<\/em><br \/>\n<strong>Ana Mart\u00ednez Gonz\u00e1lez<\/strong> &#8211; Jefa de Mediaci\u00f3n con Entidades Financieras ICO<\/p>\n<p>Moderador:\u00a0\u00a0<strong>Juan Millan<\/strong> &#8211; Delegado CCPE<\/p>\n","protected":false},"author":13,"featured_media":91059,"menu_order":0,"comment_status":"closed","ping_status":"closed","template":"","meta":{"_links_to":"","_links_to_target":""},"tags":[3236,1749,2911],"event_type":[201],"event_type_2":[],"acf":[],"_links":{"self":[{"href":"https:\/\/www.foment.com\/es\/wp-json\/wp\/v2\/ajde_events\/92678"}],"collection":[{"href":"https:\/\/www.foment.com\/es\/wp-json\/wp\/v2\/ajde_events"}],"about":[{"href":"https:\/\/www.foment.com\/es\/wp-json\/wp\/v2\/types\/ajde_events"}],"author":[{"embeddable":true,"href":"https:\/\/www.foment.com\/es\/wp-json\/wp\/v2\/users\/13"}],"replies":[{"embeddable":true,"href":"https:\/\/www.foment.com\/es\/wp-json\/wp\/v2\/comments?post=92678"}],"wp:featuredmedia":[{"embeddable":true,"href":"https:\/\/www.foment.com\/es\/wp-json\/wp\/v2\/media\/91059"}],"wp:attachment":[{"href":"https:\/\/www.foment.com\/es\/wp-json\/wp\/v2\/media?parent=92678"}],"wp:term":[{"taxonomy":"post_tag","embeddable":true,"href":"https:\/\/www.foment.com\/es\/wp-json\/wp\/v2\/tags?post=92678"},{"taxonomy":"event_type","embeddable":true,"href":"https:\/\/www.foment.com\/es\/wp-json\/wp\/v2\/event_type?post=92678"},{"taxonomy":"event_type_2","embeddable":true,"href":"https:\/\/www.foment.com\/es\/wp-json\/wp\/v2\/event_type_2?post=92678"}],"curies":[{"name":"wp","href":"https:\/\/api.w.org\/{rel}","templated":true}]}}

<p><a href="https://www.foment.com/wp-content/uploads/2020/06/Gris-Oscuro-Armario-Rebajas-Sencillo-Publicación-Instagram.png"><img loading="lazy" class="alignnone size-full wp-image-92683" src="https://www.foment.com/wp-content/uploads/2020/06/Gris-Oscuro-Armario-Rebajas-Sencillo-Publicación-Instagram.png" alt="" width="1080" height="1080" /></a></p>
<p><span style="color: #800000;">PROGRAMA</span></p>
<p>&nbsp;</p>
<p><em>Presentación de la Jornada:</em></p>
<p><strong>Ernest Quingles &#8211; </strong>Presidente de la Comisión Internacional &#8211; Foment del Treball<br />
<strong>Antonio García</strong> &#8211; Cónsul General del Perú en Barcelona<br />
<strong>Carlos Guimet </strong>&#8211; Presidente de la Cámara de Comercio Perú en España (CCPE)</p>
<p><em>Presentación del país</em><br />
<strong>Aurelia Ramírez </strong>&#8211; Gerente CCPE</p>
<p><em>Oportunidades de negocio Post Crisis</em><br />
<strong>Joan Manuel Barrena</strong> &#8211; Consejero Económico Comercial OCEX</p>
<p><em>Novedades Legislativas que afectan a las empresas tanto peruanas como españolas con interés en el mercado peruano</em><br />
<strong>Aldo Reggiardo Denegri</strong> &#8211; Socio Perú CUATRECASAS</p>
<p><em>Herramientas financieras</em><br />
<strong>Ana Martínez González</strong> &#8211; Jefa de Mediación con Entidades Financieras ICO</p>
<p>Moderador:  <strong>Juan Millan</strong> &#8211; Delegado CCPE</p>
