{"id":96914,"date":"2020-09-08T10:55:15","date_gmt":"2020-09-08T08:55:15","guid":{"rendered":"https:\/\/www.foment.com\/events\/novedades-y-projectos-legislativos-160920\/"},"modified":"2020-09-15T09:31:55","modified_gmt":"2020-09-15T07:31:55","slug":"novedades-y-projectos-legislativos-160920","status":"publish","type":"ajde_events","link":"https:\/\/www.foment.com\/es\/events\/novedades-y-projectos-legislativos-160920\/","title":{"rendered":"NOVEDADES Y PROYECTOS LEGISLATIVOS"},"content":{"rendered":"<section class=\"wpb-content-wrapper\"><p>[vc_row][vc_column][vc_column_text]<span style=\"color: #c10000;\">Novedades y Proyectos Legislativos<\/span><\/p>\n<p><span style=\"color: #c10000;\">09:00 h.\u00a0 \u00a0Apertura Webinar<\/span><\/p>\n<p><span style=\"color: #c10000;\">09:10 h.\u00a0 \u00a0Presentaci\u00f3n a cargo del Vicepresidente de la Comisi\u00f3n de Econom\u00eda y Fiscalidad de Foment del Treball<\/span><\/p>\n<p>Sr. Jaume Men\u00e9ndez<\/p>\n<p><span style=\"color: #c10000;\">09:15 h.\u00a0 \u00a0Intervenci\u00f3n del Director General de la Agencia Tributaria &#8211; AEAT<\/span><\/p>\n<p>Sr. Jes\u00fas Gasc\u00f3n<\/p>\n<p><span style=\"color: #c10000;\">10:00 h. a 10:15 h. &#8211; Coloquio<\/span><\/p>\n<p>Sr. Valent\u00ed Pich<\/p>\n<p>&nbsp;<\/p>\n<ul>\n<li><em>Al finalizar el Debate Fiscal se celebrar\u00e1 la Comisi\u00f3n de Econom\u00eda y Fiscalidad de Foment del Treball, del que le haremos llegar, si es miembro, su Orden del D\u00eda<\/em><\/li>\n<\/ul>\n<p>[\/vc_column_text][\/vc_column][\/vc_row][vc_row][vc_column width=\u00bb1\/3&#8243;][\/vc_column][vc_column width=\u00bb1\/3&#8243;]<div class=\"single_image wpb_content_element align-center    \" data-animation=\"none\" data-delay=\"0\"><img width=\"165\" height=\"74\" src=\"https:\/\/www.foment.com\/wp-content\/uploads\/2020\/09\/logo-Naturgy.png\" class=\"attachment-full\" alt=\"\" loading=\"lazy\" title=\"logo Naturgy\" \/><\/div>[\/vc_column][vc_column width=\u00bb1\/3&#8243;][\/vc_column][\/vc_row]<\/p>\n<\/section>","protected":false},"author":24,"featured_media":94608,"menu_order":0,"comment_status":"closed","ping_status":"closed","template":"","meta":{"_links_to":"","_links_to_target":""},"tags":[],"event_type":[],"event_type_2":[],"acf":[],"_links":{"self":[{"href":"https:\/\/www.foment.com\/es\/wp-json\/wp\/v2\/ajde_events\/96914"}],"collection":[{"href":"https:\/\/www.foment.com\/es\/wp-json\/wp\/v2\/ajde_events"}],"about":[{"href":"https:\/\/www.foment.com\/es\/wp-json\/wp\/v2\/types\/ajde_events"}],"author":[{"embeddable":true,"href":"https:\/\/www.foment.com\/es\/wp-json\/wp\/v2\/users\/24"}],"replies":[{"embeddable":true,"href":"https:\/\/www.foment.com\/es\/wp-json\/wp\/v2\/comments?post=96914"}],"wp:featuredmedia":[{"embeddable":true,"href":"https:\/\/www.foment.com\/es\/wp-json\/wp\/v2\/media\/94608"}],"wp:attachment":[{"href":"https:\/\/www.foment.com\/es\/wp-json\/wp\/v2\/media?parent=96914"}],"wp:term":[{"taxonomy":"post_tag","embeddable":true,"href":"https:\/\/www.foment.com\/es\/wp-json\/wp\/v2\/tags?post=96914"},{"taxonomy":"event_type","embeddable":true,"href":"https:\/\/www.foment.com\/es\/wp-json\/wp\/v2\/event_type?post=96914"},{"taxonomy":"event_type_2","embeddable":true,"href":"https:\/\/www.foment.com\/es\/wp-json\/wp\/v2\/event_type_2?post=96914"}],"curies":[{"name":"wp","href":"https:\/\/api.w.org\/{rel}","templated":true}]}}

<section class="wpb-content-wrapper"><p>[vc_row][vc_column][vc_column_text]<span style="color: #c10000;">Novedades y Proyectos Legislativos</span></p>
<p><span style="color: #c10000;">09:00 h.   Apertura Webinar</span></p>
<p><span style="color: #c10000;">09:10 h.   Presentación a cargo del Vicepresidente de la Comisión de Economía y Fiscalidad de Foment del Treball</span></p>
<p>Sr. Jaume Menéndez</p>
<p><span style="color: #c10000;">09:15 h.   Intervención del Director General de la Agencia Tributaria &#8211; AEAT</span></p>
<p>Sr. Jesús Gascón</p>
<p><span style="color: #c10000;">10:00 h. a 10:15 h. &#8211; Coloquio</span></p>
<p>Sr. Valentí Pich</p>
<p>&nbsp;</p>
<ul>
<li><em>Al finalizar el Debate Fiscal se celebrará la Comisión de Economía y Fiscalidad de Foment del Treball, del que le haremos llegar, si es miembro, su Orden del Día</em></li>
</ul>
<p>[/vc_column_text][/vc_column][/vc_row][vc_row][vc_column width=»1/3&#8243;][/vc_column][vc_column width=»1/3&#8243;]<div class="single_image wpb_content_element align-center    " data-animation="none" data-delay="0"><img width="165" height="74" src="https://www.foment.com/wp-content/uploads/2020/09/logo-Naturgy.png" class="attachment-full" alt="" loading="lazy" title="logo Naturgy" /></div>[/vc_column][vc_column width=»1/3&#8243;][/vc_column][/vc_row]</p>
</section>
