{"id":187725,"date":"2024-07-11T14:55:00","date_gmt":"2024-07-11T12:55:00","guid":{"rendered":"https:\/\/www.foment.com\/?page_id=187725"},"modified":"2024-07-15T11:38:32","modified_gmt":"2024-07-15T09:38:32","slug":"presenta-candidatura-antes-31-julio-xvii-edicion-premios-y-medallas-honor-foment","status":"publish","type":"page","link":"https:\/\/www.foment.com\/es\/presenta-candidatura-antes-31-julio-xvii-edicion-premios-y-medallas-honor-foment\/","title":{"rendered":""},"content":{"rendered":"<section class=\"wpb-content-wrapper\"><p>[vc_row type=\u00bbfull_width_section\u00bb][vc_column width=\u00bb1\/1&#8243;]<div class=\"single_image wpb_content_element align-left    \" data-animation=\"none\" data-delay=\"0\"><a href=\"https:\/\/www.foment.com\/bases-i-proposta-de-candidatura\/\" target=\"_self\"><img width=\"2560\" height=\"996\" src=\"https:\/\/www.foment.com\/wp-content\/uploads\/2024\/07\/adaptacions_cabecera_web_CAST-scaled.jpg\" class=\"attachment-full\" alt=\"\" loading=\"lazy\" title=\"adaptacions_cabecera_web_CAST\" srcset=\"https:\/\/www.foment.com\/wp-content\/uploads\/2024\/07\/adaptacions_cabecera_web_CAST-scaled.jpg 2560w, https:\/\/www.foment.com\/wp-content\/uploads\/2024\/07\/adaptacions_cabecera_web_CAST-300x117.jpg 300w, https:\/\/www.foment.com\/wp-content\/uploads\/2024\/07\/adaptacions_cabecera_web_CAST-1024x398.jpg 1024w, https:\/\/www.foment.com\/wp-content\/uploads\/2024\/07\/adaptacions_cabecera_web_CAST-768x299.jpg 768w, https:\/\/www.foment.com\/wp-content\/uploads\/2024\/07\/adaptacions_cabecera_web_CAST-1536x598.jpg 1536w, https:\/\/www.foment.com\/wp-content\/uploads\/2024\/07\/adaptacions_cabecera_web_CAST-2048x797.jpg 2048w\" sizes=\"(max-width: 2560px) 100vw, 2560px\" \/><\/a><\/div>[\/vc_column][\/vc_row][vc_row bg_color=\u00bb#ffffff\u00bb text_align=\u00bbcenter\u00bb top_padding=\u00bb60&#8243; bottom_padding=\u00bb40&#8243;][vc_column width=\u00bb1\/1&#8243;][vc_column_text]<\/p>\n<p style=\"text-align: center;\">\u00a1Ya queda menos para celebrar la nueva edici\u00f3n de los Premios y Medallas de Honor Foment del\u00a0 Treball!<\/p>\n<p style=\"text-align: center;\">Un a\u00f1o m\u00e1s, es momento de reconocer el talento y la dedicaci\u00f3n de las empresas y entidades catalanas. Unos galardones donde premiaremos la capacidad innovadora, la proyecci\u00f3n internacional y los \u00e9xitos de las pymes con los Premios Futuro. Y, por otro lado, reconoceremos las mejores iniciativas en responsabilidad social, en materia de igualdad y en sostenibilidad con los Premios Compromiso.<\/p>\n<p style=\"text-align: center;\">Ten\u00e9is hasta el 31 de julio para presentar candidatura y destacar a vuestra empresa en un encuentro de referencia como son los premios anuales de Foment del Treball. No dejes pasar la oportunidad.<\/p>\n<p>[\/vc_column_text]<a href=\"https:\/\/www.foment.com\/es\/bases-y-propuesta-de-candidatura\/\" target=\"_self\" class=\"button color-3 medium \" style=\"border-radius: 10px;\">PRESENTA CANDIDATURA<\/a>[\/vc_column][\/vc_row]<\/p>\n<\/section>","protected":false},"excerpt":{"rendered":"<p>[vc_row type=\u00bbfull_width_section\u00bb][vc_column width=\u00bb1\/1&#8243;][\/vc_column][\/vc_row][vc_row bg_color=\u00bb#ffffff\u00bb text_align=\u00bbcenter\u00bb top_padding=\u00bb60&#8243; bottom_padding=\u00bb40&#8243;][vc_column width=\u00bb1\/1&#8243;][vc_column_text] \u00a1Ya queda menos para celebrar la nueva edici\u00f3n de los Premios y Medallas de Honor Foment del\u00a0 Treball! Un a\u00f1o m\u00e1s, es momento de reconocer el talento y la dedicaci\u00f3n de las empresas y entidades catalanas. Unos galardones donde premiaremos la capacidad innovadora, la proyecci\u00f3n internacional y los \u00e9xitos de las pymes con los Premios Futuro. Y, por otro lado, reconoceremos las mejores iniciativas en responsabilidad social, en materia de igualdad y en sostenibilidad con los Premios Compromiso. Ten\u00e9is hasta el 31 de julio para presentar candidatura y destacar a vuestra empresa en un encuentro de referencia como son los premios anuales de Foment del Treball. No dejes pasar la oportunidad. [\/vc_column_text][\/vc_column][\/vc_row]<\/p>\n","protected":false},"author":10,"featured_media":0,"parent":0,"menu_order":0,"comment_status":"closed","ping_status":"closed","template":"","meta":{"_links_to":"","_links_to_target":""},"acf":[],"wps_subtitle":"","_links":{"self":[{"href":"https:\/\/www.foment.com\/es\/wp-json\/wp\/v2\/pages\/187725"}],"collection":[{"href":"https:\/\/www.foment.com\/es\/wp-json\/wp\/v2\/pages"}],"about":[{"href":"https:\/\/www.foment.com\/es\/wp-json\/wp\/v2\/types\/page"}],"author":[{"embeddable":true,"href":"https:\/\/www.foment.com\/es\/wp-json\/wp\/v2\/users\/10"}],"replies":[{"embeddable":true,"href":"https:\/\/www.foment.com\/es\/wp-json\/wp\/v2\/comments?post=187725"}],"version-history":[{"count":3,"href":"https:\/\/www.foment.com\/es\/wp-json\/wp\/v2\/pages\/187725\/revisions"}],"predecessor-version":[{"id":187802,"href":"https:\/\/www.foment.com\/es\/wp-json\/wp\/v2\/pages\/187725\/revisions\/187802"}],"wp:attachment":[{"href":"https:\/\/www.foment.com\/es\/wp-json\/wp\/v2\/media?parent=187725"}],"curies":[{"name":"wp","href":"https:\/\/api.w.org\/{rel}","templated":true}]}}

<section class="wpb-content-wrapper"><p>[vc_row type=»full_width_section»][vc_column width=»1/1&#8243;]<div class="single_image wpb_content_element align-left    " data-animation="none" data-delay="0"><a href="https://www.foment.com/bases-i-proposta-de-candidatura/" target="_self"><img width="2560" height="996" src="https://www.foment.com/wp-content/uploads/2024/07/adaptacions_cabecera_web_CAST-scaled.jpg" class="attachment-full" alt="" loading="lazy" title="adaptacions_cabecera_web_CAST" srcset="https://www.foment.com/wp-content/uploads/2024/07/adaptacions_cabecera_web_CAST-scaled.jpg 2560w, https://www.foment.com/wp-content/uploads/2024/07/adaptacions_cabecera_web_CAST-300x117.jpg 300w, https://www.foment.com/wp-content/uploads/2024/07/adaptacions_cabecera_web_CAST-1024x398.jpg 1024w, https://www.foment.com/wp-content/uploads/2024/07/adaptacions_cabecera_web_CAST-768x299.jpg 768w, https://www.foment.com/wp-content/uploads/2024/07/adaptacions_cabecera_web_CAST-1536x598.jpg 1536w, https://www.foment.com/wp-content/uploads/2024/07/adaptacions_cabecera_web_CAST-2048x797.jpg 2048w" sizes="(max-width: 2560px) 100vw, 2560px" /></a></div>[/vc_column][/vc_row][vc_row bg_color=»#ffffff» text_align=»center» top_padding=»60&#8243; bottom_padding=»40&#8243;][vc_column width=»1/1&#8243;][vc_column_text]</p>
<p style="text-align: center;">¡Ya queda menos para celebrar la nueva edición de los Premios y Medallas de Honor Foment del  Treball!</p>
<p style="text-align: center;">Un año más, es momento de reconocer el talento y la dedicación de las empresas y entidades catalanas. Unos galardones donde premiaremos la capacidad innovadora, la proyección internacional y los éxitos de las pymes con los Premios Futuro. Y, por otro lado, reconoceremos las mejores iniciativas en responsabilidad social, en materia de igualdad y en sostenibilidad con los Premios Compromiso.</p>
<p style="text-align: center;">Tenéis hasta el 31 de julio para presentar candidatura y destacar a vuestra empresa en un encuentro de referencia como son los premios anuales de Foment del Treball. No dejes pasar la oportunidad.</p>
<p>[/vc_column_text]<a href="https://www.foment.com/es/bases-y-propuesta-de-candidatura/" target="_self" class="button color-3 medium " style="border-radius: 10px;">PRESENTA CANDIDATURA</a>[/vc_column][/vc_row]</p>
</section>

<p>[vc_row type=»full_width_section»][vc_column width=»1/1&#8243;][/vc_column][/vc_row][vc_row bg_color=»#ffffff» text_align=»center» top_padding=»60&#8243; bottom_padding=»40&#8243;][vc_column width=»1/1&#8243;][vc_column_text] ¡Ya queda menos para celebrar la nueva edición de los Premios y Medallas de Honor Foment del  Treball! Un año más, es momento de reconocer el talento y la dedicación de las empresas y entidades catalanas. Unos galardones donde premiaremos la capacidad innovadora, la proyección internacional y los éxitos de las pymes con los Premios Futuro. Y, por otro lado, reconoceremos las mejores iniciativas en responsabilidad social, en materia de igualdad y en sostenibilidad con los Premios Compromiso. Tenéis hasta el 31 de julio para presentar candidatura y destacar a vuestra empresa en un encuentro de referencia como son los premios anuales de Foment del Treball. No dejes pasar la oportunidad. [/vc_column_text][/vc_column][/vc_row]</p>
