{"id":200539,"date":"2025-04-15T09:34:45","date_gmt":"2025-04-15T07:34:45","guid":{"rendered":"https:\/\/www.foment.com\/?page_id=200539"},"modified":"2026-03-06T11:11:46","modified_gmt":"2026-03-06T10:11:46","slug":"jessica-martin","status":"publish","type":"page","link":"https:\/\/www.foment.com\/es\/actividades\/foro-recursos-humanos\/jessica-martin\/","title":{"rendered":"J\u00e9ssica Mart\u00edn"},"content":{"rendered":"<section class=\"wpb-content-wrapper\"><p>[vc_row top_padding=\u00bb60&#8243; bottom_padding=\u00bb60&#8243;][vc_column width=\u00bb1\/1&#8243;][vc_row_inner][vc_column_inner width=\u00bb1\/3&#8243;]<div class=\"imagebox wpb_content_element style-1\"><div class=\"imagebox-img\"><img src=\"https:\/\/www.foment.com\/wp-content\/uploads\/2026\/03\/Jessica-Martin.jpg\" alt=\"\" \/><\/div>Abrazo la vida con la curiosidad y el inconformismo de mis hijos, pero con la prudencia y la dedicaci\u00f3n que aprend\u00ed de mis padres, buscando el equilibrio entre so\u00f1ar en grande y pisar con sentido cada paso<\/div>[vc_column_text]<div class=\"social-icon social-big\"><a href=\"#\" target=\"_blank\" title=\"\"><i class=\"fa fa-linkedin\"><\/i><\/a><\/div>[\/vc_column_text][\/vc_column_inner][vc_column_inner width=\u00bb2\/3&#8243;]<h3 class=\"headline font-special fontsize-m fontweight-inherit lh-inherit align-left transform-inherit \" style=\"margin: 0 0 20px 0; color: #000000;\">Directora de Personas Espa\u00f1a en Molins<\/h3>[vc_column_text]<span style=\"color: #ab192d;\"><strong>BIOGRAF\u00cdA<\/strong><\/span><\/p>\n<p>Nac\u00ed el d\u00eda del agua, elemento que no solo nos da vida, sino que tambi\u00e9n nos conecta, nos transforma y refleja una forma \u00e9tica de estar en el mundo. Y estoy convencida que esto marc\u00f3 mi persona.<\/p>\n<p>Me considero una apasionada de los Recursos Humanos y del mundo de la empresa. Llevo m\u00e1s de 20 a\u00f1os acompa\u00f1ando a personas en su desarrollo y transformando equipos. La mayor parte de este tiempo ha sido en Molins, donde yo misma he podido crecer y evolucionar, tanto personal como profesionalmente, gracias a la confianza que han depositado en m\u00ed y a la oportunidad de liderar proyectos tan apasionantes como retadores. Actualmente dirijo la funci\u00f3n de Recursos Humanos para Espa\u00f1a.<\/p>\n<p>Licenciada en Ciencias del Trabajo y Diplomada en Relaciones del Trabajo por la Universidad de Barcelona UB. Postgrado en Desarrollo del Talento en las Organizaciones por IL3 Universidad de Barcelona. Executive Leadership Programme por ESADE para altos potenciales de Molins.<\/p>\n<p>A lo largo de mi trayectoria profesional he liderado proyectos transformadores de cambio cultural, desarrollo del talento y construcci\u00f3n de entornos laborales m\u00e1s inclusivos y humanos. Porque, velar por la diversidad no es solo un compromiso, es una responsabilidad. Desde nuestra funci\u00f3n, tenemos la misi\u00f3n de construir entornos inclusivos donde cada persona se sienta valorada, respetada y pueda aportar su talento en toda su singularidad y en igualdad de condiciones.<\/p>\n<p>Disfruto profundamente generando impacto desde las personas, ayudando a crear culturas organizativas que inspiran, retienen y hacen brillar lo mejor de cada uno.<\/p>\n<p>Y esta vocaci\u00f3n la combino con mi mayor proyecto personal: mi familia. Me vuelco en cuerpo y alma con ellos, especialmente con mis dos hijos, que llenan mis d\u00edas de luz, color y un amor que no se puede explicar con palabras. Ellos son mi motor y mi mayor fuente de inspiraci\u00f3n, record\u00e1ndome cada d\u00eda lo importante que es vivir con prop\u00f3sito, empat\u00eda y autenticidad.<\/p>\n<p>[\/vc_column_text][\/vc_column_inner][\/vc_row_inner][\/vc_column][\/vc_row][vc_row][vc_column width=\u00bb1\/1&#8243;][\/vc_column][\/vc_row]<\/p>\n<\/section>","protected":false},"excerpt":{"rendered":"<p>[vc_row top_padding=\u00bb60&#8243; bottom_padding=\u00bb60&#8243;][vc_column width=\u00bb1\/1&#8243;][vc_row_inner][vc_column_inner width=\u00bb1\/3&#8243;][vc_column_text][\/vc_column_text][\/vc_column_inner][vc_column_inner width=\u00bb2\/3&#8243;][vc_column_text]BIOGRAF\u00cdA Nac\u00ed el d\u00eda del agua, elemento que no solo nos da vida, sino que tambi\u00e9n nos conecta, nos transforma y refleja una forma \u00e9tica de estar en el mundo. Y estoy convencida que esto marc\u00f3 mi persona. Me considero una apasionada de los Recursos Humanos y del mundo de la empresa. Llevo m\u00e1s de 20 a\u00f1os acompa\u00f1ando a personas en su desarrollo y transformando equipos. La mayor parte de este tiempo ha sido en Molins, donde yo misma he podido crecer y evolucionar, tanto personal como profesionalmente, gracias a la confianza que han depositado en m\u00ed y a la oportunidad de liderar proyectos tan apasionantes como retadores. Actualmente dirijo la funci\u00f3n de Recursos Humanos para Espa\u00f1a. Licenciada en Ciencias del Trabajo y Diplomada en Relaciones del Trabajo por la Universidad de Barcelona UB. Postgrado en Desarrollo del Talento en las Organizaciones por IL3 Universidad de Barcelona. Executive Leadership Programme por ESADE para altos potenciales de Molins. A lo largo de mi trayectoria profesional he liderado proyectos transformadores de cambio cultural, desarrollo del talento y construcci\u00f3n de entornos laborales m\u00e1s inclusivos y humanos. Porque, velar por la diversidad no es solo un compromiso, es una [&hellip;]<\/p>\n","protected":false},"author":7,"featured_media":0,"parent":20441,"menu_order":0,"comment_status":"closed","ping_status":"closed","template":"","meta":{"_links_to":"","_links_to_target":""},"acf":[],"wps_subtitle":"","_links":{"self":[{"href":"https:\/\/www.foment.com\/es\/wp-json\/wp\/v2\/pages\/200539"}],"collection":[{"href":"https:\/\/www.foment.com\/es\/wp-json\/wp\/v2\/pages"}],"about":[{"href":"https:\/\/www.foment.com\/es\/wp-json\/wp\/v2\/types\/page"}],"author":[{"embeddable":true,"href":"https:\/\/www.foment.com\/es\/wp-json\/wp\/v2\/users\/7"}],"replies":[{"embeddable":true,"href":"https:\/\/www.foment.com\/es\/wp-json\/wp\/v2\/comments?post=200539"}],"version-history":[{"count":6,"href":"https:\/\/www.foment.com\/es\/wp-json\/wp\/v2\/pages\/200539\/revisions"}],"predecessor-version":[{"id":215750,"href":"https:\/\/www.foment.com\/es\/wp-json\/wp\/v2\/pages\/200539\/revisions\/215750"}],"up":[{"embeddable":true,"href":"https:\/\/www.foment.com\/es\/wp-json\/wp\/v2\/pages\/20441"}],"wp:attachment":[{"href":"https:\/\/www.foment.com\/es\/wp-json\/wp\/v2\/media?parent=200539"}],"curies":[{"name":"wp","href":"https:\/\/api.w.org\/{rel}","templated":true}]}}

Jéssica Martín

<section class="wpb-content-wrapper"><p>[vc_row top_padding=»60&#8243; bottom_padding=»60&#8243;][vc_column width=»1/1&#8243;][vc_row_inner][vc_column_inner width=»1/3&#8243;]<div class="imagebox wpb_content_element style-1"><div class="imagebox-img"><img src="https://www.foment.com/wp-content/uploads/2026/03/Jessica-Martin.jpg" alt="" /></div>Abrazo la vida con la curiosidad y el inconformismo de mis hijos, pero con la prudencia y la dedicación que aprendí de mis padres, buscando el equilibrio entre soñar en grande y pisar con sentido cada paso</div>[vc_column_text]<div class="social-icon social-big"><a href="#" target="_blank" title=""><i class="fa fa-linkedin"></i></a></div>[/vc_column_text][/vc_column_inner][vc_column_inner width=»2/3&#8243;]<h3 class="headline font-special fontsize-m fontweight-inherit lh-inherit align-left transform-inherit " style="margin: 0 0 20px 0; color: #000000;">Directora de Personas España en Molins</h3>[vc_column_text]<span style="color: #ab192d;"><strong>BIOGRAFÍA</strong></span></p>
<p>Nací el día del agua, elemento que no solo nos da vida, sino que también nos conecta, nos transforma y refleja una forma ética de estar en el mundo. Y estoy convencida que esto marcó mi persona.</p>
<p>Me considero una apasionada de los Recursos Humanos y del mundo de la empresa. Llevo más de 20 años acompañando a personas en su desarrollo y transformando equipos. La mayor parte de este tiempo ha sido en Molins, donde yo misma he podido crecer y evolucionar, tanto personal como profesionalmente, gracias a la confianza que han depositado en mí y a la oportunidad de liderar proyectos tan apasionantes como retadores. Actualmente dirijo la función de Recursos Humanos para España.</p>
<p>Licenciada en Ciencias del Trabajo y Diplomada en Relaciones del Trabajo por la Universidad de Barcelona UB. Postgrado en Desarrollo del Talento en las Organizaciones por IL3 Universidad de Barcelona. Executive Leadership Programme por ESADE para altos potenciales de Molins.</p>
<p>A lo largo de mi trayectoria profesional he liderado proyectos transformadores de cambio cultural, desarrollo del talento y construcción de entornos laborales más inclusivos y humanos. Porque, velar por la diversidad no es solo un compromiso, es una responsabilidad. Desde nuestra función, tenemos la misión de construir entornos inclusivos donde cada persona se sienta valorada, respetada y pueda aportar su talento en toda su singularidad y en igualdad de condiciones.</p>
<p>Disfruto profundamente generando impacto desde las personas, ayudando a crear culturas organizativas que inspiran, retienen y hacen brillar lo mejor de cada uno.</p>
<p>Y esta vocación la combino con mi mayor proyecto personal: mi familia. Me vuelco en cuerpo y alma con ellos, especialmente con mis dos hijos, que llenan mis días de luz, color y un amor que no se puede explicar con palabras. Ellos son mi motor y mi mayor fuente de inspiración, recordándome cada día lo importante que es vivir con propósito, empatía y autenticidad.</p>
<p>[/vc_column_text][/vc_column_inner][/vc_row_inner][/vc_column][/vc_row][vc_row][vc_column width=»1/1&#8243;][/vc_column][/vc_row]</p>
</section>

<p>[vc_row top_padding=»60&#8243; bottom_padding=»60&#8243;][vc_column width=»1/1&#8243;][vc_row_inner][vc_column_inner width=»1/3&#8243;][vc_column_text][/vc_column_text][/vc_column_inner][vc_column_inner width=»2/3&#8243;][vc_column_text]BIOGRAFÍA Nací el día del agua, elemento que no solo nos da vida, sino que también nos conecta, nos transforma y refleja una forma ética de estar en el mundo. Y estoy convencida que esto marcó mi persona. Me considero una apasionada de los Recursos Humanos y del mundo de la empresa. Llevo más de 20 años acompañando a personas en su desarrollo y transformando equipos. La mayor parte de este tiempo ha sido en Molins, donde yo misma he podido crecer y evolucionar, tanto personal como profesionalmente, gracias a la confianza que han depositado en mí y a la oportunidad de liderar proyectos tan apasionantes como retadores. Actualmente dirijo la función de Recursos Humanos para España. Licenciada en Ciencias del Trabajo y Diplomada en Relaciones del Trabajo por la Universidad de Barcelona UB. Postgrado en Desarrollo del Talento en las Organizaciones por IL3 Universidad de Barcelona. Executive Leadership Programme por ESADE para altos potenciales de Molins. A lo largo de mi trayectoria profesional he liderado proyectos transformadores de cambio cultural, desarrollo del talento y construcción de entornos laborales más inclusivos y humanos. Porque, velar por la diversidad no es solo un compromiso, es una [&hellip;]</p>
