{"id":201374,"date":"2025-05-12T10:15:25","date_gmt":"2025-05-12T08:15:25","guid":{"rendered":"https:\/\/www.foment.com\/?page_id=201374"},"modified":"2026-03-24T14:19:18","modified_gmt":"2026-03-24T13:19:18","slug":"laura-zapata","status":"publish","type":"page","link":"https:\/\/www.foment.com\/es\/actividades\/foro-recursos-humanos\/laura-zapata\/","title":{"rendered":"Laura Zapata"},"content":{"rendered":"<section class=\"wpb-content-wrapper\"><p>[vc_row top_padding=\u00bb60&#8243; bottom_padding=\u00bb60&#8243;][vc_column width=\u00bb1\/1&#8243;][vc_row_inner][vc_column_inner width=\u00bb1\/3&#8243;]<div class=\"imagebox wpb_content_element style-1\"><div class=\"imagebox-img\"><img src=\"https:\/\/www.foment.com\/wp-content\/uploads\/2026\/03\/Laura-Zapata-nueva.jpg\" alt=\"\" \/><\/div>Creo en el poder transformador del cambio cuando se vive con una mentalidad de crecimiento: aprender de los retos, aceptar la cr\u00edtica constructiva y dejarse inspirar por los dem\u00e1s es el camino hacia un impacto colectivo positivo.<\/div>[vc_column_text]<div class=\"social-icon social-big\"><a href=\"#\" target=\"_blank\" title=\"\"><i class=\"fa fa-linkedin\"><\/i><\/a><\/div>[\/vc_column_text][\/vc_column_inner][vc_column_inner width=\u00bb2\/3&#8243;]<h3 class=\"headline font-special fontsize-m fontweight-inherit lh-inherit align-left transform-inherit \" style=\"margin: 0 0 20px 0; color: #000000;\">Directora de Talento Corporativo en Barcelona Activa<\/p>\n<\/h3>[vc_column_text]<span style=\"color: #ab192d;\"><strong>BIOGRAF\u00cdA<\/strong><\/span><\/p>\n<p>Dejar un mundo mejor del que me he encontrado es el motor que me mueve, mi prop\u00f3sito vital. Como no puedo cambiar el mundo entero, concentro mi energ\u00eda en transformar el entorno que me rodea, apostando por un \u00e1mbito que considero esencial para generar un cambio real: la diversidad, la equidad y la inclusi\u00f3n. Creo firmemente en el poder del efecto mariposa y en c\u00f3mo peque\u00f1os gestos, bien dirigidos, pueden desencadenar grandes transformaciones.<\/p>\n<p>Soy abogada y llevo m\u00e1s de 25 a\u00f1os dedicada al \u00e1mbito de las relaciones laborales, una disciplina que he visto evolucionar hasta convertirse en un pilar estrat\u00e9gico para la competitividad y sostenibilidad de las organizaciones. Inici\u00e9 mi trayectoria en UGT. He sido mediadora del Tribunal Laboral de Catalu\u00f1a, donde trabaj\u00e9 en la resoluci\u00f3n de conflictos desde la objetividad, buscando soluciones eficaces y proporcionadas para todas las partes implicadas.<\/p>\n<p>M\u00e1s adelante, en el despacho de abogados Garrigues, brind\u00e9 asesoramiento laboral integral a empresas nacionales e internacionales.<\/p>\n<p>Actualmente, como Manager de Diversidad, Bienestar y Salud y Relaciones Laborales en el RACC, impulso pol\u00edticas de compliance laboral, inclusi\u00f3n, salud y bienestar organizacional, convencida de que las relaciones laborales son mucho m\u00e1s que normativas: son el alma que impulsa una cultura organizativa centrada en las personas. En un mundo empresarial en constante transformaci\u00f3n, creo que el verdadero desaf\u00edo es equilibrar las demandas operativas con un enfoque profundamente humano. Cuando situamos el bienestar del talento en el centro, no solo fidelizamos a los equipos: los convertimos en impulsores del cambio y la innovaci\u00f3n.[\/vc_column_text][\/vc_column_inner][\/vc_row_inner][\/vc_column][\/vc_row]<\/p>\n<\/section>","protected":false},"excerpt":{"rendered":"<p>[vc_row top_padding=\u00bb60&#8243; bottom_padding=\u00bb60&#8243;][vc_column width=\u00bb1\/1&#8243;][vc_row_inner][vc_column_inner width=\u00bb1\/3&#8243;][vc_column_text][\/vc_column_text][\/vc_column_inner][vc_column_inner width=\u00bb2\/3&#8243;][vc_column_text]BIOGRAF\u00cdA Dejar un mundo mejor del que me he encontrado es el motor que me mueve, mi prop\u00f3sito vital. Como no puedo cambiar el mundo entero, concentro mi energ\u00eda en transformar el entorno que me rodea, apostando por un \u00e1mbito que considero esencial para generar un cambio real: la diversidad, la equidad y la inclusi\u00f3n. Creo firmemente en el poder del efecto mariposa y en c\u00f3mo peque\u00f1os gestos, bien dirigidos, pueden desencadenar grandes transformaciones. Soy abogada y llevo m\u00e1s de 25 a\u00f1os dedicada al \u00e1mbito de las relaciones laborales, una disciplina que he visto evolucionar hasta convertirse en un pilar estrat\u00e9gico para la competitividad y sostenibilidad de las organizaciones. Inici\u00e9 mi trayectoria en UGT. He sido mediadora del Tribunal Laboral de Catalu\u00f1a, donde trabaj\u00e9 en la resoluci\u00f3n de conflictos desde la objetividad, buscando soluciones eficaces y proporcionadas para todas las partes implicadas. M\u00e1s adelante, en el despacho de abogados Garrigues, brind\u00e9 asesoramiento laboral integral a empresas nacionales e internacionales. Actualmente, como Manager de Diversidad, Bienestar y Salud y Relaciones Laborales en el RACC, impulso pol\u00edticas de compliance laboral, inclusi\u00f3n, salud y bienestar organizacional, convencida de que las relaciones laborales son mucho m\u00e1s que normativas: son [&hellip;]<\/p>\n","protected":false},"author":7,"featured_media":0,"parent":20441,"menu_order":0,"comment_status":"closed","ping_status":"closed","template":"","meta":{"_links_to":"","_links_to_target":""},"acf":[],"wps_subtitle":"","_links":{"self":[{"href":"https:\/\/www.foment.com\/es\/wp-json\/wp\/v2\/pages\/201374"}],"collection":[{"href":"https:\/\/www.foment.com\/es\/wp-json\/wp\/v2\/pages"}],"about":[{"href":"https:\/\/www.foment.com\/es\/wp-json\/wp\/v2\/types\/page"}],"author":[{"embeddable":true,"href":"https:\/\/www.foment.com\/es\/wp-json\/wp\/v2\/users\/7"}],"replies":[{"embeddable":true,"href":"https:\/\/www.foment.com\/es\/wp-json\/wp\/v2\/comments?post=201374"}],"version-history":[{"count":3,"href":"https:\/\/www.foment.com\/es\/wp-json\/wp\/v2\/pages\/201374\/revisions"}],"predecessor-version":[{"id":216950,"href":"https:\/\/www.foment.com\/es\/wp-json\/wp\/v2\/pages\/201374\/revisions\/216950"}],"up":[{"embeddable":true,"href":"https:\/\/www.foment.com\/es\/wp-json\/wp\/v2\/pages\/20441"}],"wp:attachment":[{"href":"https:\/\/www.foment.com\/es\/wp-json\/wp\/v2\/media?parent=201374"}],"curies":[{"name":"wp","href":"https:\/\/api.w.org\/{rel}","templated":true}]}}

<section class="wpb-content-wrapper"><p>[vc_row top_padding=»60&#8243; bottom_padding=»60&#8243;][vc_column width=»1/1&#8243;][vc_row_inner][vc_column_inner width=»1/3&#8243;]<div class="imagebox wpb_content_element style-1"><div class="imagebox-img"><img src="https://www.foment.com/wp-content/uploads/2026/03/Laura-Zapata-nueva.jpg" alt="" /></div>Creo en el poder transformador del cambio cuando se vive con una mentalidad de crecimiento: aprender de los retos, aceptar la crítica constructiva y dejarse inspirar por los demás es el camino hacia un impacto colectivo positivo.</div>[vc_column_text]<div class="social-icon social-big"><a href="#" target="_blank" title=""><i class="fa fa-linkedin"></i></a></div>[/vc_column_text][/vc_column_inner][vc_column_inner width=»2/3&#8243;]<h3 class="headline font-special fontsize-m fontweight-inherit lh-inherit align-left transform-inherit " style="margin: 0 0 20px 0; color: #000000;">Directora de Talento Corporativo en Barcelona Activa</p>
</h3>[vc_column_text]<span style="color: #ab192d;"><strong>BIOGRAFÍA</strong></span></p>
<p>Dejar un mundo mejor del que me he encontrado es el motor que me mueve, mi propósito vital. Como no puedo cambiar el mundo entero, concentro mi energía en transformar el entorno que me rodea, apostando por un ámbito que considero esencial para generar un cambio real: la diversidad, la equidad y la inclusión. Creo firmemente en el poder del efecto mariposa y en cómo pequeños gestos, bien dirigidos, pueden desencadenar grandes transformaciones.</p>
<p>Soy abogada y llevo más de 25 años dedicada al ámbito de las relaciones laborales, una disciplina que he visto evolucionar hasta convertirse en un pilar estratégico para la competitividad y sostenibilidad de las organizaciones. Inicié mi trayectoria en UGT. He sido mediadora del Tribunal Laboral de Cataluña, donde trabajé en la resolución de conflictos desde la objetividad, buscando soluciones eficaces y proporcionadas para todas las partes implicadas.</p>
<p>Más adelante, en el despacho de abogados Garrigues, brindé asesoramiento laboral integral a empresas nacionales e internacionales.</p>
<p>Actualmente, como Manager de Diversidad, Bienestar y Salud y Relaciones Laborales en el RACC, impulso políticas de compliance laboral, inclusión, salud y bienestar organizacional, convencida de que las relaciones laborales son mucho más que normativas: son el alma que impulsa una cultura organizativa centrada en las personas. En un mundo empresarial en constante transformación, creo que el verdadero desafío es equilibrar las demandas operativas con un enfoque profundamente humano. Cuando situamos el bienestar del talento en el centro, no solo fidelizamos a los equipos: los convertimos en impulsores del cambio y la innovación.[/vc_column_text][/vc_column_inner][/vc_row_inner][/vc_column][/vc_row]</p>
</section>

<p>[vc_row top_padding=»60&#8243; bottom_padding=»60&#8243;][vc_column width=»1/1&#8243;][vc_row_inner][vc_column_inner width=»1/3&#8243;][vc_column_text][/vc_column_text][/vc_column_inner][vc_column_inner width=»2/3&#8243;][vc_column_text]BIOGRAFÍA Dejar un mundo mejor del que me he encontrado es el motor que me mueve, mi propósito vital. Como no puedo cambiar el mundo entero, concentro mi energía en transformar el entorno que me rodea, apostando por un ámbito que considero esencial para generar un cambio real: la diversidad, la equidad y la inclusión. Creo firmemente en el poder del efecto mariposa y en cómo pequeños gestos, bien dirigidos, pueden desencadenar grandes transformaciones. Soy abogada y llevo más de 25 años dedicada al ámbito de las relaciones laborales, una disciplina que he visto evolucionar hasta convertirse en un pilar estratégico para la competitividad y sostenibilidad de las organizaciones. Inicié mi trayectoria en UGT. He sido mediadora del Tribunal Laboral de Cataluña, donde trabajé en la resolución de conflictos desde la objetividad, buscando soluciones eficaces y proporcionadas para todas las partes implicadas. Más adelante, en el despacho de abogados Garrigues, brindé asesoramiento laboral integral a empresas nacionales e internacionales. Actualmente, como Manager de Diversidad, Bienestar y Salud y Relaciones Laborales en el RACC, impulso políticas de compliance laboral, inclusión, salud y bienestar organizacional, convencida de que las relaciones laborales son mucho más que normativas: son [&hellip;]</p>
