{"id":216885,"date":"2026-03-24T12:02:07","date_gmt":"2026-03-24T11:02:07","guid":{"rendered":"https:\/\/www.foment.com\/?page_id=216885"},"modified":"2026-03-24T12:02:38","modified_gmt":"2026-03-24T11:02:38","slug":"mar-vilaseca","status":"publish","type":"page","link":"https:\/\/www.foment.com\/es\/actividades\/foro-recursos-humanos\/mar-vilaseca\/","title":{"rendered":"Mar Vilaseca"},"content":{"rendered":"<section class=\"wpb-content-wrapper\"><p>[vc_row top_padding=\u00bb60&#8243; bottom_padding=\u00bb60&#8243;][vc_column width=\u00bb1\/1&#8243;][vc_row_inner][vc_column_inner width=\u00bb1\/3&#8243;]<div class=\"imagebox wpb_content_element style-1\"><div class=\"imagebox-img\"><img src=\"https:\/\/www.foment.com\/wp-content\/uploads\/2026\/03\/Mar-Vilaseca.jpg\" alt=\"\" \/><\/div>\n<blockquote>\n<div class=\"gdlr-core-pbf-element\">\n<div class=\"gdlr-core-blockquote-item gdlr-core-item-pdlr gdlr-core-item-pdb gdlr-core-center-align gdlr-core-medium-size\">\n<div class=\"gdlr-core-blockquote gdlr-core-info-font\">\n<div class=\"gdlr-core-blockquote-item-content-wrap\">\n<div class=\"gdlr-core-blockquote-item-content gdlr-core-skin-content\">\n<p>Los equipos que trabajan conmigo saben que siempre me acompa\u00f1a la m\u00edtica frase de Johan Cruyff: &#8216;<strong>Salid y disfrutad&#8217;<\/strong>. Para m\u00ed, estas palabras esconden el secreto del alto rendimiento: la responsabilidad no debe estar re\u00f1ida con el disfrute. Entiendo el trabajo como un espacio donde debemos ser capaces de comprometernos al m\u00e1ximo con el proyecto, autogestion\u00e1ndonos, pero haci\u00e9ndolo desde la ilusi\u00f3n de quien aprende, construye y se siente parte de algo m\u00e1s grande. Estoy convencida de que cuando trabajamos en un entorno donde nos permitimos disfrutar del proceso, nuestra mejor versi\u00f3n sale de manera natural y el talento se multiplica.<\/p>\n<\/div>\n<\/div>\n<\/div>\n<\/div>\n<\/div>\n<\/blockquote>\n<\/div>[vc_column_text][\/vc_column_text][\/vc_column_inner][vc_column_inner width=\u00bb2\/3&#8243;]<h3 class=\"headline font-special fontsize-m fontweight-inherit lh-inherit align-left transform-inherit \" style=\"margin: 0 0 20px 0; color: #000000;\">Sales Manager IT&amp;Digital en Randstad<\/h3>[vc_column_text]<span style=\"color: #ab192d;\"><strong>BIOGRAF\u00cdA<\/strong><\/span><\/p>\n<p>Mi mirada siempre ha estado marcada por una curiosidad profunda hacia las personas. Desde muy peque\u00f1a, me ha fascinado entender qu\u00e9 nos mueve, cu\u00e1l es el prop\u00f3sito de cada uno y, sobre todo, de qu\u00e9 manera lo que hacemos suma y aporta valor a nuestro entorno. Esta inquietud me ha llevado a preguntarme constantemente c\u00f3mo podemos transformar nuestro ecosistema a trav\u00e9s de nuestro trabajo, buscando siempre ese punto de uni\u00f3n donde las expectativas se encuentran y los problemas se convierten en oportunidades de mejora.<\/p>\n<p>Las organizaciones no dejan de ser entes abstractas. Lo que hace vivas las empresas y hace que bautizan son las personas. Por ello, mi vocaci\u00f3n se ha centrado en acompa\u00f1arlas en la b\u00fasqueda de su mejor versi\u00f3n, ayud\u00e1ndolas a dibujar el \u00abc\u00f3mo\u00bb y a creer en sus propios sue\u00f1os profesionales.<\/p>\n<p>En un entorno donde la tecnolog\u00eda avanza a un ritmo vertiginoso, estoy convencida de que este debe ser el veh\u00edculo, pero nunca el conductor; somos nosotros quienes debemos guiar la innovaci\u00f3n para transformar el mundo de manera consciente.<br \/>\nEn cuanto a mi trayectoria, soy licenciada en Psicolog\u00eda, tengo un posgrado en Innovaci\u00f3n en RRHH por Eada y no he parado nunca de formarme en aquellas \u00e1reas que m\u00e1s me interesan como el coaching, el liderazgo,&#8230; Conto con m\u00e1s de 20 a\u00f1os de experiencia en el \u00e1mbito de los recursos humanos, una profesi\u00f3n que me encontr\u00f3 a m\u00ed (y no al rev\u00e9s) y que me cautiv\u00f3 por la satisfacci\u00f3n que genera identificar y potenciar el talento y, a la vez, ayudar a las organizacion a conseguir sus objetivos mediante la incorporaci\u00f3n del talento que necesitan. Mi carrera ha estado vinculada principalmente al sector tecnol\u00f3gico. A lo largo de estos a\u00f1os he podido comprobar que nuestro trabajo puede cambiar realmente la vida de las personas. Y eso seguir\u00e1 siendo, sin lugar a dudas, mi motor.[\/vc_column_text][\/vc_column_inner][\/vc_row_inner][\/vc_column][\/vc_row][vc_row][vc_column width=\u00bb1\/1&#8243;][\/vc_column][\/vc_row]<\/p>\n<\/section>","protected":false},"excerpt":{"rendered":"<p>[vc_row top_padding=\u00bb60&#8243; bottom_padding=\u00bb60&#8243;][vc_column width=\u00bb1\/1&#8243;][vc_row_inner][vc_column_inner width=\u00bb1\/3&#8243;][vc_column_text][\/vc_column_text][\/vc_column_inner][vc_column_inner width=\u00bb2\/3&#8243;][vc_column_text]BIOGRAF\u00cdA Mi mirada siempre ha estado marcada por una curiosidad profunda hacia las personas. Desde muy peque\u00f1a, me ha fascinado entender qu\u00e9 nos mueve, cu\u00e1l es el prop\u00f3sito de cada uno y, sobre todo, de qu\u00e9 manera lo que hacemos suma y aporta valor a nuestro entorno. Esta inquietud me ha llevado a preguntarme constantemente c\u00f3mo podemos transformar nuestro ecosistema a trav\u00e9s de nuestro trabajo, buscando siempre ese punto de uni\u00f3n donde las expectativas se encuentran y los problemas se convierten en oportunidades de mejora. Las organizaciones no dejan de ser entes abstractas. Lo que hace vivas las empresas y hace que bautizan son las personas. Por ello, mi vocaci\u00f3n se ha centrado en acompa\u00f1arlas en la b\u00fasqueda de su mejor versi\u00f3n, ayud\u00e1ndolas a dibujar el \u00abc\u00f3mo\u00bb y a creer en sus propios sue\u00f1os profesionales. En un entorno donde la tecnolog\u00eda avanza a un ritmo vertiginoso, estoy convencida de que este debe ser el veh\u00edculo, pero nunca el conductor; somos nosotros quienes debemos guiar la innovaci\u00f3n para transformar el mundo de manera consciente. En cuanto a mi trayectoria, soy licenciada en Psicolog\u00eda, tengo un posgrado en Innovaci\u00f3n en RRHH por Eada y no he parado [&hellip;]<\/p>\n","protected":false},"author":7,"featured_media":0,"parent":20441,"menu_order":0,"comment_status":"closed","ping_status":"closed","template":"","meta":{"_links_to":"","_links_to_target":""},"acf":[],"wps_subtitle":"","_links":{"self":[{"href":"https:\/\/www.foment.com\/es\/wp-json\/wp\/v2\/pages\/216885"}],"collection":[{"href":"https:\/\/www.foment.com\/es\/wp-json\/wp\/v2\/pages"}],"about":[{"href":"https:\/\/www.foment.com\/es\/wp-json\/wp\/v2\/types\/page"}],"author":[{"embeddable":true,"href":"https:\/\/www.foment.com\/es\/wp-json\/wp\/v2\/users\/7"}],"replies":[{"embeddable":true,"href":"https:\/\/www.foment.com\/es\/wp-json\/wp\/v2\/comments?post=216885"}],"version-history":[{"count":3,"href":"https:\/\/www.foment.com\/es\/wp-json\/wp\/v2\/pages\/216885\/revisions"}],"predecessor-version":[{"id":216893,"href":"https:\/\/www.foment.com\/es\/wp-json\/wp\/v2\/pages\/216885\/revisions\/216893"}],"up":[{"embeddable":true,"href":"https:\/\/www.foment.com\/es\/wp-json\/wp\/v2\/pages\/20441"}],"wp:attachment":[{"href":"https:\/\/www.foment.com\/es\/wp-json\/wp\/v2\/media?parent=216885"}],"curies":[{"name":"wp","href":"https:\/\/api.w.org\/{rel}","templated":true}]}}

<section class="wpb-content-wrapper"><p>[vc_row top_padding=»60&#8243; bottom_padding=»60&#8243;][vc_column width=»1/1&#8243;][vc_row_inner][vc_column_inner width=»1/3&#8243;]<div class="imagebox wpb_content_element style-1"><div class="imagebox-img"><img src="https://www.foment.com/wp-content/uploads/2026/03/Mar-Vilaseca.jpg" alt="" /></div>
<blockquote>
<div class="gdlr-core-pbf-element">
<div class="gdlr-core-blockquote-item gdlr-core-item-pdlr gdlr-core-item-pdb gdlr-core-center-align gdlr-core-medium-size">
<div class="gdlr-core-blockquote gdlr-core-info-font">
<div class="gdlr-core-blockquote-item-content-wrap">
<div class="gdlr-core-blockquote-item-content gdlr-core-skin-content">
<p>Los equipos que trabajan conmigo saben que siempre me acompaña la mítica frase de Johan Cruyff: &#8216;<strong>Salid y disfrutad&#8217;</strong>. Para mí, estas palabras esconden el secreto del alto rendimiento: la responsabilidad no debe estar reñida con el disfrute. Entiendo el trabajo como un espacio donde debemos ser capaces de comprometernos al máximo con el proyecto, autogestionándonos, pero haciéndolo desde la ilusión de quien aprende, construye y se siente parte de algo más grande. Estoy convencida de que cuando trabajamos en un entorno donde nos permitimos disfrutar del proceso, nuestra mejor versión sale de manera natural y el talento se multiplica.</p>
</div>
</div>
</div>
</div>
</div>
</blockquote>
</div>[vc_column_text][/vc_column_text][/vc_column_inner][vc_column_inner width=»2/3&#8243;]<h3 class="headline font-special fontsize-m fontweight-inherit lh-inherit align-left transform-inherit " style="margin: 0 0 20px 0; color: #000000;">Sales Manager IT&amp;Digital en Randstad</h3>[vc_column_text]<span style="color: #ab192d;"><strong>BIOGRAFÍA</strong></span></p>
<p>Mi mirada siempre ha estado marcada por una curiosidad profunda hacia las personas. Desde muy pequeña, me ha fascinado entender qué nos mueve, cuál es el propósito de cada uno y, sobre todo, de qué manera lo que hacemos suma y aporta valor a nuestro entorno. Esta inquietud me ha llevado a preguntarme constantemente cómo podemos transformar nuestro ecosistema a través de nuestro trabajo, buscando siempre ese punto de unión donde las expectativas se encuentran y los problemas se convierten en oportunidades de mejora.</p>
<p>Las organizaciones no dejan de ser entes abstractas. Lo que hace vivas las empresas y hace que bautizan son las personas. Por ello, mi vocación se ha centrado en acompañarlas en la búsqueda de su mejor versión, ayudándolas a dibujar el «cómo» y a creer en sus propios sueños profesionales.</p>
<p>En un entorno donde la tecnología avanza a un ritmo vertiginoso, estoy convencida de que este debe ser el vehículo, pero nunca el conductor; somos nosotros quienes debemos guiar la innovación para transformar el mundo de manera consciente.<br />
En cuanto a mi trayectoria, soy licenciada en Psicología, tengo un posgrado en Innovación en RRHH por Eada y no he parado nunca de formarme en aquellas áreas que más me interesan como el coaching, el liderazgo,&#8230; Conto con más de 20 años de experiencia en el ámbito de los recursos humanos, una profesión que me encontró a mí (y no al revés) y que me cautivó por la satisfacción que genera identificar y potenciar el talento y, a la vez, ayudar a las organizacion a conseguir sus objetivos mediante la incorporación del talento que necesitan. Mi carrera ha estado vinculada principalmente al sector tecnológico. A lo largo de estos años he podido comprobar que nuestro trabajo puede cambiar realmente la vida de las personas. Y eso seguirá siendo, sin lugar a dudas, mi motor.[/vc_column_text][/vc_column_inner][/vc_row_inner][/vc_column][/vc_row][vc_row][vc_column width=»1/1&#8243;][/vc_column][/vc_row]</p>
</section>

<p>[vc_row top_padding=»60&#8243; bottom_padding=»60&#8243;][vc_column width=»1/1&#8243;][vc_row_inner][vc_column_inner width=»1/3&#8243;][vc_column_text][/vc_column_text][/vc_column_inner][vc_column_inner width=»2/3&#8243;][vc_column_text]BIOGRAFÍA Mi mirada siempre ha estado marcada por una curiosidad profunda hacia las personas. Desde muy pequeña, me ha fascinado entender qué nos mueve, cuál es el propósito de cada uno y, sobre todo, de qué manera lo que hacemos suma y aporta valor a nuestro entorno. Esta inquietud me ha llevado a preguntarme constantemente cómo podemos transformar nuestro ecosistema a través de nuestro trabajo, buscando siempre ese punto de unión donde las expectativas se encuentran y los problemas se convierten en oportunidades de mejora. Las organizaciones no dejan de ser entes abstractas. Lo que hace vivas las empresas y hace que bautizan son las personas. Por ello, mi vocación se ha centrado en acompañarlas en la búsqueda de su mejor versión, ayudándolas a dibujar el «cómo» y a creer en sus propios sueños profesionales. En un entorno donde la tecnología avanza a un ritmo vertiginoso, estoy convencida de que este debe ser el vehículo, pero nunca el conductor; somos nosotros quienes debemos guiar la innovación para transformar el mundo de manera consciente. En cuanto a mi trayectoria, soy licenciada en Psicología, tengo un posgrado en Innovación en RRHH por Eada y no he parado [&hellip;]</p>
