{"id":23072,"date":"2016-11-05T10:27:40","date_gmt":"2016-11-05T09:27:40","guid":{"rendered":"http:\/\/foment.itartech.com\/?page_id=23072"},"modified":"2016-11-20T17:45:47","modified_gmt":"2016-11-20T16:45:47","slug":"cuentas-2014","status":"publish","type":"page","link":"https:\/\/www.foment.com\/es\/sobre-nosotros\/cuentas-anuales\/cuentas-2014\/","title":{"rendered":"Cuentas Anuales 2014"},"content":{"rendered":"<section class=\"wpb-content-wrapper\"><p>[vc_row bottom_padding=\u00bb40&#8243;][vc_column width=\u00bb2\/3&#8243;][vc_column_text]<\/p>\n<h3 class=\"blue\">Foment del Treball consolida su buena situaci\u00f3n financiera al cerrar el 2014 con un resultado positivo<\/h3>\n<p style=\"text-align: justify;\">Las cuentas anuales de Foment del Treball del ejercicio 2014 dan un resultado positivo de 413.080 euros, lo que consolida su buena situaci\u00f3n financiera a pesar de la ca\u00edda de ingresos que ha caracterizado el \u00faltimo cuatrienio. La instituci\u00f3n ha mantenido su pol\u00edtica de racionalizaci\u00f3n y ajuste del gasto, lo que le ha permitido mantenerse en positivo a pesar de la ca\u00edda de m\u00e1s de un 60% de las aportaciones p\u00fablicas para programas formativos y t\u00e9cnicos y participaci\u00f3n de profesionales de Foment en \u00f3rganos consultivos y asesores de las Administraciones.<\/p>\n<p style=\"text-align: justify;\">Asimismo, Foment no s\u00f3lo ha mantenido sino que ha aumentado los ingresos por cuotas de asociados y por alquiler de los espacios de que dispone en su sede: por cuotas de socios y gesti\u00f3n del edificio, Foment del Treball ha ingresado durante el 2014 2.515.184 de euros. Los ingresos por alquiler de espacios de la sede han aumentado un + 28,84% durante el periodo 2011-2014 y un + 19,90% respecto del 2013.<\/p>\n<p style=\"text-align: justify;\">Durante el a\u00f1o 2014, ha continuado la tendencia en la reducci\u00f3n de aportaci\u00f3n de las Administraciones P\u00fablicas, ya sea para programas de formaci\u00f3n o t\u00e9cnicos, bien sea por la participaci\u00f3n de t\u00e9cnicos de Fomeno en \u00f3rganos consultivos o asesores de las Administraciones. En este sentido, durante el cuatrienio 2011-2014, la reducci\u00f3n ha sido de un -60,16%: &#8211; 67,10% en formaci\u00f3n; &#8211; 16,64% en programas t\u00e9cnicos; &#8211; 25,91% en la participaci\u00f3n institucional.<\/p>\n<p style=\"text-align: justify;\">Ante ello, Foment ha sostenido e incrementado su pol\u00edtica de racionalizaci\u00f3n y ajuste del gasto, con reducciones significativas en las principales partidas de la cuenta de resultados en el periodo 2011-2014: -20,97% en suministros; -6,89% En personal; -20,60% En las principales partidas de servicios exteriores.<\/p>\n<p>[\/vc_column_text][\/vc_column][vc_column text_align=\u00bbcenter\u00bb width=\u00bb1\/3&#8243;]<h1 class=\"headline font-inherit fontsize-l fontweight-inherit lh-inherit align-center transform-inherit \" style=\"margin: 0 0 20px 0;\">Consulta aqu\u00ed<\/h1><a href=\"\/es\/cuentas-anuales\/cuentas-2013\/\" target=\"_blank\" class=\"button color-2 medium \" style=\"border-radius: 2px;\">Cuentas anuales 2013<\/a><div class=\"newdivider align-center\" style=\"border-bottom-style: transparent; border-bottom-color: transparent; margin-top: 10px; margin-bottom: 10px; width: 100%; \"><\/div><div class=\"clear\"><\/div><a href=\"\/es\/cuentas-anuales\/cuentas-2012\/\" target=\"_blank\" class=\"button color-2 medium \" style=\"border-radius: 2px;\">Cuentas anuales 2012<\/a><div class=\"newdivider align-center\" style=\"border-bottom-style: transparent; border-bottom-color: transparent; margin-top: 10px; margin-bottom: 10px; width: 100%; \"><\/div><div class=\"clear\"><\/div><a href=\"\/es\/cuentas-anuales\/cuentas-2011\/\" target=\"_blank\" class=\"button color-2 medium \" style=\"border-radius: 2px;\">Cuentas anuales 2011<\/a>[\/vc_column][\/vc_row][vc_row top_padding=\u00bb40&#8243; bottom_padding=\u00bb40&#8243;][vc_column width=\u00bb1\/1&#8243;]<div class=\"minti_carousel  grab-false dots\" data-columns=\"2\" data-tabletcolumns=\"2\" data-nav=\"true\" data-pagination=\"true\" data-autoplay=\"false\" data-animationtime=\"4000\"><div class=\"single_image wpb_content_element align-left    \" data-animation=\"none\" data-delay=\"0\"><a href=\"https:\/\/www.foment.com\/wp-content\/uploads\/2016\/10\/Foment-comptes-auditats-perdues-guanys-2014.png\" class=\"prettyPhoto\" rel=\"prettyPhoto[image]\"><img width=\"936\" height=\"702\" src=\"https:\/\/www.foment.com\/wp-content\/uploads\/2016\/10\/Foment-comptes-auditats-perdues-guanys-2014.png\" class=\"attachment-full\" alt=\"\" loading=\"lazy\" title=\"foment-comptes-auditats-perdues-guanys-2014\" srcset=\"https:\/\/www.foment.com\/wp-content\/uploads\/2016\/10\/Foment-comptes-auditats-perdues-guanys-2014.png 936w, https:\/\/www.foment.com\/wp-content\/uploads\/2016\/10\/Foment-comptes-auditats-perdues-guanys-2014-300x225.png 300w, https:\/\/www.foment.com\/wp-content\/uploads\/2016\/10\/Foment-comptes-auditats-perdues-guanys-2014-768x576.png 768w\" sizes=\"(max-width: 936px) 100vw, 936px\" \/><\/a><\/div><div class=\"single_image wpb_content_element align-left    \" data-animation=\"none\" data-delay=\"0\"><a href=\"https:\/\/www.foment.com\/wp-content\/uploads\/2016\/10\/Foment-comptes-auditats-patrimoni-net-passiu-2014.png\" class=\"prettyPhoto\" rel=\"prettyPhoto[image]\"><img width=\"936\" height=\"576\" src=\"https:\/\/www.foment.com\/wp-content\/uploads\/2016\/10\/Foment-comptes-auditats-patrimoni-net-passiu-2014.png\" class=\"attachment-full\" alt=\"\" loading=\"lazy\" title=\"foment-comptes-auditats-patrimoni-net-passiu-2014\" srcset=\"https:\/\/www.foment.com\/wp-content\/uploads\/2016\/10\/Foment-comptes-auditats-patrimoni-net-passiu-2014.png 936w, https:\/\/www.foment.com\/wp-content\/uploads\/2016\/10\/Foment-comptes-auditats-patrimoni-net-passiu-2014-300x185.png 300w, https:\/\/www.foment.com\/wp-content\/uploads\/2016\/10\/Foment-comptes-auditats-patrimoni-net-passiu-2014-768x473.png 768w\" sizes=\"(max-width: 936px) 100vw, 936px\" \/><\/a><\/div><div class=\"single_image wpb_content_element align-left    \" data-animation=\"none\" data-delay=\"0\"><a href=\"https:\/\/www.foment.com\/wp-content\/uploads\/2016\/10\/Foment-comptes-auditats-actiu-2014.png\" class=\"prettyPhoto\" rel=\"prettyPhoto[image]\"><img width=\"946\" height=\"527\" src=\"https:\/\/www.foment.com\/wp-content\/uploads\/2016\/10\/Foment-comptes-auditats-actiu-2014.png\" class=\"attachment-full\" alt=\"\" loading=\"lazy\" title=\"foment-comptes-auditats-actiu-2014\" srcset=\"https:\/\/www.foment.com\/wp-content\/uploads\/2016\/10\/Foment-comptes-auditats-actiu-2014.png 946w, https:\/\/www.foment.com\/wp-content\/uploads\/2016\/10\/Foment-comptes-auditats-actiu-2014-300x167.png 300w, https:\/\/www.foment.com\/wp-content\/uploads\/2016\/10\/Foment-comptes-auditats-actiu-2014-768x428.png 768w\" sizes=\"(max-width: 946px) 100vw, 946px\" \/><\/a><\/div><\/div>[\/vc_column][\/vc_row]<\/p>\n<\/section>","protected":false},"excerpt":{"rendered":"<p>[vc_row bottom_padding=\u00bb40&#8243;][vc_column width=\u00bb2\/3&#8243;][vc_column_text] Foment del Treball consolida su buena situaci\u00f3n financiera al cerrar el 2014 con un resultado positivo Las cuentas anuales de Foment del Treball del ejercicio 2014 dan un resultado positivo de 413.080 euros, lo que consolida su buena situaci\u00f3n financiera a pesar de la ca\u00edda de ingresos que ha caracterizado el \u00faltimo cuatrienio. La instituci\u00f3n ha mantenido su pol\u00edtica de racionalizaci\u00f3n y ajuste del gasto, lo que le ha permitido mantenerse en positivo a pesar de la ca\u00edda de m\u00e1s de un 60% de las aportaciones p\u00fablicas para programas formativos y t\u00e9cnicos y participaci\u00f3n de profesionales de Foment en \u00f3rganos consultivos y asesores de las Administraciones. Asimismo, Foment no s\u00f3lo ha mantenido sino que ha aumentado los ingresos por cuotas de asociados y por alquiler de los espacios de que dispone en su sede: por cuotas de socios y gesti\u00f3n del edificio, Foment del Treball ha ingresado durante el 2014 2.515.184 de euros. Los ingresos por alquiler de espacios de la sede han aumentado un + 28,84% durante el periodo 2011-2014 y un + 19,90% respecto del 2013. Durante el a\u00f1o 2014, ha continuado la tendencia en la reducci\u00f3n de aportaci\u00f3n de las Administraciones P\u00fablicas, ya sea [&hellip;]<\/p>\n","protected":false},"author":1,"featured_media":0,"parent":23048,"menu_order":0,"comment_status":"closed","ping_status":"closed","template":"","meta":{"_links_to":"","_links_to_target":""},"acf":[],"wps_subtitle":"","_links":{"self":[{"href":"https:\/\/www.foment.com\/es\/wp-json\/wp\/v2\/pages\/23072"}],"collection":[{"href":"https:\/\/www.foment.com\/es\/wp-json\/wp\/v2\/pages"}],"about":[{"href":"https:\/\/www.foment.com\/es\/wp-json\/wp\/v2\/types\/page"}],"author":[{"embeddable":true,"href":"https:\/\/www.foment.com\/es\/wp-json\/wp\/v2\/users\/1"}],"replies":[{"embeddable":true,"href":"https:\/\/www.foment.com\/es\/wp-json\/wp\/v2\/comments?post=23072"}],"version-history":[{"count":0,"href":"https:\/\/www.foment.com\/es\/wp-json\/wp\/v2\/pages\/23072\/revisions"}],"up":[{"embeddable":true,"href":"https:\/\/www.foment.com\/es\/wp-json\/wp\/v2\/pages\/23048"}],"wp:attachment":[{"href":"https:\/\/www.foment.com\/es\/wp-json\/wp\/v2\/media?parent=23072"}],"curies":[{"name":"wp","href":"https:\/\/api.w.org\/{rel}","templated":true}]}}

<section class="wpb-content-wrapper"><p>[vc_row bottom_padding=»40&#8243;][vc_column width=»2/3&#8243;][vc_column_text]</p>
<h3 class="blue">Foment del Treball consolida su buena situación financiera al cerrar el 2014 con un resultado positivo</h3>
<p style="text-align: justify;">Las cuentas anuales de Foment del Treball del ejercicio 2014 dan un resultado positivo de 413.080 euros, lo que consolida su buena situación financiera a pesar de la caída de ingresos que ha caracterizado el último cuatrienio. La institución ha mantenido su política de racionalización y ajuste del gasto, lo que le ha permitido mantenerse en positivo a pesar de la caída de más de un 60% de las aportaciones públicas para programas formativos y técnicos y participación de profesionales de Foment en órganos consultivos y asesores de las Administraciones.</p>
<p style="text-align: justify;">Asimismo, Foment no sólo ha mantenido sino que ha aumentado los ingresos por cuotas de asociados y por alquiler de los espacios de que dispone en su sede: por cuotas de socios y gestión del edificio, Foment del Treball ha ingresado durante el 2014 2.515.184 de euros. Los ingresos por alquiler de espacios de la sede han aumentado un + 28,84% durante el periodo 2011-2014 y un + 19,90% respecto del 2013.</p>
<p style="text-align: justify;">Durante el año 2014, ha continuado la tendencia en la reducción de aportación de las Administraciones Públicas, ya sea para programas de formación o técnicos, bien sea por la participación de técnicos de Fomeno en órganos consultivos o asesores de las Administraciones. En este sentido, durante el cuatrienio 2011-2014, la reducción ha sido de un -60,16%: &#8211; 67,10% en formación; &#8211; 16,64% en programas técnicos; &#8211; 25,91% en la participación institucional.</p>
<p style="text-align: justify;">Ante ello, Foment ha sostenido e incrementado su política de racionalización y ajuste del gasto, con reducciones significativas en las principales partidas de la cuenta de resultados en el periodo 2011-2014: -20,97% en suministros; -6,89% En personal; -20,60% En las principales partidas de servicios exteriores.</p>
<p>[/vc_column_text][/vc_column][vc_column text_align=»center» width=»1/3&#8243;]<h1 class="headline font-inherit fontsize-l fontweight-inherit lh-inherit align-center transform-inherit " style="margin: 0 0 20px 0;">Consulta aquí</h1><a href="/es/cuentas-anuales/cuentas-2013/" target="_blank" class="button color-2 medium " style="border-radius: 2px;">Cuentas anuales 2013</a><div class="newdivider align-center" style="border-bottom-style: transparent; border-bottom-color: transparent; margin-top: 10px; margin-bottom: 10px; width: 100%; "></div><div class="clear"></div><a href="/es/cuentas-anuales/cuentas-2012/" target="_blank" class="button color-2 medium " style="border-radius: 2px;">Cuentas anuales 2012</a><div class="newdivider align-center" style="border-bottom-style: transparent; border-bottom-color: transparent; margin-top: 10px; margin-bottom: 10px; width: 100%; "></div><div class="clear"></div><a href="/es/cuentas-anuales/cuentas-2011/" target="_blank" class="button color-2 medium " style="border-radius: 2px;">Cuentas anuales 2011</a>[/vc_column][/vc_row][vc_row top_padding=»40&#8243; bottom_padding=»40&#8243;][vc_column width=»1/1&#8243;]<div class="minti_carousel  grab-false dots" data-columns="2" data-tabletcolumns="2" data-nav="true" data-pagination="true" data-autoplay="false" data-animationtime="4000"><div class="single_image wpb_content_element align-left    " data-animation="none" data-delay="0"><a href="https://www.foment.com/wp-content/uploads/2016/10/Foment-comptes-auditats-perdues-guanys-2014.png" class="prettyPhoto" rel="prettyPhoto[image]"><img width="936" height="702" src="https://www.foment.com/wp-content/uploads/2016/10/Foment-comptes-auditats-perdues-guanys-2014.png" class="attachment-full" alt="" loading="lazy" title="foment-comptes-auditats-perdues-guanys-2014" srcset="https://www.foment.com/wp-content/uploads/2016/10/Foment-comptes-auditats-perdues-guanys-2014.png 936w, https://www.foment.com/wp-content/uploads/2016/10/Foment-comptes-auditats-perdues-guanys-2014-300x225.png 300w, https://www.foment.com/wp-content/uploads/2016/10/Foment-comptes-auditats-perdues-guanys-2014-768x576.png 768w" sizes="(max-width: 936px) 100vw, 936px" /></a></div><div class="single_image wpb_content_element align-left    " data-animation="none" data-delay="0"><a href="https://www.foment.com/wp-content/uploads/2016/10/Foment-comptes-auditats-patrimoni-net-passiu-2014.png" class="prettyPhoto" rel="prettyPhoto[image]"><img width="936" height="576" src="https://www.foment.com/wp-content/uploads/2016/10/Foment-comptes-auditats-patrimoni-net-passiu-2014.png" class="attachment-full" alt="" loading="lazy" title="foment-comptes-auditats-patrimoni-net-passiu-2014" srcset="https://www.foment.com/wp-content/uploads/2016/10/Foment-comptes-auditats-patrimoni-net-passiu-2014.png 936w, https://www.foment.com/wp-content/uploads/2016/10/Foment-comptes-auditats-patrimoni-net-passiu-2014-300x185.png 300w, https://www.foment.com/wp-content/uploads/2016/10/Foment-comptes-auditats-patrimoni-net-passiu-2014-768x473.png 768w" sizes="(max-width: 936px) 100vw, 936px" /></a></div><div class="single_image wpb_content_element align-left    " data-animation="none" data-delay="0"><a href="https://www.foment.com/wp-content/uploads/2016/10/Foment-comptes-auditats-actiu-2014.png" class="prettyPhoto" rel="prettyPhoto[image]"><img width="946" height="527" src="https://www.foment.com/wp-content/uploads/2016/10/Foment-comptes-auditats-actiu-2014.png" class="attachment-full" alt="" loading="lazy" title="foment-comptes-auditats-actiu-2014" srcset="https://www.foment.com/wp-content/uploads/2016/10/Foment-comptes-auditats-actiu-2014.png 946w, https://www.foment.com/wp-content/uploads/2016/10/Foment-comptes-auditats-actiu-2014-300x167.png 300w, https://www.foment.com/wp-content/uploads/2016/10/Foment-comptes-auditats-actiu-2014-768x428.png 768w" sizes="(max-width: 946px) 100vw, 946px" /></a></div></div>[/vc_column][/vc_row]</p>
</section>

<p>[vc_row bottom_padding=»40&#8243;][vc_column width=»2/3&#8243;][vc_column_text] Foment del Treball consolida su buena situación financiera al cerrar el 2014 con un resultado positivo Las cuentas anuales de Foment del Treball del ejercicio 2014 dan un resultado positivo de 413.080 euros, lo que consolida su buena situación financiera a pesar de la caída de ingresos que ha caracterizado el último cuatrienio. La institución ha mantenido su política de racionalización y ajuste del gasto, lo que le ha permitido mantenerse en positivo a pesar de la caída de más de un 60% de las aportaciones públicas para programas formativos y técnicos y participación de profesionales de Foment en órganos consultivos y asesores de las Administraciones. Asimismo, Foment no sólo ha mantenido sino que ha aumentado los ingresos por cuotas de asociados y por alquiler de los espacios de que dispone en su sede: por cuotas de socios y gestión del edificio, Foment del Treball ha ingresado durante el 2014 2.515.184 de euros. Los ingresos por alquiler de espacios de la sede han aumentado un + 28,84% durante el periodo 2011-2014 y un + 19,90% respecto del 2013. Durante el año 2014, ha continuado la tendencia en la reducción de aportación de las Administraciones Públicas, ya sea [&hellip;]</p>
