{"id":23084,"date":"2016-11-05T10:56:11","date_gmt":"2016-11-05T09:56:11","guid":{"rendered":"http:\/\/foment.itartech.com\/?page_id=23084"},"modified":"2016-11-20T17:45:06","modified_gmt":"2016-11-20T16:45:06","slug":"cuentas-2013","status":"publish","type":"page","link":"https:\/\/www.foment.com\/es\/sobre-nosotros\/cuentas-anuales\/cuentas-2013\/","title":{"rendered":"Cuentas Anuales 2013"},"content":{"rendered":"<section class=\"wpb-content-wrapper\"><p>[vc_row bottom_padding=\u00bb40&#8243;][vc_column width=\u00bb2\/3&#8243;][vc_column_text]<\/p>\n<h3 class=\"blue\">Foment del Treball presenta un resultado equilibrado<\/h3>\n<p class=\"ms-rteElement-P\">Las cuentas anuales de Foment del Treball del ejercicio 2013 arrojan un resultado positivo de 80.500 euros, lo que representa una reducci\u00f3n respecto al a\u00f1o anterior del 56,5%. La diferencia en los ingresos corresponde a la disminuci\u00f3n en un 47,5% en los convenios otorgados para la ejecuci\u00f3n de planes formativos bianuales y para los programas t\u00e9cnicos.<\/p>\n<p class=\"ms-rteElement-P\">No obstante, la contenci\u00f3n de gastos en servicios externos y suministros, y la gesti\u00f3n para rentabilizar la inversi\u00f3n en el patrimonio inmobiliario \u2013el alquiler de oficinas en su emblem\u00e1tica sede social en el centro de la ciudad- representa un ahorro del 7,5%, que equilibra los resultados y aportan estabilidad presupuestaria a la instituci\u00f3n.<\/p>\n<p class=\"ms-rteElement-P\">Foment del Treball ha mantenido los ingresos correspondientes a cuotas percibidas de sus asociados, si bien la exenci\u00f3n en el Impuesto sobre el Valor A\u00f1adido (IVA) de aplicaci\u00f3n a partir del a\u00f1o 2013 ha tenido un ajuste negativo del IVA de 135.400 euros.<\/p>\n<p class=\"ms-rteElement-P\">Los ingresos por cuotas de socios y gesti\u00f3n del edificio alcanzan los 2.450.000 euros.<\/p>\n<p style=\"text-align: justify;\"><a href=\"\/wp-content\/uploads\/2016\/10\/foment_del_treball_auditoria_comptes_2013.png\">Informe del Auditor (KPMG)<\/a><\/p>\n<p>[\/vc_column_text][\/vc_column][vc_column text_align=\u00bbcenter\u00bb width=\u00bb1\/3&#8243;]<h1 class=\"headline font-inherit fontsize-l fontweight-inherit lh-inherit align-center transform-inherit \" style=\"margin: 0 0 20px 0;\">Consulta aqu\u00ed<\/h1><a href=\"\/es\/cuentas-anuales\/cuentas-2012\/\" target=\"_blank\" class=\"button color-2 medium \" style=\"border-radius: 2px;\">Cuentas anuales 2012<\/a><div class=\"newdivider align-center\" style=\"border-bottom-style: transparent; border-bottom-color: transparent; margin-top: 10px; margin-bottom: 10px; width: 100%; \"><\/div><div class=\"clear\"><\/div><a href=\"\/es\/cuentas-anuales\/cuentas-2011\/\" target=\"_blank\" class=\"button color-2 medium \" style=\"border-radius: 2px;\">Cuentas anuales 2011<\/a>[\/vc_column][\/vc_row][vc_row top_padding=\u00bb40&#8243; bottom_padding=\u00bb40&#8243;][vc_column width=\u00bb1\/1&#8243;]<div class=\"minti_carousel  grab-false dots\" data-columns=\"2\" data-tabletcolumns=\"2\" data-nav=\"true\" data-pagination=\"true\" data-autoplay=\"false\" data-animationtime=\"4000\"><div class=\"single_image wpb_content_element align-left    \" data-animation=\"none\" data-delay=\"0\"><a href=\"https:\/\/www.foment.com\/wp-content\/uploads\/2016\/10\/Foment_del_Treball_Actiu_2013.png\" class=\"prettyPhoto\" rel=\"prettyPhoto[image]\"><img width=\"930\" height=\"633\" src=\"https:\/\/www.foment.com\/wp-content\/uploads\/2016\/10\/Foment_del_Treball_Actiu_2013.png\" class=\"attachment-full\" alt=\"\" loading=\"lazy\" title=\"foment_del_treball_actiu_2013\" srcset=\"https:\/\/www.foment.com\/wp-content\/uploads\/2016\/10\/Foment_del_Treball_Actiu_2013.png 930w, https:\/\/www.foment.com\/wp-content\/uploads\/2016\/10\/Foment_del_Treball_Actiu_2013-300x204.png 300w, https:\/\/www.foment.com\/wp-content\/uploads\/2016\/10\/Foment_del_Treball_Actiu_2013-768x523.png 768w\" sizes=\"(max-width: 930px) 100vw, 930px\" \/><\/a><\/div><div class=\"single_image wpb_content_element align-left    \" data-animation=\"none\" data-delay=\"0\"><a href=\"https:\/\/www.foment.com\/wp-content\/uploads\/2016\/10\/Foment_del_Treball_Passiu_2013.png\" class=\"prettyPhoto\" rel=\"prettyPhoto[image]\"><img width=\"911\" height=\"600\" src=\"https:\/\/www.foment.com\/wp-content\/uploads\/2016\/10\/Foment_del_Treball_Passiu_2013.png\" class=\"attachment-full\" alt=\"\" loading=\"lazy\" title=\"foment_del_treball_passiu_2013\" srcset=\"https:\/\/www.foment.com\/wp-content\/uploads\/2016\/10\/Foment_del_Treball_Passiu_2013.png 911w, https:\/\/www.foment.com\/wp-content\/uploads\/2016\/10\/Foment_del_Treball_Passiu_2013-300x198.png 300w, https:\/\/www.foment.com\/wp-content\/uploads\/2016\/10\/Foment_del_Treball_Passiu_2013-768x506.png 768w\" sizes=\"(max-width: 911px) 100vw, 911px\" \/><\/a><\/div><div class=\"single_image wpb_content_element align-left    \" data-animation=\"none\" data-delay=\"0\"><a href=\"https:\/\/www.foment.com\/wp-content\/uploads\/2016\/10\/Foment_del_Treball_perdues-i-guanys_2013.png\" class=\"prettyPhoto\" rel=\"prettyPhoto[image]\"><img width=\"882\" height=\"763\" src=\"https:\/\/www.foment.com\/wp-content\/uploads\/2016\/10\/Foment_del_Treball_perdues-i-guanys_2013.png\" class=\"attachment-full\" alt=\"\" loading=\"lazy\" title=\"foment_del_treball_perdues-i-guanys_2013\" srcset=\"https:\/\/www.foment.com\/wp-content\/uploads\/2016\/10\/Foment_del_Treball_perdues-i-guanys_2013.png 882w, https:\/\/www.foment.com\/wp-content\/uploads\/2016\/10\/Foment_del_Treball_perdues-i-guanys_2013-300x260.png 300w, https:\/\/www.foment.com\/wp-content\/uploads\/2016\/10\/Foment_del_Treball_perdues-i-guanys_2013-768x664.png 768w\" sizes=\"(max-width: 882px) 100vw, 882px\" \/><\/a><\/div><\/div>[\/vc_column][\/vc_row]<\/p>\n<\/section>","protected":false},"excerpt":{"rendered":"<p>[vc_row bottom_padding=\u00bb40&#8243;][vc_column width=\u00bb2\/3&#8243;][vc_column_text] Foment del Treball presenta un resultado equilibrado Las cuentas anuales de Foment del Treball del ejercicio 2013 arrojan un resultado positivo de 80.500 euros, lo que representa una reducci\u00f3n respecto al a\u00f1o anterior del 56,5%. La diferencia en los ingresos corresponde a la disminuci\u00f3n en un 47,5% en los convenios otorgados para la ejecuci\u00f3n de planes formativos bianuales y para los programas t\u00e9cnicos. No obstante, la contenci\u00f3n de gastos en servicios externos y suministros, y la gesti\u00f3n para rentabilizar la inversi\u00f3n en el patrimonio inmobiliario \u2013el alquiler de oficinas en su emblem\u00e1tica sede social en el centro de la ciudad- representa un ahorro del 7,5%, que equilibra los resultados y aportan estabilidad presupuestaria a la instituci\u00f3n. Foment del Treball ha mantenido los ingresos correspondientes a cuotas percibidas de sus asociados, si bien la exenci\u00f3n en el Impuesto sobre el Valor A\u00f1adido (IVA) de aplicaci\u00f3n a partir del a\u00f1o 2013 ha tenido un ajuste negativo del IVA de 135.400 euros. Los ingresos por cuotas de socios y gesti\u00f3n del edificio alcanzan los 2.450.000 euros. Informe del Auditor (KPMG) [\/vc_column_text][\/vc_column][vc_column text_align=\u00bbcenter\u00bb width=\u00bb1\/3&#8243;][\/vc_column][\/vc_row][vc_row top_padding=\u00bb40&#8243; bottom_padding=\u00bb40&#8243;][vc_column width=\u00bb1\/1&#8243;][\/vc_column][\/vc_row]<\/p>\n","protected":false},"author":1,"featured_media":0,"parent":23048,"menu_order":0,"comment_status":"closed","ping_status":"closed","template":"","meta":{"_links_to":"","_links_to_target":""},"acf":[],"wps_subtitle":"","_links":{"self":[{"href":"https:\/\/www.foment.com\/es\/wp-json\/wp\/v2\/pages\/23084"}],"collection":[{"href":"https:\/\/www.foment.com\/es\/wp-json\/wp\/v2\/pages"}],"about":[{"href":"https:\/\/www.foment.com\/es\/wp-json\/wp\/v2\/types\/page"}],"author":[{"embeddable":true,"href":"https:\/\/www.foment.com\/es\/wp-json\/wp\/v2\/users\/1"}],"replies":[{"embeddable":true,"href":"https:\/\/www.foment.com\/es\/wp-json\/wp\/v2\/comments?post=23084"}],"version-history":[{"count":0,"href":"https:\/\/www.foment.com\/es\/wp-json\/wp\/v2\/pages\/23084\/revisions"}],"up":[{"embeddable":true,"href":"https:\/\/www.foment.com\/es\/wp-json\/wp\/v2\/pages\/23048"}],"wp:attachment":[{"href":"https:\/\/www.foment.com\/es\/wp-json\/wp\/v2\/media?parent=23084"}],"curies":[{"name":"wp","href":"https:\/\/api.w.org\/{rel}","templated":true}]}}

<section class="wpb-content-wrapper"><p>[vc_row bottom_padding=»40&#8243;][vc_column width=»2/3&#8243;][vc_column_text]</p>
<h3 class="blue">Foment del Treball presenta un resultado equilibrado</h3>
<p class="ms-rteElement-P">Las cuentas anuales de Foment del Treball del ejercicio 2013 arrojan un resultado positivo de 80.500 euros, lo que representa una reducción respecto al año anterior del 56,5%. La diferencia en los ingresos corresponde a la disminución en un 47,5% en los convenios otorgados para la ejecución de planes formativos bianuales y para los programas técnicos.</p>
<p class="ms-rteElement-P">No obstante, la contención de gastos en servicios externos y suministros, y la gestión para rentabilizar la inversión en el patrimonio inmobiliario –el alquiler de oficinas en su emblemática sede social en el centro de la ciudad- representa un ahorro del 7,5%, que equilibra los resultados y aportan estabilidad presupuestaria a la institución.</p>
<p class="ms-rteElement-P">Foment del Treball ha mantenido los ingresos correspondientes a cuotas percibidas de sus asociados, si bien la exención en el Impuesto sobre el Valor Añadido (IVA) de aplicación a partir del año 2013 ha tenido un ajuste negativo del IVA de 135.400 euros.</p>
<p class="ms-rteElement-P">Los ingresos por cuotas de socios y gestión del edificio alcanzan los 2.450.000 euros.</p>
<p style="text-align: justify;"><a href="/wp-content/uploads/2016/10/foment_del_treball_auditoria_comptes_2013.png">Informe del Auditor (KPMG)</a></p>
<p>[/vc_column_text][/vc_column][vc_column text_align=»center» width=»1/3&#8243;]<h1 class="headline font-inherit fontsize-l fontweight-inherit lh-inherit align-center transform-inherit " style="margin: 0 0 20px 0;">Consulta aquí</h1><a href="/es/cuentas-anuales/cuentas-2012/" target="_blank" class="button color-2 medium " style="border-radius: 2px;">Cuentas anuales 2012</a><div class="newdivider align-center" style="border-bottom-style: transparent; border-bottom-color: transparent; margin-top: 10px; margin-bottom: 10px; width: 100%; "></div><div class="clear"></div><a href="/es/cuentas-anuales/cuentas-2011/" target="_blank" class="button color-2 medium " style="border-radius: 2px;">Cuentas anuales 2011</a>[/vc_column][/vc_row][vc_row top_padding=»40&#8243; bottom_padding=»40&#8243;][vc_column width=»1/1&#8243;]<div class="minti_carousel  grab-false dots" data-columns="2" data-tabletcolumns="2" data-nav="true" data-pagination="true" data-autoplay="false" data-animationtime="4000"><div class="single_image wpb_content_element align-left    " data-animation="none" data-delay="0"><a href="https://www.foment.com/wp-content/uploads/2016/10/Foment_del_Treball_Actiu_2013.png" class="prettyPhoto" rel="prettyPhoto[image]"><img width="930" height="633" src="https://www.foment.com/wp-content/uploads/2016/10/Foment_del_Treball_Actiu_2013.png" class="attachment-full" alt="" loading="lazy" title="foment_del_treball_actiu_2013" srcset="https://www.foment.com/wp-content/uploads/2016/10/Foment_del_Treball_Actiu_2013.png 930w, https://www.foment.com/wp-content/uploads/2016/10/Foment_del_Treball_Actiu_2013-300x204.png 300w, https://www.foment.com/wp-content/uploads/2016/10/Foment_del_Treball_Actiu_2013-768x523.png 768w" sizes="(max-width: 930px) 100vw, 930px" /></a></div><div class="single_image wpb_content_element align-left    " data-animation="none" data-delay="0"><a href="https://www.foment.com/wp-content/uploads/2016/10/Foment_del_Treball_Passiu_2013.png" class="prettyPhoto" rel="prettyPhoto[image]"><img width="911" height="600" src="https://www.foment.com/wp-content/uploads/2016/10/Foment_del_Treball_Passiu_2013.png" class="attachment-full" alt="" loading="lazy" title="foment_del_treball_passiu_2013" srcset="https://www.foment.com/wp-content/uploads/2016/10/Foment_del_Treball_Passiu_2013.png 911w, https://www.foment.com/wp-content/uploads/2016/10/Foment_del_Treball_Passiu_2013-300x198.png 300w, https://www.foment.com/wp-content/uploads/2016/10/Foment_del_Treball_Passiu_2013-768x506.png 768w" sizes="(max-width: 911px) 100vw, 911px" /></a></div><div class="single_image wpb_content_element align-left    " data-animation="none" data-delay="0"><a href="https://www.foment.com/wp-content/uploads/2016/10/Foment_del_Treball_perdues-i-guanys_2013.png" class="prettyPhoto" rel="prettyPhoto[image]"><img width="882" height="763" src="https://www.foment.com/wp-content/uploads/2016/10/Foment_del_Treball_perdues-i-guanys_2013.png" class="attachment-full" alt="" loading="lazy" title="foment_del_treball_perdues-i-guanys_2013" srcset="https://www.foment.com/wp-content/uploads/2016/10/Foment_del_Treball_perdues-i-guanys_2013.png 882w, https://www.foment.com/wp-content/uploads/2016/10/Foment_del_Treball_perdues-i-guanys_2013-300x260.png 300w, https://www.foment.com/wp-content/uploads/2016/10/Foment_del_Treball_perdues-i-guanys_2013-768x664.png 768w" sizes="(max-width: 882px) 100vw, 882px" /></a></div></div>[/vc_column][/vc_row]</p>
</section>

<p>[vc_row bottom_padding=»40&#8243;][vc_column width=»2/3&#8243;][vc_column_text] Foment del Treball presenta un resultado equilibrado Las cuentas anuales de Foment del Treball del ejercicio 2013 arrojan un resultado positivo de 80.500 euros, lo que representa una reducción respecto al año anterior del 56,5%. La diferencia en los ingresos corresponde a la disminución en un 47,5% en los convenios otorgados para la ejecución de planes formativos bianuales y para los programas técnicos. No obstante, la contención de gastos en servicios externos y suministros, y la gestión para rentabilizar la inversión en el patrimonio inmobiliario –el alquiler de oficinas en su emblemática sede social en el centro de la ciudad- representa un ahorro del 7,5%, que equilibra los resultados y aportan estabilidad presupuestaria a la institución. Foment del Treball ha mantenido los ingresos correspondientes a cuotas percibidas de sus asociados, si bien la exención en el Impuesto sobre el Valor Añadido (IVA) de aplicación a partir del año 2013 ha tenido un ajuste negativo del IVA de 135.400 euros. Los ingresos por cuotas de socios y gestión del edificio alcanzan los 2.450.000 euros. Informe del Auditor (KPMG) [/vc_column_text][/vc_column][vc_column text_align=»center» width=»1/3&#8243;][/vc_column][/vc_row][vc_row top_padding=»40&#8243; bottom_padding=»40&#8243;][vc_column width=»1/1&#8243;][/vc_column][/vc_row]</p>
