{"id":74583,"date":"2019-10-22T09:34:21","date_gmt":"2019-10-22T07:34:21","guid":{"rendered":"https:\/\/www.foment.com\/actividades\/foro-recursos-humanos\/antonia-cerrudo\/"},"modified":"2026-03-24T14:17:11","modified_gmt":"2026-03-24T13:17:11","slug":"belen-badia","status":"publish","type":"page","link":"https:\/\/www.foment.com\/es\/actividades\/foro-recursos-humanos\/belen-badia\/","title":{"rendered":"Bel\u00e9n Badia"},"content":{"rendered":"<section class=\"wpb-content-wrapper\"><p>[vc_row top_padding=\u00bb60&#8243; bottom_padding=\u00bb60&#8243;][vc_column width=\u00bb1\/1&#8243;][vc_row_inner][vc_column_inner width=\u00bb1\/3&#8243;]<div class=\"imagebox wpb_content_element style-1\"><div class=\"imagebox-img\"><img src=\"https:\/\/www.foment.com\/wp-content\/uploads\/2026\/03\/Belen-Badia-nueva.jpg\" alt=\"\" \/><\/div><\/div>[vc_column_text]<div class=\"social-icon social-big\"><a href=\"#\" target=\"_blank\" title=\"\"><i class=\"fa fa-linkedin\"><\/i><\/a><\/div>[\/vc_column_text][\/vc_column_inner][vc_column_inner width=\u00bb2\/3&#8243;]<h3 class=\"headline font-special fontsize-m fontweight-inherit lh-inherit align-left transform-inherit \" style=\"margin: 0 0 20px 0; color: #000000;\">Chief People &amp; Culture Officer de PortAventura World<\/h3>[vc_column_text]<span style=\"color: #ab192d;\"><strong>BIOGRAF\u00cdA<\/strong><\/span><\/p>\n<p>Licenciada en Psicolog\u00eda por la Universidad de Barcelona, M\u00e1ster de Formaci\u00f3n Europeo de la Universidad Polit\u00e9cnica de Catalu\u00f1a, Executive en Direcci\u00f3n de Personas de ESADE, Programa Direcci\u00f3n General del IESE y<br \/>\nPromociona 9.1 de ESADE y CEOE. Coach co-activa del CTI.<\/p>\n<p>Larga trayectoria en la direcci\u00f3n y estrategia de Recursos Humanos, en \u00e1mbitos clave para las organizaciones como son las Personas, la Cultura, la Comunicaci\u00f3n interna, la Gesti\u00f3n del conocimiento, el Marketing, y la<br \/>\nInformaci\u00f3n Tecnol\u00f3gica. Experiencia en empresas como SEAT, Winterthur, Fira de Barcelona, Proinosa, Grupo Areas y Uriach (5 veces Top Employer), compaginando la trayectoria profesional con el campo de la docencia. Participa activamente<br \/>\nen procesos de formaci\u00f3n, mentoring y miembro del tribunal de los TFM en la Barcelona School of Management de la Universidad Pompeu Fabra y en la Universidad de Barcelona. y miembro del Patronato en la Fundaci\u00f3n<br \/>\nEscuelas Garb\u00ed Pere Verg\u00e9s. Consejera en ETNIA Barcelona.<\/p>\n<p>Creaci\u00f3n de una Escuela de inserci\u00f3n profesional para personas en riesgo de exclusi\u00f3n con la Fundaci\u00f3 Formaci\u00f3 i Treball.[\/vc_column_text][\/vc_column_inner][\/vc_row_inner][\/vc_column][\/vc_row][vc_row][vc_column width=\u00bb1\/1&#8243;][\/vc_column][\/vc_row]<\/p>\n<\/section>","protected":false},"excerpt":{"rendered":"<p>[vc_row top_padding=\u00bb60&#8243; bottom_padding=\u00bb60&#8243;][vc_column width=\u00bb1\/1&#8243;][vc_row_inner][vc_column_inner width=\u00bb1\/3&#8243;][vc_column_text][\/vc_column_text][\/vc_column_inner][vc_column_inner width=\u00bb2\/3&#8243;][vc_column_text]BIOGRAF\u00cdA Licenciada en Psicolog\u00eda por la Universidad de Barcelona, M\u00e1ster de Formaci\u00f3n Europeo de la Universidad Polit\u00e9cnica de Catalu\u00f1a, Executive en Direcci\u00f3n de Personas de ESADE, Programa Direcci\u00f3n General del IESE y Promociona 9.1 de ESADE y CEOE. Coach co-activa del CTI. Larga trayectoria en la direcci\u00f3n y estrategia de Recursos Humanos, en \u00e1mbitos clave para las organizaciones como son las Personas, la Cultura, la Comunicaci\u00f3n interna, la Gesti\u00f3n del conocimiento, el Marketing, y la Informaci\u00f3n Tecnol\u00f3gica. Experiencia en empresas como SEAT, Winterthur, Fira de Barcelona, Proinosa, Grupo Areas y Uriach (5 veces Top Employer), compaginando la trayectoria profesional con el campo de la docencia. Participa activamente en procesos de formaci\u00f3n, mentoring y miembro del tribunal de los TFM en la Barcelona School of Management de la Universidad Pompeu Fabra y en la Universidad de Barcelona. y miembro del Patronato en la Fundaci\u00f3n Escuelas Garb\u00ed Pere Verg\u00e9s. Consejera en ETNIA Barcelona. Creaci\u00f3n de una Escuela de inserci\u00f3n profesional para personas en riesgo de exclusi\u00f3n con la Fundaci\u00f3 Formaci\u00f3 i Treball.[\/vc_column_text][\/vc_column_inner][\/vc_row_inner][\/vc_column][\/vc_row][vc_row][vc_column width=\u00bb1\/1&#8243;][\/vc_column][\/vc_row]<\/p>\n","protected":false},"author":24,"featured_media":0,"parent":20441,"menu_order":0,"comment_status":"closed","ping_status":"closed","template":"","meta":{"_links_to":"","_links_to_target":""},"acf":[],"wps_subtitle":"","_links":{"self":[{"href":"https:\/\/www.foment.com\/es\/wp-json\/wp\/v2\/pages\/74583"}],"collection":[{"href":"https:\/\/www.foment.com\/es\/wp-json\/wp\/v2\/pages"}],"about":[{"href":"https:\/\/www.foment.com\/es\/wp-json\/wp\/v2\/types\/page"}],"author":[{"embeddable":true,"href":"https:\/\/www.foment.com\/es\/wp-json\/wp\/v2\/users\/24"}],"replies":[{"embeddable":true,"href":"https:\/\/www.foment.com\/es\/wp-json\/wp\/v2\/comments?post=74583"}],"version-history":[{"count":5,"href":"https:\/\/www.foment.com\/es\/wp-json\/wp\/v2\/pages\/74583\/revisions"}],"predecessor-version":[{"id":216948,"href":"https:\/\/www.foment.com\/es\/wp-json\/wp\/v2\/pages\/74583\/revisions\/216948"}],"up":[{"embeddable":true,"href":"https:\/\/www.foment.com\/es\/wp-json\/wp\/v2\/pages\/20441"}],"wp:attachment":[{"href":"https:\/\/www.foment.com\/es\/wp-json\/wp\/v2\/media?parent=74583"}],"curies":[{"name":"wp","href":"https:\/\/api.w.org\/{rel}","templated":true}]}}

Belén Badia

<section class="wpb-content-wrapper"><p>[vc_row top_padding=»60&#8243; bottom_padding=»60&#8243;][vc_column width=»1/1&#8243;][vc_row_inner][vc_column_inner width=»1/3&#8243;]<div class="imagebox wpb_content_element style-1"><div class="imagebox-img"><img src="https://www.foment.com/wp-content/uploads/2026/03/Belen-Badia-nueva.jpg" alt="" /></div></div>[vc_column_text]<div class="social-icon social-big"><a href="#" target="_blank" title=""><i class="fa fa-linkedin"></i></a></div>[/vc_column_text][/vc_column_inner][vc_column_inner width=»2/3&#8243;]<h3 class="headline font-special fontsize-m fontweight-inherit lh-inherit align-left transform-inherit " style="margin: 0 0 20px 0; color: #000000;">Chief People &amp; Culture Officer de PortAventura World</h3>[vc_column_text]<span style="color: #ab192d;"><strong>BIOGRAFÍA</strong></span></p>
<p>Licenciada en Psicología por la Universidad de Barcelona, Máster de Formación Europeo de la Universidad Politécnica de Cataluña, Executive en Dirección de Personas de ESADE, Programa Dirección General del IESE y<br />
Promociona 9.1 de ESADE y CEOE. Coach co-activa del CTI.</p>
<p>Larga trayectoria en la dirección y estrategia de Recursos Humanos, en ámbitos clave para las organizaciones como son las Personas, la Cultura, la Comunicación interna, la Gestión del conocimiento, el Marketing, y la<br />
Información Tecnológica. Experiencia en empresas como SEAT, Winterthur, Fira de Barcelona, Proinosa, Grupo Areas y Uriach (5 veces Top Employer), compaginando la trayectoria profesional con el campo de la docencia. Participa activamente<br />
en procesos de formación, mentoring y miembro del tribunal de los TFM en la Barcelona School of Management de la Universidad Pompeu Fabra y en la Universidad de Barcelona. y miembro del Patronato en la Fundación<br />
Escuelas Garbí Pere Vergés. Consejera en ETNIA Barcelona.</p>
<p>Creación de una Escuela de inserción profesional para personas en riesgo de exclusión con la Fundació Formació i Treball.[/vc_column_text][/vc_column_inner][/vc_row_inner][/vc_column][/vc_row][vc_row][vc_column width=»1/1&#8243;][/vc_column][/vc_row]</p>
</section>

<p>[vc_row top_padding=»60&#8243; bottom_padding=»60&#8243;][vc_column width=»1/1&#8243;][vc_row_inner][vc_column_inner width=»1/3&#8243;][vc_column_text][/vc_column_text][/vc_column_inner][vc_column_inner width=»2/3&#8243;][vc_column_text]BIOGRAFÍA Licenciada en Psicología por la Universidad de Barcelona, Máster de Formación Europeo de la Universidad Politécnica de Cataluña, Executive en Dirección de Personas de ESADE, Programa Dirección General del IESE y Promociona 9.1 de ESADE y CEOE. Coach co-activa del CTI. Larga trayectoria en la dirección y estrategia de Recursos Humanos, en ámbitos clave para las organizaciones como son las Personas, la Cultura, la Comunicación interna, la Gestión del conocimiento, el Marketing, y la Información Tecnológica. Experiencia en empresas como SEAT, Winterthur, Fira de Barcelona, Proinosa, Grupo Areas y Uriach (5 veces Top Employer), compaginando la trayectoria profesional con el campo de la docencia. Participa activamente en procesos de formación, mentoring y miembro del tribunal de los TFM en la Barcelona School of Management de la Universidad Pompeu Fabra y en la Universidad de Barcelona. y miembro del Patronato en la Fundación Escuelas Garbí Pere Vergés. Consejera en ETNIA Barcelona. Creación de una Escuela de inserción profesional para personas en riesgo de exclusión con la Fundació Formació i Treball.[/vc_column_text][/vc_column_inner][/vc_row_inner][/vc_column][/vc_row][vc_row][vc_column width=»1/1&#8243;][/vc_column][/vc_row]</p>
